-- Table structure for table `CCSAI`
--

CREATE TABLE `CCSAI` (
  `SAP_JAHR` decimal(22,0) DEFAULT NULL,
  `SAP_BESCH` text,
  `SAP_STUNDEN` varchar(128) DEFAULT NULL,
  `SAP_STUNDENSATZ` varchar(128) DEFAULT NULL,
  `SAP_KOSTEN` varchar(128) DEFAULT NULL,
  `JAHR` decimal(22,0) DEFAULT NULL,
  `MONAT` decimal(22,0) DEFAULT NULL,
  `RES` varchar(128) DEFAULT NULL,
  `CRED` text,
  `RECHNR` varchar(128) DEFAULT NULL,
  `BEM` text,
  `ZPVINV` varchar(128) DEFAULT NULL,
  `TAX` varchar(128) DEFAULT NULL,
  `ZPVLMON` text,
  `LMON1` varchar(128) DEFAULT NULL,
  `STD1` varchar(128) DEFAULT NULL,
  `LMON2` varchar(128) DEFAULT NULL,
  `STD2` varchar(128) DEFAULT NULL,
  `LMON3` varchar(128) DEFAULT NULL,
  `STD3` varchar(128) DEFAULT NULL,
  `LMON4` varchar(128) DEFAULT NULL,
  `STD4` varchar(128) DEFAULT NULL
) ENGINE=InnoDB DEFAULT CHARSET=utf8;

--
-- Dumping data for table `CCSAI`
--

INSERT INTO `CCSAI` VALUES (2014,'LEA 08/14,Waclavicek,Ebcont','186.504','79','14733.82',2014,8,'AWA','Ebcont','','','','1','','','','','','','','',''),(2014,'STP ZPV, 08/14, Cerny,Ebcont','165.904','79','13106.42',2014,8,'MCE','Ebcont','','','','1','','','','','','','','',''),(2014,'STP ZPV, 09/14, Cerny,Ebcont','127.200','79','10048.80',2014,9,'MCE','Ebcont','','','','1','','','','','','','','',''),(2014,'STP ZPV, 09/14,Mantsch,Ebcont','155.000','59','9145.00',2014,9,'TMA','Ebcont','','','','1','','','','','','','','',''),(2014,'STP ZPV,09/14 Hochwallner,Ebcont','127.170','59','7502.91',2014,9,'THC','Ebcont','','','','1','','','','','','','','',''),(2014,'STP ZPV,09/14 Heissenberger,Ebcont','108.820','59','6420.62',2014,9,'MHE','Ebcont','','','','1','','','','','','','','',''),(2014,'STP ZPV, 09/14,Cemper,Ebcont','118.530','59','6993.15',2014,9,'PCE','Ebcont','','','','1','','','','','','','','',''),(2014,'STP ZPV, 09/14, Hulin,Ebcont','105.830','59','6244.09',2014,9,'LHU','Ebcont','','','','1','','','','','','','','',''),(2014,'Proj.MDMA 09/14 Hloupy, S4S','53.500','110','5885.00',2014,9,'KHL','S4S','','','','1','','','','','','','','',''),(2014,'STP ZPV,09/14 Pompura,Ebcont','177.580','79','14029.14',2014,9,'MPO','Ebcont','','','','1','','','','','','','','',''),(2014,'LEA 09/14,Waclavicek,Ebcont','198.250','79','15661.59',2014,9,'AWA','Ebcont','','','','1','','','','','','','','',''),(2014,'Proj.MDMA 09/14 Hloupy, S4S','49.750','110','5472.50',2014,9,'KHL','S4S','','','','1','','','','','','','','',''),(2014,'STP ZPV,08/14 Hulin,Ebcont','148.030','59','8733.89',2014,8,'LHU','Ebcont','','','','1','','','','','','','','',''),(2014,'STP ZPV,08/14 Cemper,Ebcont','159.880','59','9432.92',2014,8,'PCE','Ebcont','','','','1','','','','','','','','',''),(2014,'STP ZPV,08/14 Mantsch,Ebcont','85.170','59','5024.91',2014,8,'TMA','Ebcont','','','','1','','','','','','','','',''),(2014,'STP ZPV,08/14 Hochwallner,Ebcont','116.950','59','6900.17',2014,8,'THC','Ebcont','','','','1','','','','','','','','',''),(2014,'STP ZPV,08/14 Pompura,Ebcont','126.000','79','9954.00',2014,8,'MPO','Ebcont','','','','1','','','','','','','','',''),(2014,'STP ZPV, 11/14, Cerny,Ebcont','151.120','79','11938.48',2014,11,'MCE','Ebcont','','','','1','','','','','','','','',''),(2014,'STP ZPV,11/14 Heissenberger,Ebcont','38.920','59','2296.28',2014,11,'MHE','Ebcont','','','','1','','','','','','','','',''),(2014,'LEA 10/14,Waclavicek,Ebcont','197.752','79','15622.41',2014,10,'AWA','Ebcont','','','','1','','','','','','','','',''),(2014,'STP ZPV,10/14 Heissenberger,Ebcont','114.168','59','6735.91',2014,10,'MHE','Ebcont','','','','1','','','','','','','','',''),(2014,'STP ZPV,10/14 Pompura,Ebcont','118.184','79','9336.54',2014,10,'MPO','Ebcont','EG-AR14-0644','OK','ZPVINV2014091','1','','','','','','','','',''),(2014,'STP ZPV, 10/14, Hulin,Ebcont','159.272','59','9397.05',2014,10,'LHU','Ebcont','','','','1','','','','','','','','',''),(2014,'STP ZPV, 10/14,Mantsch,Ebcont','168.504','59','9941.74',2014,10,'TMA','Ebcont','','','','1','','','','','','','','',''),(2014,'STP ZPV,10/14 Hochwallner,Ebcont','124.728','59','7358.95',2014,10,'THC','Ebcont','','','','1','','','','','','','','',''),(2014,'STP ZPV, 10/14, Cerny,Ebcont','169.120','79','13360.48',2014,10,'MCE','Ebcont','','','','1','','','','','','','','',''),(2014,'STP ZPV, 10/14,Cemper,Ebcont','125.520','59','7405.68',2014,10,'PCE','Ebcont','','','','1','','','','','','','','',''),(2014,'Proj.MDMA 12/14 Hloupy, S4S','115.500','110','12705.00',2014,12,'KHL','S4S','','','','1','','','','','','','','',''),(2014,'Proj.MDMA 11/14 Hloupy, S4S','152.250','110','16747.50',2014,11,'KHL','S4S','','','','1','','','','','','','','',''),(2014,'Proj.MDMA 10/14 Hloupy, S4S','94.250','110','10367.50',2014,10,'KHL','S4S','','','','1','','','','','','','','',''),(2014,'LEA 11/14,Waclavicek,Ebcont','172.000','79','13588.00',2014,11,'AWA','Ebcont','','','','1','','','','','','','','',''),(2014,'STP ZPV,11/14 Hochwallner,Ebcont','126.104','59','7440.14',2014,11,'THC','Ebcont','','','','1','','','','','','','','',''),(2014,'STP ZPV, 11/14,Mantsch,Ebcont','106.752','59','6298.37',2014,11,'TMA','Ebcont','','','','1','','','','','','','','',''),(2014,'STP ZPV, 11/14,Cemper,Ebcont','78.432','59','4627.49',2014,11,'PCE','Ebcont','','','','1','','','','','','','','',''),(2014,'STP ZPV, 11/14, Hulin,Ebcont','144.504','59','8525.74',2014,11,'LHU','Ebcont','','','','1','','','','','','','','',''),(2014,'STP ZPV,11/14 Pompura,Ebcont','157.272','79','12424.49',2014,11,'MPO','Ebcont','','8,992 Ph übernommen von WGA','','1','','','','','','','','',''),(2014,'STP ZPV, 12/14, Cerny,Ebcont','31.990','79','2527.68',2014,12,'MCE','Ebcont','EG-AR14-0787','OK','ZPVINV2014112','1','','','','','','','','',''),(2014,'STP ZPV, 12/14, Cerny,Ebcont','61.520','79','4861.03',2014,12,'MCE','Ebcont','EG-AR14-0787','OK','ZPVINV2014112','1','','','','','','','','',''),(2014,'Proj.ZPV4.0 Rogner 11/14,S4S','127.670','110','14043.70',2014,11,'WRO','S4S','','','','1','','','','','','','','',''),(2014,'STP ZPV,12/14 Pompura,Ebcont','112.730','79','8905.51',2014,12,'MPO','Ebcont','','','','1','','','','','','','','',''),(2014,'LEA 12/14,Waclavicek,Ebcont','135.250','79','10684.59',2014,12,'AWA','Ebcont','','','','1','','','','','','','','',''),(2014,'STP ZPV,10/14 Pompura,Ebcont','70.000','79','5530.00',2014,10,'MPO','Ebcont','EG-AR14-0757','OK','ZPVINV2014105','1','','','','','','','','',''),(2014,'STP ZPV,12/14 Hochwallner,Ebcont','126.370','59','7455.71',2014,12,'THC','Ebcont','','','','1','','','','','','','','',''),(2014,'Proj.ZPV4.0 Rogner 12/14,S4S','131.250','110','14437.50',2014,12,'WRO','S4S','','','','1','','','','','','','','',''),(2014,'Proj.ZPV4.0 Rogner 10/14,S4S','89.750','110','9872.50',2014,10,'WRO','S4S','','','','1','','','','','','','','',''),(2014,'STP ZPV, 12/14,Mantsch,Ebcont','94.300','59','5563.94',2014,12,'TMA','Ebcont','','','','1','','','','','','','','',''),(2014,'STP ZPV, 12/14, Hulin,Ebcont','135.100','59','7971.14',2014,12,'LHU','Ebcont','','','','1','','','','','','','','',''),(2014,'STP ZPV, 12/14,Cemper,Ebcont','138.080','59','8146.72',2014,12,'PCE','Ebcont','','','','1','','','','','','','','',''),(2013,'DWH Plattform Center Q2/13,OÖGKK','785.250','55.278','43407.03',2013,6,'dwhpers','OOEGKK','','Fremd','','','','','','','','','','',''),(2013,'DWH Plattform Center Q2/13,OÖGKK','113.750','90','10237.50',2013,6,'dwhpers','OOEGKK','','Fremd','','','','','','','','','','',''),(2013,'Dot RST OÖGKK ZPV DQS Kick off','0.000','','1620.00',2013,6,'dwhpers','OOEGKK','','Fremd','','','','','','','','','','',''),(2013,'Dot RST OÖGKK ZPV DQS Kick off','0.000','','-1620.00',2013,6,'dwhpers','OOEGKK','','Fremd','','','','','','','','','','',''),(2013,'ZPV DQS Kick off Q4/13, OÖGKK','1.000','','1620.00',2013,12,'dwhpers','OOEGKK','','Fremd','','','','','','','','','','',''),(2013,'Unterst. STP ZPV,04/13, Wohlmuther,Ebcont','80','70.8','5664.00',2013,4,'MWO','Ebcont','','','','1.2','','','','','','','','',''),(2013,'STP ZPV,05/13, Wohlmuther,Ebcont','128.504','70.8','9098.09',2013,5,'MWO','Ebcont','','','','1.2','','','','','','','','',''),(2013,'STP ZPV,06/13, Wohlmuther,Ebcont','155.168','70.8','10985.89',2013,6,'MWO','Ebcont','','','','1.2','','','','','','','','',''),(2013,'Proj.MDMA 06/13 Hloupy, S4S','142.250','132','18777.00',2013,6,'KHL','S4S','','','','1.2','','','','','','','','',''),(2013,'Proj. MDMA 05/13, Hloupy ,S4S','117.500','132','15510.00',2013,5,'KHL','S4S','','','','1.2','','','','','','','','',''),(2013,'STP ZPV,07/13, Wohlmuther,Ebcont','178.832','70.8','12661.31',2013,7,'MWO','Ebcont','','','','1.2','','','','','','','','',''),(2013,'LEA 05-07/13,Waclavicek,Ebcont','531.712','94.8','50406.30',2013,7,'AWA','Ebcont','EG-AR13-0111','','','1.2','','','','','','','','',''),(2013,'GS zu STP ZPV,07/13,Pompura,Ebcont','-175.752','94.8','-16661.29',2013,7,'MPO','Ebcont','EG-GS13-0006','','','1.2','','','','','','','','',''),(2013,'STP ZPV,06/13,Pompura,Ebcont','145.120','94.8','13757.38',2013,6,'MPO','Ebcont','EG-AR13-0114','','','1.2','','','','','','','','',''),(2013,'STP ZPV,07/13,Pompura,Ebcont','175.752','94.8','16661.29',2013,7,'MPO','Ebcont','EG-AR13-0115','','','1.2','','','','','','','','',''),(2013,'STP ZPV,07/13,Cerny,Ebcont','77.870','94.8','7382.27',2013,7,'MCE','Ebcont','','','','1.2','','','','','','','','',''),(2013,'STP ZPV,07/13,Mantsch,Ebcont','37.144','70.8','2629.80',2013,7,'TMA','Ebcont','','','','1.2','','','','','','','','',''),(2013,'STP ZPV,08/13,Mantsch,Ebcont','65.904','70.8','4666.01',2013,8,'TMA','Ebcont','','','','1.2','','','','','','','','',''),(2013,'STP ZPV,05/13,Pompura,Ebcont','129.328','94.8','12260.29',2013,5,'MPO','Ebcont','','','','1.2','','','','','','','','',''),(2013,'STP ZPV,07/13,Pompura,Ebcont','134.072','94.8','12710.03',2013,7,'MPO','Ebcont','','','','1.2','','','','','','','','',''),(2013,'LEA 08/13,Waclavicek,Ebcont','183.504','94.8','17396.18',2013,8,'AWA','Ebcont','','','','1.2','','','','','','','','',''),(2013,'STP ZPV,08/13, Hulin,Ebcont','169.504','70.8','12000.89',2013,8,'LHU','Ebcont','','','','1.2','','','','','','','','',''),(2013,'STP ZPV,08/13,Cemper,Ebcont','166.168','70.8','11764.69',2013,8,'PCE','Ebcont','','','','1.2','','','','','','','','',''),(2013,'Proj.MDMA 07/13 Hloupy, S4S','117.750','132','15543.00',2013,7,'KHL','S4S','','','','1.2','','','','','','','','',''),(2013,'STP ZPV,07/13, Wohlmuther,Ebcont','8','70.8','566.40',2013,7,'MWO','Ebcont','','','','1.2','','','','','','','','',''),(2013,'Proj.MDMA 08/13 Hloupy, S4S','58.250','132','7689.00',2013,8,'KHL','S4S','','','','1.2','','','','','','','','',''),(2013,'STP ZPV,08/13,Pompura,Ebcont','92.248','94.8','8745.11',2013,8,'MPO','Ebcont','','','','1.2','','','','','','','','',''),(2013,'STP ZPV,08/13,Müller,Ebcont','112.472','70.8','7963.02',2013,8,'MMU','Ebcont','','','','1.2','','','','','','','','',''),(2013,'STP ZPV,07/13,Müller,Ebcont','64.248','70.8','4548.76',2013,7,'MMU','Ebcont','','','','1.2','','','','','','','','',''),(2013,'STP ZPV,08/13, Cerny,Ebcont','93.872','94.8','8899.07',2013,8,'MCE','Ebcont','','','','1.2','','','','','','','','',''),(2013,'STP ZPV,08/13, Wohlmuther,Ebcont','132.568','70.8','9385.81',2013,8,'MWO','Ebcont','','','','1.2','','','','','','','','',''),(2013,'LEA 09/13,Waclavicek,Ebcont','183.752','94.8','17419.69',2013,9,'AWA','Ebcont','','','','1.2','','','','','','','','',''),(2013,'STP ZPV,09/13,Mantsch,Ebcont','138.180','70.8','9783.43',2013,9,'TMA','Ebcont','','','','1.2','','','','','','','','',''),(2013,'STP ZPV,09/13,Pompura,Ebcont','166.170','94.8','15752.72',2013,9,'MPO','Ebcont','','','','1.2','','','','','','','','',''),(2013,'STP ZPV,09/13,Cemper,Ebcont','153.930','70.8','10898.10',2013,9,'PCE','Ebcont','','','','1.2','','','','','','','','',''),(2013,'Proj.MDMA 09/13 Hloupy, S4S','44.250','132','5841.00',2013,9,'KHL','S4S','','','','1.2','','','','','','','','',''),(2013,'STP ZPV,09/13,Müller,Ebcont','129.750','70.8','9186.44',2013,9,'MMU','Ebcont','','','','1.2','','','','','','','','',''),(2013,'Proj.MDMA 09/13 Hloupy, S4S','51.250','132','6765.00',2013,9,'KHL','S4S','','','','1.2','','','','','','','','',''),(2013,'STP ZPV,09/13, Cerny,Ebcont','146.584','94.8','13896.17',2013,9,'MCE','Ebcont','','','','1.2','','','','','','','','',''),(2013,'STP ZPV,09/13, Hulin,Ebcont','166.504','70.8','11788.49',2013,9,'LHU','Ebcont','','','','1.2','','','','','','','','',''),(2013,'STP ZPV,09/13, Wohlmuther,Ebcont','83.800','70.8','5933.04',2013,9,'MWO','Ebcont','','','','1.2','','','','','','','','',''),(2013,'Proj.MDMA 10/13 Hloupy, S4S','70.250','132','9273.00',2013,10,'KHL','S4S','','','','1.2','','','','','','','','',''),(2013,'STP ZPV,10/13,Pompura,Ebcont','83.070','94.8','7872.19',2013,10,'MPO','Ebcont','','','','1.2','','','','','','','','',''),(2013,'LEA 10/13,Waclavicek,Ebcont','192.250','94.8','18224.35',2013,10,'AWA','Ebcont','','','','1.2','','','','','','','','',''),(2013,'STP ZPV,10/13,Cemper,Ebcont','167.920','70.8','11888.74',2013,10,'PCE','Ebcont','','','','1.2','','','','','','','','',''),(2013,'STP ZPV,10/13, Cerny,Ebcont','201.840','94.8','19134.43',2013,10,'MCE','Ebcont','','','','1.2','','','','','','','','',''),(2013,'STP ZPV,10/13,Mantsch,Ebcont','104.480','70.8','7397.18',2013,10,'TMA','Ebcont','','','','1.2','','','','','','','','',''),(2013,'STP ZPV,10/13,Müller,Ebcont','31.130','70.8','2203.30',2013,10,'MMU','Ebcont','','','','1.2','','','','','','','','',''),(2013,'STP ZPV,10/13, Wohlmuther,Ebcont','150.120','70.8','10631.33',2013,10,'MWO','Ebcont','','','','1.2','','','','','','','','',''),(2013,'STP ZPV,10/13, Hulin,Ebcont','184.480','70.8','13061.18',2013,10,'LHU','Ebcont','','','','1.2','','','','','','','','',''),(2013,'STP ZPV,11/13,Cemper,Ebcont','147.830','70.8','10466.51',2013,11,'PCE','Ebcont','','','','1.2','','','','','','','','',''),(2013,'LEA 11/13,Waclavicek,Ebcont','176','94.8','16684.80',2013,11,'AWA','Ebcont','','','','1.2','','','','','','','','',''),(2013,'STP ZPV,11/13,Pompura,Ebcont','155.870','94.8','14776.67',2013,11,'MPO','Ebcont','','','','1.2','','','','','','','','',''),(2013,'STP ZPV,11/13,Mantsch,Ebcont','139.880','70.8','9903.50',2013,11,'TMA','Ebcont','','','','1.2','','','','','','','','',''),(2013,'Proj.MDMA 11/13 Hloupy, S4S','47.500','132','6270.00',2013,11,'KHL','S4S','','','','1.2','','','','','','','','',''),(2013,'STP ZPV,11/13, Cerny,Ebcont','170.600','94.8','16172.88',2013,11,'MCE','Ebcont','','','','1.2','','','','','','','','',''),(2013,'STP ZPV,11/13, Wohlmuther,Ebcont','143.080','70.8','10130.06',2013,11,'MWO','Ebcont','','','','1.2','','','','','','','','',''),(2013,'STP ZPV,11/13, Hulin,Ebcont','153.248','70.8','10849.96',2013,11,'LHU','Ebcont','','','','1.2','','','','','','','','',''),(2013,'STP ZPV,12/13,Cemper,Ebcont','109.200','70.8','7731.36',2013,12,'PCE','Ebcont','','','','1.2','','','','','','','','',''),(2013,'Proj.MDMA 12/13 Hloupy, S4S','77.250','132','10197.00',2013,12,'KHL','S4S','','OK','___NONE___','1.2','','','','','','','','',''),(2013,'STP ZPV,12/13, Hulin,Ebcont','85.000','70.8','6018.00',2013,12,'LHU','Ebcont','','','','1.2','','','','','','','','',''),(2013,'STP ZPV,12/13, Wohlmuther,Ebcont','118.570','70.8','8394.61',2013,12,'MWO','Ebcont','','','','1.2','','','','','','','','',''),(2013,'STP ZPV,12/13, Cerny,Ebcont','115.670','94.8','10965.71',2013,12,'MCE','Ebcont','','','','1.2','','','','','','','','',''),(2013,'LEA 12/13,Waclavicek,Ebcont','141.750','94.8','13438.09',2013,12,'AWA','Ebcont','','','','1.2','','','','','','','','',''),(2013,'STP ZPV,12/13,Mantsch,Ebcont','107.300','70.8','7597.13',2013,12,'TMA','Ebcont','','','','1.2','','','','','','','','',''),(2013,'STP ZPV,10-12/13,Pompura,Ebcont','31.880','94.8','3022.23',2013,12,'MPO','Ebcont','','OK','___NONE___','1.2','','','','','','','','',''),(2013,'Analyse ZPV Hackerangriff  10/12,Kleissner&Ass.','16','195','3120.00',2013,10,'n_a','kass','','Fremd','','','','','','','','','','',''),(2013,'GS zu 07003 Proof of Concept ,06/13 Rogner,S4S','-256.080','132','-33802.56',2013,6,'WRO','S4S','','Fremd','','','','','','','','','','',''),(2013,'GS zu 08010 Proof of Concept ,07/13 Petrik,S4S','-259.500','132','-34254.00',2013,7,'petrik','S4S','','Fremd','','','','','','','','','','',''),(2013,'GS zu 08011Proof of Concept f.,07/13,Rogner,S4S','-282.750','132','-37323.00',2013,7,'WRO','S4S','','Fremd','','','','','','','','','','',''),(2013,'Honorar Oracle Audit 2013, PHHV','0.000','0','714.00',2013,12,'n_a','n_a','','Fremd','','','','','','','','','','',''),(2013,'Java Arch.&Entwicklung 03/13, Pompura, S4S','122.150','78','9527.70',2013,3,'MPO','S4S','NONE','','___NONE___','1.2','','','','','','','','',''),(2013,'Java Arch.&Entwicklung,01/13,Pompura,S4S','184.680','78','14405.04',2013,1,'MPO','S4S','2013-03006','','','1.2','','','','','','','','',''),(2013,'Java Arch.&Entwicklung,02/13,Pompura,S4S','161.730','78','12614.94',2013,2,'MPO','S4S','2013-03007','','','1.2','','','','','','','','',''),(2013,'Java Arch.&Entwicklung,04/13,Pompura,S4S','80.920','78','6311.76',2013,4,'MPO','S4S','2013-05003','','','1.2','','','','','','','','',''),(2013,'LEA 04/13,Waclavicek, Ebcont','172.720','93.6','16166.59',2013,4,'AWA','Ebcont','NONE','','___NONE___','1.2','','','','','','','','',''),(2013,'LEA 05/13,Waclavicek,Ebcont','10.040','93.6','939.74',2013,5,'AWA','Ebcont','EG-AR13-0110','','','1.2','','','','','','','','',''),(2013,'Proof of Concept f.offene Systeme,05/13 Petrik,S4S','131.250','132','17325.00',2013,5,'petrik','S4S','','Fremd','','','','','','','','','','',''),(2013,'Proof of Concept f.offene Systeme,06/13 Rogner,S4S','256.080','132','33802.56',2013,6,'WRO','S4S','','Fremd','','','','','','','','','','',''),(2013,'Proof of Concept f.offene Systeme,06/13 Rogner,S4S','168.330','132','22219.56',2013,6,'WRO','S4S','','Fremd','','','','','','','','','','',''),(2013,'Proof of Concept f.offene Systeme,07/13,PetrikS4S','165.000','132','21780.00',2013,7,'petrik','S4S','','Fremd','','','','','','','','','','',''),(2013,'Proof of Concept f.offene Systeme,07/13,PetrikS4S','259.500','132','34254.00',2013,7,'petrik','S4S','','Fremd','','','','','','','','','','',''),(2013,'Proof of Concept f.offene Systeme,07/13,Rogner,S4S','282.750','132','37323.00',2013,7,'WRO','S4S','','Fremd','','','','','','','','','','',''),(2013,'Proof of Concept f.offene Systeme,07/13,RognerS4S','216.500','132','28578.00',2013,7,'WRO','S4S','','Fremd','','','','','','','','','','',''),(2013,'Proof of Concept f.offene Systeme,08/13,PetrikS4S','79.250','132','10461.00',2013,8,'petrik','S4S','','Fremd','','','','','','','','','','',''),(2013,'Proof of Concept f.offene Systeme,08/13,RognerS4S','190.330','132','25123.56',2013,8,'WRO','S4S','','Fremd','','','','','','','','','','',''),(2013,'Unt. Pentaho 08/13,BI Nebenkosten,Rönsch, it-novum','4.00','120','480.00',2013,8,'rönsch','it-novum','','Fremd','','','','','','','','','','',''),(2013,'Unt. Pentaho 08/13,Rönsch, it-novum','20.000','175.5','3510.00',2013,8,'rönsch','it-novum','','Fremd','','','','','','','','','','',''),(2013,'Unterst. LEA 03/13,Waclavicek, ebcont','165.76','93.6','15515.14',2013,3,'AWA','Ebcont','EG-AR13-0043','','','1.2','','','','','','','','',''),(2013,'Unterst. ZPV Waclavicek 01-02/13,EBCONT','323.480','93.6','30277.73',2013,2,'AWA','Ebcont','EG-AR13-0036','','','1.2','','','','','','','','',''),(2014,'STP ZPV,01/14, Wohlmuther,Ebcont','113.432','59','6692.49',2014,1,'MWO','Ebcont','','','','1','','','','','','','','',''),(2014,'STP ZPV,01/14, Cerny,Ebcont','170.424','79','13463.50',2014,1,'MCE','Ebcont','','','','1','','','','','','','','',''),(2014,'LEA 01/14, Waclavicek, Ebcont','169.248','79','13370.59',2014,1,'AWA','Ebcont','','','','1','','','','','','','','',''),(2014,'STP ZPV, 01/14,Cemper,Ebcont','171.928','59','10143.75',2014,1,'PCE','Ebcont','','','','1','','','','','','','','',''),(2014,'STP ZPV, 01/14,Mantsch,Ebcont','103.632','59','6114.29',2014,1,'TMA','Ebcont','','','','1','','','','','','','','',''),(2014,'Proj.MDMA 01/14 Hloupy, S4S','131.750','110','14492.50',2014,1,'KHL','S4S','','','','1','','','','','','','','',''),(2014,'STP ZPV, 01/14, Hulin,Ebcont','165.504','59','9764.74',2014,1,'LHU','Ebcont','','','','1','','','','','','','','',''),(2014,'STP ZPV, 01/14,Pompura,Ebcont','119.624','79','9450.30',2014,1,'MPO','Ebcont','','','','1','','','','','','','','',''),(2014,'STP ZPV, 02/14,Mantsch,Ebcont','126.800','59','7481.20',2014,2,'TMA','Ebcont','','','','1','','','','','','','','',''),(2014,'LEA 02/14,Waclavicek,Ebcont','181.248','79','14318.59',2014,2,'AWA','Ebcont','','','','1','','','','','','','','',''),(2014,'STP ZPV, 02/14, Cerny,Ebcont','157.448','79','12438.39',2014,2,'MCE','Ebcont','','','','1','','','','','','','','',''),(2014,'STP ZPV, 02/14,Cemper,Ebcont','158.072','59','9326.25',2014,2,'PCE','Ebcont','','','','1','','','','','','','','',''),(2014,'STP ZPV,02/14 Pompura,Ebcont','114.800','79','9069.20',2014,2,'MPO','Ebcont','','','','1','','','','','','','','',''),(2014,'STP ZPV, 02/14, Hulin,Ebcont','157.248','59','9277.63',2014,2,'LHU','Ebcont','','','','1','','','','','','','','',''),(2014,'STP ZPV, 02/14, Wohlmuther,Ebcont','155.504','59','9174.74',2014,2,'MWO','Ebcont','','','','1','','','','','','','','',''),(2014,'Proj.MDMA 02/14 Hloupy, S4S','110.250','110','12127.50',2014,2,'KHL','S4S','','','','1','','','','','','','','',''),(2014,'Proj.MDMA 03/14 Hloupy, S4S','41.250','110','4537.50',2014,3,'KHL','S4S','','','','1','','','','','','','','',''),(2014,'LEA 03/14,Waclavicek,Ebcont','178.248','79','14081.59',2014,3,'AWA','Ebcont','','','','1','','','','','','','','',''),(2014,'STP ZPV, 03/14, Cerny,Ebcont','165.352','79','13062.81',2014,3,'MCE','Ebcont','','','','1','','','','','','','','',''),(2014,'STP ZPV, 03/14, Wohlmuther,Ebcont','66.424','59','3919.02',2014,3,'MWO','Ebcont','','','','1','','','','','','','','',''),(2014,'STP ZPV, 03/14, Hulin,Ebcont','126.000','59','7434.00',2014,3,'LHU','Ebcont','','','','1','','','','','','','','',''),(2014,'STP ZPV, 03/14,Cemper,Ebcont','143.728','59','8479.95',2014,3,'PCE','Ebcont','','','','1','','','','','','','','',''),(2014,'STP ZPV, 02/14,Mantsch,Ebcont','150.832','59','8899.09',2014,3,'TMA','Ebcont','','LZR korrigiert 2->3','','1','','','','','','','','',''),(2014,'STP ZPV,03/14 Hochwallner,Ebcont','125.184','59','7385.86',2014,3,'THC','Ebcont','','','','1','','','','','','','','',''),(2014,'STP ZPV,04/14 Hochwallner,Ebcont','164.168','59','9685.91',2014,4,'THC','Ebcont','','','','1','','','','','','','','',''),(2014,'STP ZPV,03/14 Heissenberger,Ebcont','98.048','59','5784.83',2014,3,'MHE','Ebcont','','','','1','','','','','','','','',''),(2014,'STP ZPV,04/14 Heissenberger,Ebcont','116.248','59','6858.63',2014,4,'MHE','Ebcont','','','','1','','','','','','','','',''),(2014,'STP ZPV,04/14 Pompura,Ebcont','146.728','79','11591.51',2014,4,'MPO','Ebcont','','','','1','','','','','','','','',''),(2014,'STP ZPV, 04/14,Cemper,Ebcont','137.032','59','8084.89',2014,4,'PCE','Ebcont','','','','1','','','','','','','','',''),(2014,'STP ZPV, 04/14,Mantsch,Ebcont','120.504','59','7109.74',2014,4,'TMA','Ebcont','','','','1','','','','','','','','',''),(2014,'STP ZPV, 04/14, Hulin,Ebcont','159.304','59','9398.94',2014,4,'LHU','Ebcont','','','','1','','','','','','','','',''),(2014,'STP ZPV,03/14 Pompura,Ebcont','143.980','79','11374.89',2014,3,'MPO','Ebcont','','','','1','','','','','','','','',''),(2014,'STP ZPV, 04/14, Cerny,Ebcont','172.504','79','13627.82',2014,4,'MCE','Ebcont','','','','1','','','','','','','','',''),(2014,'LEA 04/14,Waclavicek,Ebcont','185.248','79','14634.59',2014,4,'AWA','Ebcont','','OK','','1','','','','','','','','',''),(2014,'STP ZPV,05/14 Hochwallner,Ebcont','153.832','59','9076.09',2014,5,'THC','Ebcont','','','','1','','','','','','','','',''),(2014,'Proj.MDMA 05/14 Hloupy, S4S','53.500','110','5885.00',2014,5,'KHL','S4S','','','','1','','','','','','','','',''),(2014,'STP ZPV, 04/14,Mantsch,Ebcont','110.000','59','6490.00',2014,5,'TMA','Ebcont','','LZR korrigiert 4->5','','1','','','','','','','','',''),(2014,'STP ZPV,05/14 Heissenberger,Ebcont','45.320','59','2673.88',2014,5,'MHE','Ebcont','','','','1','','','','','','','','',''),(2014,'LEA 05/14,Waclavicek,Ebcont','188.000','79','14852.00',2014,5,'AWA','Ebcont','','','','1','','','','','','','','',''),(2014,'STP ZPV, 05/14, Cerny,Ebcont','82.928','79','6551.31',2014,5,'MCE','Ebcont','','','','1','','','','','','','','',''),(2014,'STP ZPV, 05/14, Hulin,Ebcont','142.000','59','8378.00',2014,5,'LHU','Ebcont','','','','1','','','','','','','','',''),(2014,'STP ZPV, 05/14,Cemper,Ebcont','107.472','59','6340.85',2014,5,'PCE','Ebcont','','','','1','','','','','','','','',''),(2014,'STP ZPV,05/14 Pompura,Ebcont','153.704','79','12142.62',2014,5,'MPO','Ebcont','','','','1','','','','','','','','',''),(2014,'STP ZPV, 06/14, Cerny,Ebcont','148.980','79','11769.74',2014,6,'MCE','Ebcont','','','','1','','','','','','','','',''),(2014,'Proj.MDMA 06/14 Hloupy, S4S','81.750','110','8992.50',2014,6,'KHL','S4S','','','','1','','','','','','','','',''),(2014,'STP ZPV,06/14 Hochwallner,Ebcont','140.520','59','8290.68',2014,6,'THC','Ebcont','','','','1','','','','','','','','',''),(2014,'STP ZPV, 06/14,Cemper,Ebcont','133.230','59','7860.69',2014,6,'PCE','Ebcont','','','','1','','','','','','','','',''),(2014,'STP ZPV,06/14 Pompura,Ebcont','104.100','79','8224.22',2014,6,'MPO','Ebcont','','','','1','','','','','','','','',''),(2014,'STP ZPV, 06/14, Hulin,Ebcont','141.980','59','8377.06',2014,6,'LHU','Ebcont','','','','1','','','','','','','','',''),(2014,'LEA 06/14,Waclavicek,Ebcont','167.500','79','13232.82',2014,6,'AWA','Ebcont','','','','1','','','','','','','','',''),(2014,'STP ZPV,06/14 Heissenberger,Ebcont','42.820','59','2526.62',2014,6,'MHE','Ebcont','','','','1','','','','','','','','',''),(2014,'STP ZPV, 06/14,Mantsch,Ebcont','125.750','59','7419.37',2014,6,'TMA','Ebcont','','','','1','','','','','','','','',''),(2014,'Proj.MDMA 04/14 Hloupy, S4S','91.750','110','10092.50',2014,4,'KHL','S4S','','','','1','','','','','','','','',''),(2014,'STP ZPV, 07/14, Hulin,Ebcont','181.300','59','10696.94',2014,7,'LHU','Ebcont','','','','1','','','','','','','','',''),(2014,'STP ZPV, 07/14,Cemper,Ebcont','172.980','59','10206.06',2014,7,'PCE','Ebcont','','','','1','','','','','','','','',''),(2014,'STP ZPV,07/14 Hochwallner,Ebcont','32.000','59','1888.00',2014,7,'THC','Ebcont','EG-AR14-0358','OK','ZPVINV2014061','1','','','','','','','','',''),(2014,'STP ZPV,07/14 Hochwallner,Ebcont','95.550','59','5637.57',2014,7,'THC','Ebcont','EG-AR14-0358','OK','ZPVINV2014061','1','','','','','','','','',''),(2014,'STP ZPV, 07/14,Mantsch,Ebcont','102.000','59','6018.00',2014,7,'TMA','Ebcont','EG-AR14-0353','OK','ZPVINV2014062','1','','','','','','','','',''),(2014,'STP ZPV, 07/14,Mantsch,Ebcont','37.000','59','2183.00',2014,7,'TMA','Ebcont','EG-AR14-0353','OK','ZPVINV2014062','1','','','','','','','','',''),(2014,'STP ZPV,07/14 Pompura,Ebcont','57.000','79','4503.00',2014,7,'MPO','Ebcont','','','','1','','','','','','','','',''),(2014,'STP ZPV,07/14 Pompura,Ebcont','106.880','79','8443.52',2014,7,'MPO','Ebcont','','','','1','','','','','','','','',''),(2014,'Proj.MDMA 07/14 Hloupy, S4S','77.250','110','8497.50',2014,7,'KHL','S4S','','','','1','','','','','','','','',''),(2014,'LEA 07/14,Waclavicek,Ebcont','203.504','79','16076.82',2014,7,'AWA','Ebcont','','','','1','','','','','','','','',''),(2014,'STP ZPV, 07/14, Cerny,Ebcont','161.024','79','12720.90',2014,7,'MCE','Ebcont','','','','1','','','','','','','','',''),(2014,'GS zu Proj.MDMA 07/14 Hloupy, S4S','-77.250','110','-8497.50',2014,7,'KHL','S4S','','','','1','','','','','','','','',''),(2014,'STP ZPV,07/14 Heissenberger,Ebcont','56.480','59','3332.32',2014,7,'MHE','Ebcont','','','','1','','','','','','','','',''),(2014,'Proj.MDMA 07/14 Hloupy, S4S','74.250','110','8167.50',2014,7,'KHL','S4S','','','','1','','','','','','','','',''),(2014,'Proj.MDMA 08/14 Hloupy, S4S','45.750','110','5032.50',2014,8,'KHL','S4S','','','','1','','','','','','','','',''),(2014,'STP ZPV,08/14 Heissenberger,Ebcont','64.680','59','3816.12',2014,8,'MHE','Ebcont','','','___NONE___','1','','','','','','','','','');

--
-- Table structure for table `CCSPBOX`
--

CREATE TABLE `CCSPBOX` (
  `SPNAME` varchar(128) DEFAULT NULL,
  `SPBEGIN` timestamp NOT NULL DEFAULT CURRENT_TIMESTAMP ON UPDATE CURRENT_TIMESTAMP,
  `SPEND` timestamp NOT NULL DEFAULT '0000-00-00 00:00:00'
) ENGINE=InnoDB DEFAULT CHARSET=utf8;

--
-- Dumping data for table `CCSPBOX`
--

INSERT INTO `CCSPBOX` VALUES ('2013.07','0000-00-00 00:00:00','0000-00-00 00:00:00'),('2013.08','0000-00-00 00:00:00','0000-00-00 00:00:00'),('2013.09','0000-00-00 00:00:00','0000-00-00 00:00:00'),('2013.10','0000-00-00 00:00:00','0000-00-00 00:00:00'),('2013.11','0000-00-00 00:00:00','0000-00-00 00:00:00'),('2013.12','0000-00-00 00:00:00','0000-00-00 00:00:00'),('2013.13','0000-00-00 00:00:00','0000-00-00 00:00:00'),('2014.01','0000-00-00 00:00:00','0000-00-00 00:00:00'),('2014.02','0000-00-00 00:00:00','0000-00-00 00:00:00'),('2014.03','0000-00-00 00:00:00','0000-00-00 00:00:00'),('2014.04','0000-00-00 00:00:00','0000-00-00 00:00:00'),('2014.05','0000-00-00 00:00:00','0000-00-00 00:00:00'),('2014.06','0000-00-00 00:00:00','0000-00-00 00:00:00'),('2014.07','0000-00-00 00:00:00','0000-00-00 00:00:00'),('2014.08','0000-00-00 00:00:00','0000-00-00 00:00:00'),('2014.09','0000-00-00 00:00:00','0000-00-00 00:00:00'),('2014.10','0000-00-00 00:00:00','0000-00-00 00:00:00'),('2014.11','0000-00-00 00:00:00','0000-00-00 00:00:00'),('2014.12','0000-00-00 00:00:00','0000-00-00 00:00:00'),('2014.13','0000-00-00 00:00:00','0000-00-00 00:00:00'),('2015.01','0000-00-00 00:00:00','0000-00-00 00:00:00'),('2015.02','0000-00-00 00:00:00','0000-00-00 00:00:00'),('2015.03','0000-00-00 00:00:00','0000-00-00 00:00:00'),('2015.04','0000-00-00 00:00:00','0000-00-00 00:00:00'),('2015.05','0000-00-00 00:00:00','0000-00-00 00:00:00'),('2015.06','0000-00-00 00:00:00','0000-00-00 00:00:00'),('2015.07','0000-00-00 00:00:00','0000-00-00 00:00:00'),('2015.08','0000-00-00 00:00:00','0000-00-00 00:00:00'),('2015.09','0000-00-00 00:00:00','0000-00-00 00:00:00'),('2015.10','0000-00-00 00:00:00','0000-00-00 00:00:00'),('2015.11','0000-00-00 00:00:00','0000-00-00 00:00:00'),('2015.12','0000-00-00 00:00:00','0000-00-00 00:00:00'),('2015.13','0000-00-00 00:00:00','0000-00-00 00:00:00');

--
-- Table structure for table `CCSPCAP`
--

CREATE TABLE `CCSPCAP` (
  `SPNAME` varchar(128) DEFAULT NULL,
  `SPTEAM` varchar(128) DEFAULT NULL,
  `SPCAP` decimal(22,0) DEFAULT NULL,
  `SPCPPLAN` decimal(22,0) DEFAULT NULL,
  `CPCPSTART` decimal(22,0) DEFAULT NULL,
  `SPEFF` decimal(22,0) DEFAULT NULL,
  `SPBILL` decimal(22,0) DEFAULT NULL
) ENGINE=InnoDB DEFAULT CHARSET=utf8;

--
-- Dumping data for table `CCSPCAP`
--

INSERT INTO `CCSPCAP` VALUES ('2013.07','CORE',100,0,0,0,20),('2013.08','CORE',51,0,0,0,20),('2013.08','JAP',51,0,0,0,20),('2013.08','SAT',60,0,0,0,20),('2013.09','CORE',26,0,0,0,20),('2013.09','JAP',26,0,0,0,20),('2013.09','SAT',70,0,0,0,20),('2013.10','CORE',42,0,0,0,20),('2013.10','JAP',42,0,0,0,20),('2013.10','SAT',70,0,0,0,20),('2013.11','CORE',47,0,0,0,20),('2013.11','JAP',47,0,0,0,20),('2013.11','SAT',75,0,0,0,20),('2013.12','CORE',45,0,0,0,20),('2013.12','JAP',45,0,0,0,20),('2013.12','SAT',80,0,0,0,20),('2013.13','CORE',40,0,0,0,20),('2013.13','JAP',40,0,0,0,20),('2013.13','SAT',80,0,0,0,20),('2014.01','CORE',40,0,0,0,20),('2014.01','JAP',40,0,0,0,20),('2014.01','SAT',80,0,0,0,20),('2014.02','CORE',35,0,0,0,20),('2014.02','JAP',35,0,0,0,20),('2014.02','SAT',80,0,0,0,20),('2014.03','CORE',42,0,0,0,20),('2014.03','JAP',42,0,0,0,20),('2014.03','SAT',80,0,0,0,20),('2014.04','CORE',32,0,0,0,20),('2014.04','JAP',32,0,0,0,20),('2014.04','SAT',70,0,0,0,20),('2014.05','CORE',32,0,0,0,20),('2014.05','JAP',32,0,0,0,20),('2014.05','SAT',60,0,0,0,20),('2014.06','CORE',37,0,0,0,20),('2014.06','JAP',37,0,0,0,20),('2014.06','SAT',80,0,0,0,20),('2014.07','CORE',35,0,0,0,20),('2014.07','JAP',35,0,0,0,20),('2014.07','SAT',65,0,0,0,20),('2014.08','CORE',25,0,0,0,20),('2014.08','JAP',25,0,0,0,20),('2014.08','SAT',65,0,0,0,20),('2014.09','CORE',25,0,0,0,20),('2014.09','JAP',25,0,0,0,20),('2014.01','SAT',70,0,0,0,20),('2014.10','CORE',37,0,0,0,20),('2014.10','JAP',37,0,0,0,20),('2014.10','SAT',80,0,0,0,20),('2014.11','CORE',42,0,0,0,20),('2014.11','JAP',42,0,0,0,20),('2014.11','SAT',70,0,0,0,20),('2014.12','CORE',42,0,0,0,20),('2014.12','JAP',42,0,0,0,20),('2014.12','SAT',70,0,0,0,20),('2014.13','CORE',35,0,0,0,20),('2014.13','JAP',35,0,0,0,20),('2014.13','SAT',70,0,0,0,20),('2015.01','CORE',35,0,0,0,20),('2015.01','JAP',35,0,0,0,20),('2015.02','CORE',35,0,0,0,20),('2015.02','JAP',35,0,0,0,20),('2015.03','CORE',35,0,0,0,20),('2015.03','JAP',35,0,0,0,20),('2015.04','CORE',35,0,0,0,20),('2015.04','JAP',35,0,0,0,20),('2015.05','CORE',35,0,0,0,20),('2015.05','JAP',35,0,0,0,20);

--
-- Table structure for table `CCSPRINT`
--

CREATE TABLE `CCSPRINT` (
  `SPNAME` varchar(128) DEFAULT NULL
) ENGINE=InnoDB DEFAULT CHARSET=utf8;

--
-- Dumping data for table `CCSPRINT`
--

INSERT INTO `CCSPRINT` VALUES ('2013.07'),('2013.08'),('2013.09'),('2013.10'),('2013.11'),('2013.12'),('2013.13'),('2014.01'),('2014.02'),('2014.03'),('2014.04'),('2014.05'),('2014.06'),('2014.07'),('2014.08'),('2014.09'),('2014.10'),('2014.11'),('2014.12'),('2014.13'),('2015.01'),('2015.02'),('2015.03'),('2015.04'),('2015.05');

--
-- Table structure for table `CCSYSCON`
--

CREATE TABLE `CCSYSCON` (
  `SYSID` varchar(128) DEFAULT NULL,
  `SYSCONID` varchar(128) DEFAULT NULL,
  `SYSCONDESC` text,
  `SYSCONURL` text,
  `SYSCONDATA` text,
  `SYSCONTATURL` text
) ENGINE=InnoDB DEFAULT CHARSET=utf8;

--
-- Dumping data for table `CCSYSCON`
--


--
-- Table structure for table `CCSYSCONAS`
--

CREATE TABLE `CCSYSCONAS` (
  `SYSCONASTYP` varchar(128) DEFAULT NULL,
  `SYSCONID` varchar(128) DEFAULT NULL,
  `PARSYSCONID` varchar(128) DEFAULT NULL
) ENGINE=InnoDB DEFAULT CHARSET=utf8;

--
-- Dumping data for table `CCSYSCONAS`
--


--
-- Table structure for table `CCTASK`
--

CREATE TABLE `CCTASK` (
  `PROJECT` varchar(32) DEFAULT NULL,
  `TASKID` varchar(32) DEFAULT NULL,
  `PARENTID` varchar(32) DEFAULT NULL,
  `TASKNAME` varchar(70) DEFAULT NULL,
  `TASKTYPE` varchar(32) DEFAULT NULL,
  `PSPCODE` varchar(32) DEFAULT NULL,
  `TASKDESC` varchar(255) DEFAULT NULL,
  `ESTEFFPH` decimal(12,4) DEFAULT NULL,
  `RATEUR` decimal(12,4) DEFAULT NULL,
  `ESTEUR` decimal(12,4) DEFAULT NULL,
  `TASKSTAT` varchar(32) DEFAULT NULL,
  `STARTTIME` timestamp NULL DEFAULT NULL,
  `ENDTIME` timestamp NULL DEFAULT NULL,
  `TASKRESP` varchar(32) DEFAULT NULL,
  `TASKATTRIB` json DEFAULT NULL
) ENGINE=InnoDB DEFAULT CHARSET=latin1;

--
-- Dumping data for table `CCTASK`
--

INSERT INTO `CCTASK` VALUES ('ZPI2017','ZI17','','Z-PI 2017','JAP','P.101.026','Alle Arbeiten für Z-PI im Jahr 2017',6011.6000,0.0000,738612.1333,'AGG','2017-01-01 23:00:00','2017-12-28 23:00:00','','{}'),('ZPI2017','ZI17WA','ZI17','Z-PI 2017 Wartung','JAPBEREICH','P.101.026.002','Wartung für Z-PI im Jahr 2017',5334.0000,0.0000,670595.0500,'AGG','2017-01-01 23:00:00','2017-12-28 23:00:00','','{\"VERRECHNUNG\": \"HVB\"}'),('ZPI2017','ZI17PJM','ZI17WA','Z-PI 2017 Projektmanagement','JAPVORHABEN','P.101.026.001','Projektmanagement für alle Z-PI Arbeiten im Jahr 2017',1486.0000,0.0000,124946.1000,'AGG','2017-01-01 23:00:00','2017-12-28 23:00:00','','{\"VERRECHNUNG\": \"HVB\"}'),('ZPI2017','ZI17PJMPCOORD','ZI17PJM','Projektkoordination','JAPAP','P.101.026.001.004','Koordinationsaufgaben in Z-PI 2017',743.0000,0.0000,63682.9000,'AGG','2017-01-01 23:00:00','2017-12-28 23:00:00','','{}'),('ZPI2017','ZI17PJMPCOORDEHT1','ZI17PJMPCOORD','Projektkoordination EH T1','TASK','P.101.026.001.004','Koordinationsaufgaben in Z-PI 2017 Anne Busch',89.0000,62.3000,5544.7000,'PLAN','2017-01-01 23:00:00','2017-12-28 23:00:00','ABS','{\"FORECASTS\": [{\"DATE\": \"2017-03-09\", \"RANGE\": \"2017-03\", \"ESTEFFPH\": \"28\"}]}'),('ZPI2017','ZI17PJMPCOORDEHT2','ZI17PJMPCOORD','Projektkoordination EH T2','TASK','P.101.026.001.004','Koordinationsaufgaben in Z-PI 2017 Daniela Ostermeier ',156.0000,74.2000,11575.2000,'PLAN','2017-01-01 23:00:00','2017-12-28 23:00:00','DOS','{}'),('ZPI2017','ZI17PJMPCOORDSOT3','ZI17PJMPCOORD','Projektkoordination SWOP T3','TASK','P.101.026.001.004','Koordinationsaufgaben in Z-PI 2017 Wolfgang Scherer',104.0000,93.5000,9724.0000,'PLAN','2017-01-01 23:00:00','2017-12-28 23:00:00','WSC','{}'),('ZPI2017','ZI17PJMPCOORDSGT3','ZI17PJMPCOORD','Projektkoordination SWGO T3','TASK','P.101.026.001.004','Koordinationsaufgaben in Z-PI 2017 Thomas Schadlinger',394.0000,93.5000,36839.0000,'PLAN','2017-01-01 23:00:00','2017-12-28 23:00:00','THS','{}'),('ZPI2017','ZI17PJMSPOC','ZI17PJM','Support ELGA-SPOC','JAPAP','P.101.026.001.091','Arbeiten zur Abstimmung mit und durch ELGA-SPOC der ITSV ',743.0000,0.0000,61263.2000,'AGG','2017-01-01 23:00:00','2017-12-28 23:00:00','','{\"NOTES\": [{\"DATE\": \"2017-01-18\", \"TEXT\": [\"Ausgestaltung und Kontierung ist mit ELGA-SPOC (Franz Wiener) abzustimmen\"]}]}'),('ZPI2017','ZI17PJMSPOCEHT1','ZI17PJMSPOC','Support ELGA-SPOC ABS','TASK','P.101.026.001.091','Support ELGA-SPOC ABS',208.0000,62.3000,12958.4000,'PLAN','2017-01-01 23:00:00','2017-12-28 23:00:00','ABS','{}'),('ZPI2017','ZI17PJMSPOCEHT2','ZI17PJMSPOC','Support ELGA-SPOC DOS','TASK','P.101.026.001.091','Support ELGA-SPOC DOS',89.0000,74.2000,6603.8000,'PLAN','2017-01-01 23:00:00','2017-12-28 23:00:00','DOS','{}'),('ZPI2017','ZI17PJMSPOCEHT3','ZI17PJMSPOC','Support ELGA-SPOC THL','TASK','P.101.026.001.091','Support ELGA-SPOC THL',223.0000,93.5000,20850.5000,'PLAN','2017-01-01 23:00:00','2017-12-28 23:00:00','THL','{}'),('ZPI2017','ZI17PJMSPOCSOT3','ZI17PJMSPOC','Support ELGA-SPOC WSC','TASK','P.101.026.001.091','Support ELGA-SPOC WSC',149.0000,93.5000,13931.5000,'PLAN','2017-01-01 23:00:00','2017-12-28 23:00:00','WSC','{}'),('ZPI2017','ZI17PJMSPOCSGT3','ZI17PJMSPOC','Support ELGA-SPOC THS','TASK','P.101.026.001.091','Support ELGA-SPOC THS',74.0000,93.5000,6919.0000,'PLAN','2017-01-01 23:00:00','2017-12-28 23:00:00','THS','{}'),('ZPI2017','ZI17WA01','ZI17WA','WA01 - Security','JAPVORHABEN','P.101.026.002.080','WA01 - Security für Z-PI im Jahr 2017',360.0000,0.0000,33230.6000,'AGG','2017-01-01 23:00:00','2017-12-28 23:00:00','','{}'),('ZPI2017','ZI17WA0101','ZI17WA01','Mitarbeit in der ELGA ISMS Arbeitsgruppe','JAPAP','P.101.026.002.081','Mitarbeit in der ELGA ISMS Arbeitsgruppe',71.0000,0.0000,6368.3000,'AGG','2017-01-01 23:00:00','2017-12-28 23:00:00','','{\"DETAILS\": \"ISMS tagt 1 x monatlich => 12x5=60Ph + eventuelle Nacharbeiten\"}'),('ZPI2017','ZI17WA0101SURT3','ZI17WA0101','Mitarbeit in der ELGA ISMS Arbeitsgruppe SuR T3','TASK','P.101.026.002.081','Mitarbeit in der ELGA ISMS Arbeitsgruppe Christian Hofsommer',57.0000,93.5000,5329.5000,'PLAN','2017-01-01 23:00:00','2017-12-28 23:00:00','CHO','{}'),('ZPI2017','ZI17WA0101SURT2','ZI17WA0101','Mitarbeit in der ELGA ISMS Arbeitsgruppe SuR T2','TASK','P.101.026.002.081','Mitarbeit in der ELGA ISMS Arbeitsgruppe SuR T2-Mitarbeiter',14.0000,74.2000,1038.8000,'PLAN','2017-01-01 23:00:00','2017-12-28 23:00:00','MZE','{}'),('ZPI2017','ZI17WA0102','ZI17WA01','Mitarbeit in der ELGA SICO','JAPAP','P.101.026.002.082','Mitarbeit in der ELGA SICO',25.0000,0.0000,2241.0000,'AGG','2017-01-01 23:00:00','2017-12-28 23:00:00','','{\"DETAILS\": \"SICO tagt 5 x pro Jahr => 5x4=20Ph + eventuelle Nacharbeiten\", \"FORECASTS\": [{\"DATE\": \"2017-03-10\", \"RANGE\": \"2017\", \"ESTEFFPH\": \"20\", \"DESCRIPTION\": \"1 Sitzung nicht teilgenommen(krank), noch 4 erwartet=>4x4=16Ph+4Ph Nacharbeiten => 20Ph\"}]}'),('ZPI2017','ZI17WA0102SURT3','ZI17WA0102','Mitarbeit in der ELGA SICO SuR T3','TASK','P.101.026.002.082','Mitarbeit in der ELGA SICO Christian Hofsommer',20.0000,93.5000,1870.0000,'PLAN','2017-01-01 23:00:00','2017-12-28 23:00:00','CHO','{\"FORECASTS\": [{\"DATE\": \"2017-03-10\", \"RANGE\": \"2017\", \"ESTEFFPH\": \"20\"}]}'),('ZPI2017','ZI17WA0102SURT2','ZI17WA0102','Mitarbeit in der ELGA SICO SuR T2','TASK','P.101.026.002.082','Mitarbeit in der ELGA SICO SuR T2-Mitarbeiter',5.0000,74.2000,371.0000,'PLAN','2017-01-01 23:00:00','2017-12-28 23:00:00','MZE','{\"FORECASTS\": [{\"DATE\": \"2017-03-10\", \"RANGE\": \"2017\", \"ESTEFFPH\": \"0\"}]}'),('ZPI2017','ZI17WA0103','ZI17WA01','Aktualisierung Security-Maßnahmen','JAPAP','P.101.026.002.083','Aktualisierung Security-Maßnahmen',75.0000,0.0000,8667.5000,'AGG','2017-01-01 23:00:00','2017-12-28 23:00:00','','{\"DETAILS\": \"keine definitiv geplanten Arbeiten, nur auf Anforderung\", \"TASKDESC\": \"Aktualisierung der Security-Maßnahmen an Erfordernisse aus dem Betrieb (Fraud-Protection etc.). (KAV) Ggf. können Inhalte der Fraunhofer-Studie mit berücksichtigt werden.\"}'),('ZPI2017','ZI17WA0103JHE','ZI17WA0103','Aktualisierung Security-Maßnahmen JHE','TASK','P.101.026.002.083','Aktualisierung Security-Maßnahmen JHE',40.0000,134.8750,5395.0000,'PLAN','2017-01-01 23:00:00','2017-12-28 23:00:00','JHE','{}'),('ZPI2017','ZI17WA0103THS','ZI17WA0103','Aktualisierung Security-Maßnahmen THS','TASK','P.101.026.002.083','Aktualisierung Security-Maßnahmen THS',35.0000,93.5000,3272.5000,'PLAN','2017-01-01 23:00:00','2017-12-28 23:00:00','THS','{}'),('ZPI2017','ZI17WA0104','ZI17WA01','ITSV Audits','JAPAP','P.101.026.002.084','ITSV-interne Audits und Maßnahmenableitung',63.0000,0.0000,5890.5000,'AGG','2017-01-01 23:00:00','2017-12-28 23:00:00','','{\"DETAILS\": \"keine definitiv geplanten Arbeiten, nur auf Anforderung\"}'),('ZPI2017','ZI17WA0104SURT3','ZI17WA0104','ITSV Audits CHO','','P.101.026.002.084','ITSV-interne Audits und Maßnahmenableitung CHO',63.0000,93.5000,5890.5000,'PLAN','2017-01-01 23:00:00','2017-12-28 23:00:00','CHO','{}'),('ZPI2017','ZI17WA0105','ZI17WA01','Mitarbeit an externem PEN-Test','JAPAP','P.101.026.002.085','Mitarbeit an externem PEN-Test unter Leitung der ELGA GmbH',126.0000,0.0000,10063.3000,'AGG','2017-01-01 23:00:00','2017-12-28 23:00:00','','{\"DETAILS\": \"keine definitiv geplanten Arbeiten, nur auf Anforderung\"}'),('ZPI2017','ZI17WA0105SURT3','ZI17WA0105','Mitarbeit an externem PEN-Test - SuR T3','TASK','P.101.026.002.085','Mitarbeit an externem PEN-Test Christian Hofsommer',37.0000,93.5000,3459.5000,'PLAN','2017-01-01 23:00:00','2017-12-28 23:00:00','CHO','{}'),('ZPI2017','ZI17WA0105SURT2','ZI17WA0105','Mitarbeit an externem PEN-Test - SuR T2','TASK','P.101.026.002.085','Mitarbeit an externem PEN-Test SuR T2-Mitarbeiter',89.0000,74.2000,6603.8000,'PLAN','2017-01-01 23:00:00','2017-12-28 23:00:00','MZE','{}'),('ZPI2017','ZI17WA02','ZI17WA','Betrieb und 3rd-Level-Support','JAPVORHABEN','P.101.026.002.010','WA02 - Betrieb und 3rd-Level-Support',1838.0000,0.0000,161124.1750,'AGG','2017-01-01 23:00:00','2017-12-28 23:00:00','','{}'),('ZPI2017','ZI17WA0201','ZI17WA02','Release-Rollout','JAPAP','P.101.026.002.011','Rollout neuer Releases, Deployment, Kommunikation (Release Notes etc.) in Abstimmung mit ITSV-Rechenzentrum. Annahme: 2 Releases, inkl. Abstimmung mit ELGA-Releasemanagement (Meeting).',73.0000,0.0000,7005.0000,'AGG','2017-01-01 23:00:00','2017-12-28 23:00:00','','{\"DETAILS\": [\"2 Releases (ER1/2017, ER2/2017), Deployment auf jeweils 7 Umgebungen (TE, Lab1, Lab2, GIT, GDASWH,VORPROD, PROD), ER2/2017 entfällt wahrscheinlich\"]}'),('ZPI2017','ZI17WA0201JHE','ZI17WA0201','Release-Rollout JHE','TASK','P.101.026.002.011','Release-Rollout JHE',16.0000,134.8750,2158.0000,'PLAN','2017-01-01 23:00:00','2017-12-28 23:00:00','JHE','{}'),('ZPI2017','ZI17WA0201WSC','ZI17WA0201','Release-Rollout WSC','TASK','P.101.026.002.011','Release-Rollout WSC',16.0000,93.5000,1496.0000,'PLAN','2017-01-01 23:00:00','2017-12-28 23:00:00','WSC','{}'),('ZPI2017','ZI17WA0201RDI','ZI17WA0201','Release-Rollout RDI','TASK','P.101.026.002.011','Release-Rollout RDI',8.0000,93.5000,748.0000,'PLAN','2017-01-01 23:00:00','2017-12-28 23:00:00','RDI','{}'),('ZPI2017','ZI17WA0201THS','ZI17WA0201','Release-Rollout THS','TASK','P.101.026.002.011','Release-Rollout THS',8.0000,93.5000,748.0000,'PLAN','2017-01-01 23:00:00','2017-12-28 23:00:00','THS','{}'),('ZPI2017','ZI17WA0201NFR','ZI17WA0201','Release-Rollout NFR','TASK','P.101.026.002.011','Release-Rollout NFR',5.0000,74.2000,371.0000,'PLAN','2017-01-01 23:00:00','2017-12-28 23:00:00','NFR','{}'),('ZPI2017','ZI17WA0201GKA','ZI17WA0201','Release-Rollout GKA','TASK','P.101.026.002.011','Release-Rollout GKA',4.0000,74.2000,296.8000,'PLAN','2017-01-01 23:00:00','2017-12-28 23:00:00','GKA','{}'),('ZPI2017','ZI17WA0201CRA','ZI17WA0201','Release-Rollout CRA','TASK','P.101.026.002.011','Release-Rollout CRA',16.0000,74.2000,1187.2000,'PLAN','2017-01-01 23:00:00','2017-12-28 23:00:00','CRA','{}'),('ZPI2017','ZI17WA0201DOS','ZI17WA0201','Release-Rollout DOS','TASK','P.101.026.002.011','Release-Rollout DOS',0.0000,74.2000,0.0000,'PLAN','2017-01-01 23:00:00','2017-12-28 23:00:00','DOS','{}'),('ZPI2017','ZI17WA0202','ZI17WA02','Bugfixing','JAPAP','P.101.026.002.012','Bugfixing',429.0000,0.0000,38588.1750,'AGG','2017-01-01 23:00:00','2017-12-28 23:00:00','','{\"DETAILS\": \"keine definitiv geplanten Arbeiten, nur auf Anforderung\"}'),('ZPI2017','ZI17WA0202JHE','ZI17WA0202','Bugfixing JHE','TASK','P.101.026.002.012','Bugfixing JHE',77.0000,134.8750,10385.3750,'PLAN','2017-01-01 23:00:00','2017-12-28 23:00:00','JHE','{}'),('ZPI2017','ZI17WA0202WSC','ZI17WA0202','Bugfixing WSC','TASK','P.101.026.002.012','Bugfixing WSC',22.0000,93.5000,2057.0000,'PLAN','2017-01-01 23:00:00','2017-12-28 23:00:00','WSC','{}'),('ZPI2017','ZI17WA0202RDI','ZI17WA0202','Bugfixing RDI','TASK','P.101.026.002.012','Bugfixing RDI',22.0000,93.5000,2057.0000,'PLAN','2017-01-01 23:00:00','2017-12-28 23:00:00','RDI','{}'),('ZPI2017','ZI17WA0202THS','ZI17WA0202','Bugfixing THS','TASK','P.101.026.002.012','Bugfixing THS',64.0000,93.5000,5984.0000,'PLAN','2017-01-01 23:00:00','2017-12-28 23:00:00','THS','{}'),('ZPI2017','ZI17WA0202NFR','ZI17WA0202','Bugfixing NFR','TASK','P.101.026.002.012','Bugfixing NFR',107.0000,74.2000,7939.4000,'PLAN','2017-01-01 23:00:00','2017-12-28 23:00:00','NFR','{}'),('ZPI2017','ZI17WA0202GKA','ZI17WA0202','Bugfixing GKA','TASK','P.101.026.002.012','Bugfixing GKA',43.0000,74.2000,3190.6000,'PLAN','2017-01-01 23:00:00','2017-12-28 23:00:00','GKA','{}'),('ZPI2017','ZI17WA0202CRA','ZI17WA0202','Bugfixing CRA','TASK','P.101.026.002.012','Bugfixing CRA',94.0000,74.2000,6974.8000,'PLAN','2017-01-01 23:00:00','2017-12-28 23:00:00','CRA','{}'),('ZPI2017','ZI17WA0203','ZI17WA02','Testdurchführung und Testdokumentation','JAPAP','P.101.026.002.013','Testdurchführung, laufende Anpassung der Testsuites und Reporting',764.0000,0.0000,64490.4000,'AGG','2017-01-01 23:00:00','2017-12-28 23:00:00','','{\"DETAILS\": \"Alle regulär durchzuführenden Tests, Nachdokumentation und -Automatisierung nach gegebenen freien Ressourcen, periodische Regression-Tests (nur bereits automatisierte Cases 2 Releases, jeweils 4 Durchläufe, Einbindung der Regression-Suite in den Jenkings-Build-Ablauf\"}'),('ZPI2017','ZI17WA0203JHE','ZI17WA0203','Testdurchführung und Testdokumentation JHE','TASK','P.101.026.002.013','Testdurchführung und Testdokumentation JHE',92.0000,134.8750,12408.5000,'PLAN','2017-01-01 23:00:00','2017-12-28 23:00:00','JHE','{}'),('ZPI2017','ZI17WA0203WSC','ZI17WA0203','Testdurchführung und Testdokumentation WSC','TASK','P.101.026.002.013','Testdurchführung und Testdokumentation WSC',99.0000,93.5000,9256.5000,'PLAN','2017-01-01 23:00:00','2017-12-28 23:00:00','WSC','{}'),('ZPI2017','ZI17WA0203RDI','ZI17WA0203','Testdurchführung und Testdokumentation RDI','TASK','P.101.026.002.013','Testdurchführung und Testdokumentation RDI',16.0000,93.5000,1496.0000,'PLAN','2017-01-01 23:00:00','2017-12-28 23:00:00','RDI','{}'),('ZPI2017','ZI17WA0203NFR','ZI17WA0203','Testdurchführung und Testdokumentation NFR','TASK','P.101.026.002.013','Testdurchführung und Testdokumentation NFR',99.0000,74.2000,7345.8000,'PLAN','2017-01-01 23:00:00','2017-12-28 23:00:00','NFR','{}'),('ZPI2017','ZI17WA0203GKA','ZI17WA0203','Testdurchführung und Testdokumentation GKA','TASK','P.101.026.002.013','Testdurchführung und Testdokumentation GKA',77.0000,74.2000,5713.4000,'PLAN','2017-01-01 23:00:00','2017-12-28 23:00:00','GKA','{}'),('ZPI2017','ZI17WA0203CRA','ZI17WA0203','Testdurchführung und Testdokumentation CRA','TASK','P.101.026.002.013','Testdurchführung und Testdokumentation CRA',381.0000,74.2000,28270.2000,'PLAN','2017-01-01 23:00:00','2017-12-28 23:00:00','CRA','{}'),('ZPI2017','ZI17WA0204','ZI17WA02','3rd-Level-Support','JAPAP','P.101.026.002.014','Bearbeitung von Support-Anfragen (3rd-Level-Support durch Z-PI CC)',269.0000,0.0000,23153.2500,'AGG','2017-01-01 23:00:00','2017-12-28 23:00:00','','{\"DETAILS\": \"keine definitiv geplanten Arbeiten, nur auf Anforderung\"}'),('ZPI2017','ZI17WA0204JHE','ZI17WA0204','3rd-Level-Support JHE','TASK','P.101.026.002.014','3rd-Level-Support JHE',38.0000,134.8750,5125.2500,'PLAN','2017-01-01 23:00:00','2017-12-28 23:00:00','JHE','{}'),('ZPI2017','ZI17WA0204WSC','ZI17WA0204','3rd-Level-Support WSC','TASK','P.101.026.002.014','3rd-Level-Support WSC',40.0000,93.5000,3740.0000,'PLAN','2017-01-01 23:00:00','2017-12-28 23:00:00','WSC','{}'),('ZPI2017','ZI17WA0204RDI','ZI17WA0204','3rd-Level-Support RDI','TASK','P.101.026.002.014','3rd-Level-Support RDI',6.0000,93.5000,561.0000,'PLAN','2017-01-01 23:00:00','2017-12-28 23:00:00','RDI','{}'),('ZPI2017','ZI17WA0204NFR','ZI17WA0204','3rd-Level-Support NFR','TASK','P.101.026.002.014','3rd-Level-Support NFR',43.0000,74.2000,3190.6000,'PLAN','2017-01-01 23:00:00','2017-12-28 23:00:00','NFR','{}'),('ZPI2017','ZI17WA0204GKA','ZI17WA0204','3rd-Level-Support GKA','TASK','P.101.026.002.014','3rd-Level-Support GKA',43.0000,74.2000,3190.6000,'PLAN','2017-01-01 23:00:00','2017-12-28 23:00:00','GKA','{}'),('ZPI2017','ZI17WA0204CRA','ZI17WA0204','3rd-Level-Support CRA','TASK','P.101.026.002.014','3rd-Level-Support CRA',99.0000,74.2000,7345.8000,'PLAN','2017-01-01 23:00:00','2017-12-28 23:00:00','CRA','{}'),('ZPI2017','ZI17WA0204ABS','ZI17WA0204','3rd-Level-Support ABS','TASK','P.101.026.002.014','3rd-Level-Support ABS',0.0000,62.3000,0.0000,'PLAN','2017-01-01 23:00:00','2017-12-28 23:00:00','ABS','{}'),('ZPI2017','ZI17WA0205','ZI17WA02','Betriebsführung','JAPAP','P.101.026.002.015','Betriebsführung',135.0000,0.0000,12101.4000,'AGG','2017-01-01 23:00:00','2017-12-28 23:00:00','','{\"DETAILS\": [\"periodische (<1x/Monat) Meetings ZPI-Team (WSC, RDI, THS) mit RZ-Betrieb (GKR, <SYSMGT>, <DABA>, <AM>, <SYSOPER>)\", \"Austausch von Info aus und Anliegen an ELGA-BF-Meetings (G.Kraxberger)\"]}'),('ZPI2017','ZI17WA0205WSC','ZI17WA0205','Betriebsführung WSC','TASK','P.101.026.002.015','Betriebsführung WSC',67.0000,93.5000,6264.5000,'PLAN','2017-01-01 23:00:00','2017-12-28 23:00:00','WSC','{}'),('ZPI2017','ZI17WA0205RDI','ZI17WA0205','Betriebsführung RDI','TASK','P.101.026.002.015','Betriebsführung RDI',3.0000,93.5000,280.5000,'PLAN','2017-01-01 23:00:00','2017-12-28 23:00:00','RDI','{}'),('ZPI2017','ZI17WA0205THS','ZI17WA0205','Betriebsführung THS','TASK','P.101.026.002.015','Betriebsführung THS',38.0000,93.5000,3553.0000,'PLAN','2017-01-01 23:00:00','2017-12-28 23:00:00','THS','{}'),('ZPI2017','ZI17WA0205CRA','ZI17WA0205','Betriebsführung CRA','TASK','P.101.026.002.015','Betriebsführung CRA',27.0000,74.2000,2003.4000,'PLAN','2017-01-01 23:00:00','2017-12-28 23:00:00','CRA','{}'),('ZPI2017','ZI17WA0205NFR','ZI17WA0205','Betriebsführung NFR','TASK','P.101.026.002.015','Betriebsführung NFR',0.0000,74.2000,0.0000,'PLAN','2017-01-01 23:00:00','2017-12-28 23:00:00','NFR','{}'),('ZPI2017','ZI17WA0206','ZI17WA02','Logfile-Aggregation und Analyse','JAPAP','P.101.026.002.016','ELGA GmbH: Analyse Log-File-Aggregation (Analyse für Protokollierung der Aufrufe durch externe Services)  lt. Vorgaben ELGA GmbH. Keine technische Umsetzung einzuplanen.',58.0000,0.0000,5947.2500,'AGG','2017-01-01 23:00:00','2017-12-28 23:00:00','','{\"DETAILS\": \"keine definitiv geplanten Arbeiten, nur auf Anforderung durch ELGA-BF/ELGA-GmbH\"}'),('ZPI2017','ZI17WA0206JHE','ZI17WA0206','Logfile-Analyse JHE','TASK','P.101.026.002.016','Logfile-Analyse JHE',22.0000,134.8750,2967.2500,'PLAN','2017-01-01 23:00:00','2017-12-28 23:00:00','JHE','{}'),('ZPI2017','ZI17WA0206WSC','ZI17WA0206','Logfile-Analyse WSC','TASK','P.101.026.002.016','Logfile-Analyse WSC',14.0000,93.5000,1309.0000,'PLAN','2017-01-01 23:00:00','2017-12-28 23:00:00','WSC','{}'),('ZPI2017','ZI17WA0206RDI','ZI17WA0206','Logfile-Analyse RDI','TASK','P.101.026.002.016','Logfile-Analyse RDI',2.0000,93.5000,187.0000,'PLAN','2017-01-01 23:00:00','2017-12-28 23:00:00','RDI','{}'),('ZPI2017','ZI17WA0206NFR','ZI17WA0206','Logfile-Analyse NFR','TASK','P.101.026.002.016','Logfile-Analyse NFR',7.0000,74.2000,519.4000,'PLAN','2017-01-01 23:00:00','2017-12-28 23:00:00','NFR','{}'),('ZPI2017','ZI17WA0206GKA','ZI17WA0206','Logfile-Analyse GKA','TASK','P.101.026.002.016','Logfile-Analyse GKA',7.0000,74.2000,519.4000,'PLAN','2017-01-01 23:00:00','2017-12-28 23:00:00','GKA','{}'),('ZPI2017','ZI17WA0206CRA','ZI17WA0206','Logfile-Analyse CRA','TASK','P.101.026.002.016','Logfile-Analyse CRA',6.0000,74.2000,445.2000,'PLAN','2017-01-01 23:00:00','2017-12-28 23:00:00','CRA','{}'),('ZPI2017','ZI17WA0207','ZI17WA02','SLA-Reporting, -Dokumentation, -Optimierung','JAPAP','P.101.026.002.017','SLA-Reporting, -Dokumentation, -Optimierung',110.0000,0.0000,9838.7000,'AGG','2017-01-01 23:00:00','2017-12-28 23:00:00','','{\"DETAILS\": [\"CITRA-Tests qualitätssichern und Ausreißer dokumentieren\", \"Monatsreport automatisieren und stabilisieren (läuft derzeit sehr lange und belastst TEMP-Tablespace der PROD-Umgebung)\", \"Weitere Aktivitäten nur auf Anforderung durch HVB bzw. ELGA-Gremien\"], \"TASKDESC\": \"Anpassung/Weiterentwicklung SLA-Reporting (Verfügbarkeiten, Antwortzeitverhalten etc.) und ggf. Umsetzung von Maßnahmen zur Einhaltung der vereinbarten SLAs. Optimierung der SLA-Messung (Downtimes, Report Citratest etc.).\\nAnnahme: Sicherstellung der 2016 vereinbarten SLAs. Darüber hinausgehende Anforderungen (z.B. Verkürzung der Antwortzeiten) sind ggf. als CR zu beauftragen. \"}'),('ZPI2017','ZI17WA0207JHE','ZI17WA0207','Optimierung SLA-Reporting JHE','TASK','P.101.026.002.017','Optimierung SLA-Reporting JHE',20.0000,134.8750,2697.5000,'PLAN','2017-01-01 23:00:00','2017-12-28 23:00:00','JHE','{}'),('ZPI2017','ZI17WA0207WSC','ZI17WA0207','Optimierung SLA-Reporting WSC','TASK','P.101.026.002.017','Optimierung SLA-Reporting WSC',21.0000,93.5000,1963.5000,'PLAN','2017-01-01 23:00:00','2017-12-28 23:00:00','WSC','{}'),('ZPI2017','ZI17WA0207RDI','ZI17WA0207','Optimierung SLA-Reporting RDI','TASK','P.101.026.002.017','Optimierung SLA-Reporting RDI',3.0000,93.5000,280.5000,'PLAN','2017-01-01 23:00:00','2017-12-28 23:00:00','RDI','{}'),('ZPI2017','ZI17WA0207NFR','ZI17WA0207','Optimierung SLA-Reporting NFR','TASK','P.101.026.002.017','Optimierung SLA-Reporting NFR',13.0000,74.2000,964.6000,'PLAN','2017-01-01 23:00:00','2017-12-28 23:00:00','NFR','{}'),('ZPI2017','ZI17WA0207GKA','ZI17WA0207','Optimierung SLA-Reporting GKA','TASK','P.101.026.002.017','Optimierung SLA-Reporting GKA',13.0000,74.2000,964.6000,'PLAN','2017-01-01 23:00:00','2017-12-28 23:00:00','GKA','{}'),('ZPI2017','ZI17WA0207CRA','ZI17WA0207','Optimierung SLA-Reporting CRA','TASK','P.101.026.002.017','Optimierung SLA-Reporting CRA',40.0000,74.2000,2968.0000,'PLAN','2017-01-01 23:00:00','2017-12-28 23:00:00','CRA','{}'),('ZPI2017','ZI17WA0208','ZI17WA02','Abschluss Tests Z-PI 2.8 - PUN','JAPAP','P.101.026.002.018','PUN-Test- und Abschluss-Tätigkeiten, die 2016 nicht mehr durchgeführt werden konnten',0.0000,0.0000,0.0000,'UNPLAN','2017-01-01 23:00:00','2017-01-30 23:00:00','','{}'),('ZPI2017','ZI17WA0208CRA','ZI17WA0208','Abschluss Tests Z-PI 2.8 - PUN CRA','TASK','P.101.026.002.018','PUN-Tests Abschluss CRA',0.0000,74.2000,0.0000,'UNPLAN','2017-01-01 23:00:00','2017-01-30 23:00:00','CRA','{}'),('ZPI2017','ZI17WA03','ZI17WA','WA03 - Anpassung technische Infrastruktur','JAPVORHABEN','P.101.026.002.040','',1195.0000,0.0000,106277.6250,'AGG','2017-01-31 23:00:00','2017-12-28 23:00:00','','{}'),('ZPI2017','ZI17WA0301','ZI17WA03','Releaseschein-Upgrade','JAPAP','P.101.026.002.041','Releaseschein Upgrade (Analyse, Update JBOSS Plattform und Oracle DB, Update der Framework)',820.0000,0.0000,73168.6000,'AGG','2017-01-31 23:00:00','2017-12-28 23:00:00','','{\"NOTES\": [{\"DATE\": \"2017-01-24\", \"TEXT\": [\"Releaseschein auf Dubai. RDI check noch mit MBO, ob das keine Überraschungen hat.\", \"AIX 7.2\", \"JBoss EAP 6.2 => EAP 7.0.4\", \"Apache 2.4, <= ist bereits, OK\", \"Oracle 11 => 12.1.0.2\", \"Java 7 => 8\", \"Maven 3.0 => 3.3\", \"von obigen abhängige Libraries nachziehen (sind nich explizit im Releaseschein aufgeführt:\", \"Spring, ...\", \"GUIs (ARR/ATNA, Clearing) haben RichFaces in sich, dieses wird insgesamt nicht mehr supported und sollte entfernt werden\"]}]}'),('ZPI2017','ZI17WA0301JHE','ZI17WA0301','Releaseschein-Upgrade JHE','TASK','P.101.026.002.041','Releaseschein-Upgrade JHE',164.0000,134.8750,22119.5000,'PLAN','2017-01-31 23:00:00','2017-12-28 23:00:00','JHE','{}'),('ZPI2017','ZI17WA0301WSC','ZI17WA0301','Releaseschein-Upgrade WSC','TASK','P.101.026.002.041','Releaseschein-Upgrade WSC',41.0000,93.5000,3833.5000,'PLAN','2017-01-31 23:00:00','2017-12-28 23:00:00','WSC','{}'),('ZPI2017','ZI17WA0301RDI','ZI17WA0301','Releaseschein-Upgrade RDI','TASK','P.101.026.002.041','Releaseschein-Upgrade RDI',82.0000,93.5000,7667.0000,'PLAN','2017-01-31 23:00:00','2017-12-28 23:00:00','RDI','{}'),('ZPI2017','ZI17WA0301NFR','ZI17WA0301','Releaseschein-Upgrade NFR','TASK','P.101.026.002.041','Releaseschein-Upgrade NFR',287.0000,74.2000,21295.4000,'PLAN','2017-01-31 23:00:00','2017-12-28 23:00:00','NFR','{}'),('ZPI2017','ZI17WA0301GKA','ZI17WA0301','Releaseschein-Upgrade GKA','TASK','P.101.026.002.041','Releaseschein-Upgrade GKA',246.0000,74.2000,18253.2000,'PLAN','2017-01-31 23:00:00','2017-12-28 23:00:00','GKA','{}'),('ZPI2017','ZI17WA0302','ZI17WA03','Analyse Framework-Wechsel','JAPAP','P.101.026.002.042','Analyse Framework Wechsel ',375.0000,0.0000,33109.0250,'AGG','2017-01-31 23:00:00','2017-12-28 23:00:00','','{}'),('ZPI2017','ZI17WA0302JHE','ZI17WA0302','Analyse Framework-Wechsel JHE','TASK','P.101.026.002.042','Analyse Framework-Wechsel JHE',75.0000,134.8750,10115.6250,'PLAN','2017-01-31 23:00:00','2017-12-28 23:00:00','JHE','{\"NOTES\": [{\"DATE\": \"2017-01-24\", \"TEXT\": [\"Abschätzung des Aufwandes um Spring => Apache CDI durchzuführen. Erwartungshaltung ist, dass es ähnlich wie Neuentwicklung sein wird => unmöglich, muss aber dokumentiert werden, um es abwenden zu können\", \"Analyse und Abschätzun g des Aufwandes, um aus den GUIs des Z-PI RichFaces zu entfernen, das prinzipiell (in keiner Version) mehr unterstützt wird\"]}]}'),('ZPI2017','ZI17WA0302RDI','ZI17WA0302','Analyse Framework-Wechsel RDI','TASK','P.101.026.002.042','Analyse Framework-Wechsel RDI',38.0000,93.5000,3553.0000,'PLAN','2017-01-31 23:00:00','2017-12-28 23:00:00','RDI','{}'),('ZPI2017','ZI17WA0302NFR','ZI17WA0302','Analyse Framework-Wechsel NFR','TASK','P.101.026.002.042','Analyse Framework-Wechsel NFR',150.0000,74.2000,11130.0000,'PLAN','2017-01-31 23:00:00','2017-12-28 23:00:00','NFR','{}'),('ZPI2017','ZI17WA0302GKA','ZI17WA0302','Analyse Framework-Wechsel GKA','TASK','P.101.026.002.042','Analyse Framework-Wechsel GKA',112.0000,74.2000,8310.4000,'PLAN','2017-01-31 23:00:00','2017-12-28 23:00:00','GKA','{}'),('ZPI2017','ZI17WA04','ZI17WA','WA04 - Z-PI Clearing','JAPVORHABEN','P.101.026.002.020','',455.0000,0.0000,37620.5500,'AGG','2017-01-01 23:00:00','2017-12-28 23:00:00','','{}'),('ZPI2017','ZI17WA0401','ZI17WA04','Durchführung Clearung und 3rd-Level-Support','JAPAP','P.101.026.002.021','Operative Durchführung des Clearings durch CuCC inkl. notwendiger Support-Leistungen durch Projektteam Z-PI (3rd-Level-Support für Clearinganfragen) ',319.0000,0.0000,26393.3250,'AGG','2017-01-01 23:00:00','2017-12-28 23:00:00','','{\"DETAILS\": \"Bis auf TSA Aktivitäten nur nach Anforderung durch CuCC\"}'),('ZPI2017','ZI17WA0401ABS','ZI17WA0401','Durchführung Clearung und 3rd-Level-Support ABS','TASK','P.101.026.002.021','Durchführung Clearung und 3rd-Level-Support ABS',13.0000,62.3000,809.9000,'PLAN','2017-01-01 23:00:00','2017-12-28 23:00:00','ABS','{}'),('ZPI2017','ZI17WA0401JHE','ZI17WA0401','Durchführung Clearung und 3rd-Level-Support JHE','TASK','P.101.026.002.021','Durchführung Clearung und 3rd-Level-Support JHE',39.0000,134.8750,5260.1250,'PLAN','2017-01-01 23:00:00','2017-12-28 23:00:00','JHE','{}'),('ZPI2017','ZI17WA0401TSA','ZI17WA0401','Durchführung Clearung und 3rd-Level-Support TSA','TASK','P.101.026.002.021','Durchführung Clearung und 3rd-Level-Support TSA',77.0000,62.3000,4797.1000,'PLAN','2017-01-01 23:00:00','2017-12-28 23:00:00','TSA','{\"DETAILS\": \"Fallbearbeitung nach Einmeldung über ELGA-SEL\"}'),('ZPI2017','ZI17WA0401RDI','ZI17WA0401','Durchführung Clearung und 3rd-Level-Support RDI','TASK','P.101.026.002.021','Durchführung Clearung und 3rd-Level-Support RDI',42.0000,93.5000,3927.0000,'PLAN','2017-01-01 23:00:00','2017-12-28 23:00:00','RDI','{}'),('ZPI2017','ZI17WA0401EHA','ZI17WA0401','Durchführung Clearung und 3rd-Level-Support EHA','TASK','P.101.026.002.021','Durchführung Clearung und 3rd-Level-Support EHA',32.0000,93.5000,2992.0000,'PLAN','2017-01-01 23:00:00','2017-12-28 23:00:00','EHA','{}'),('ZPI2017','ZI17WA0401UNASS','ZI17WA0401','Durchführung Clearung und 3rd-Level-Support REST','TASK','P.101.026.002.021','Durchführung Clearung und 3rd-Level-Support REST',116.0000,74.2000,8607.2000,'PLAN','2017-01-01 23:00:00','2017-12-28 23:00:00','REST','{}'),('ZPI2017','ZI17WA0402','ZI17WA04','Evaluierung und Weiterentwicklung ZPI-Clearing','JAPAP','P.101.026.002.022','Evaluierung und Weiterentwicklung des laufenden (internen) Clearing-Prozesses',136.0000,0.0000,11227.2250,'AGG','2017-01-01 23:00:00','2017-12-28 23:00:00','','{\"DETAILS\": \"keine definitiv geplanten Arbeiten, nur auf Anforderung\"}'),('ZPI2017','ZI17WA0402ABS','ZI17WA0402','Evaluierung und Weiterentwicklung ZPI-Clearing ABS','TASK','P.101.026.002.022','Evaluierung und Weiterentwicklung ZPI-Clearing ABS',12.0000,62.3000,747.6000,'PLAN','2017-01-01 23:00:00','2017-12-28 23:00:00','ABS','{}'),('ZPI2017','ZI17WA0402JHE','ZI17WA0402','Evaluierung und Weiterentwicklung ZPI-Clearing JHE','TASK','P.101.026.002.022','Evaluierung und Weiterentwicklung ZPI-Clearing JHE',7.0000,134.8750,944.1250,'PLAN','2017-01-01 23:00:00','2017-12-28 23:00:00','JHE','{}'),('ZPI2017','ZI17WA0402RDI','ZI17WA0402','Evaluierung und Weiterentwicklung ZPI-Clearing RDI','TASK','P.101.026.002.022','Evaluierung und Weiterentwicklung ZPI-Clearing RDI',27.0000,93.5000,2524.5000,'PLAN','2017-01-01 23:00:00','2017-12-28 23:00:00','RDI','{}'),('ZPI2017','ZI17WA0402EHA','ZI17WA0402','Evaluierung und Weiterentwicklung ZPI-Clearing EHA','TASK','P.101.026.002.022','Evaluierung und Weiterentwicklung ZPI-Clearing EHA',45.0000,93.5000,4207.5000,'PLAN','2017-01-01 23:00:00','2017-12-28 23:00:00','EHA','{}'),('ZPI2017','ZI17WA0402TSA','ZI17WA0402','Evaluierung und Weiterentwicklung ZPI-Clearing TSA','TASK','P.101.026.002.022','Evaluierung und Weiterentwicklung ZPI-Clearing TSA',45.0000,62.3000,2803.5000,'PLAN','2017-01-01 23:00:00','2017-12-28 23:00:00','TSA','{}'),('ZPI2017','ZI17WE','ZI17','Z-PI 2017 Weiterentwicklung','JAPBEREICH','P.101.026.003','Weiterentwicklung des Z-PI im Jahr 2017',677.6000,0.0000,68017.0833,'AGG','2017-01-01 23:00:00','2017-12-28 23:00:00','','{\"BUDGET\": [{\"PLAN\": {\"DATE\": \"2016-12-23\", \"VERSION\": \"1.5-2\", \"BETRAG_EUR_INCL_GK\": \"66321.60\"}}], \"VERRECHNUNG\": \"ELGA-GmbH\"}'),('ZPI2017','ZI17WE01','ZI17WE','WE01 - Monitoring und Reporting Datenqualität','JAPVORHABEN','P.101.026.003.020','Monitoring und Reporting Datenqualität',363.4400,0.0000,34127.0969,'AGG','2017-01-01 23:00:00','2017-12-28 23:00:00','','{\"TASKDESC\": \"Reporting, Koordination und Monitoring der Datenqualität.\\n\\nNicht-Ziel dieses Arbeitspaketes ist die direkte Steigerung der Datenqualität, da diese nicht im unmittelbaren Einflussbereich des Z-PI liegt. Es können lediglich Kennzahlen und Sachverhalte aufgezeigt werden.\"}'),('ZPI2017','ZI17WE0101','ZI17WE01','Anpassung DQ-Auswerte-Tools','JAPAP','P.101.026.003.021','Anpassung DQ-Auswerte-Tools',132.4400,0.0000,11871.9216,'AGG','2017-01-01 23:00:00','2017-12-28 23:00:00','','{\"TASKDESC\": \"Laufende Anpassung des Auswertungs-Tools zur Datenqualität und Reporting von neue Anforderungen aus dem laufenden Betrieb (Feedback L-PIs, Auftraggeber, Implementierung Kennzahlen aus Bürgerportal, bPK-Ausstattung, Berechtigungssystem etc.). \"}'),('ZPI2017','ZI17WE0101WSC','ZI17WE0101','Anpassung DQ-Auswerte-Tools WSC','TASK','P.101.026.003.021','Anpassung DQ-Auswerte-Tools WSC',38.4076,93.5000,3591.1106,'PLAN','2017-01-01 23:00:00','2017-12-28 23:00:00','WSC','{}'),('ZPI2017','ZI17WE0101RDI','ZI17WE0101','Anpassung DQ-Auswerte-Tools RDI','TASK','P.101.026.003.021','Anpassung DQ-Auswerte-Tools RDI',52.9760,93.5000,4953.2560,'PLAN','2017-01-01 23:00:00','2017-12-28 23:00:00','RDI','{}'),('ZPI2017','ZI17WE0101THS','ZI17WE0101','Anpassung DQ-Auswerte-Tools THS','TASK','P.101.026.003.021','Anpassung DQ-Auswerte-Tools THS',14.5684,93.5000,1362.1454,'PLAN','2017-01-01 23:00:00','2017-12-28 23:00:00','THS','{}'),('ZPI2017','ZI17WE0101NFR','ZI17WE0101','Anpassung DQ-Auswerte-Tools NFR','TASK','P.101.026.003.021','Anpassung DQ-Auswerte-Tools NFR',19.8660,74.2000,1474.0572,'PLAN','2017-01-01 23:00:00','2017-12-28 23:00:00','NFR','{}'),('ZPI2017','ZI17WE0101GKA','ZI17WE0101','Anpassung DQ-Auswerte-Tools GKA','TASK','P.101.026.003.021','Anpassung DQ-Auswerte-Tools GKA',6.6220,74.2000,491.3524,'PLAN','2017-01-01 23:00:00','2017-12-28 23:00:00','GKA','{}'),('ZPI2017','ZI17WE0102','ZI17WE01','Automatisierung DQ-Reporting','JAPAP','P.101.026.003.022','Automatisierung des DQ-Reportings, Aufnahme in tägliches/wöchentliches Reporting',83.1600,0.0000,8452.2785,'AGG','2017-01-01 23:00:00','2017-12-28 23:00:00','','{\"DETAILS\": [\"per 2017-01-24 nur bPK-Abdeckungsreport NICHT automatisiert; Hinderungsgrund: nur 1x pro Monat, Grafiken in Excel-Ergebnis-Dokument nicht mit verwendeter Jakarta-POI-Library erstellbar\", \"Screening durch ITSV-Experten erforderlich bevor nach aussen geht.\", \" wird derzeit durch JHE manuell 1 x pro Monat erstellt.\", \"weitere Automatisierungen nur nach mit ELGA-SPOC abgestimmter Anforderung\"]}'),('ZPI2017','ZI17WE0102JHE','ZI17WE0102','Automatisierung DQ-Reporting JHE','TASK','P.101.026.003.022','Automatisierung DQ-Reporting JHE',24.1164,134.8750,3252.6994,'PLAN','2017-01-01 23:00:00','2017-12-28 23:00:00','JHE','{}'),('ZPI2017','ZI17WE0102WSC','ZI17WE0102','Automatisierung DQ-Reporting WSC','TASK','P.101.026.003.022','Automatisierung DQ-Reporting WSC',25.7796,93.5000,2410.3926,'PLAN','2017-01-01 23:00:00','2017-12-28 23:00:00','WSC','{}'),('ZPI2017','ZI17WE0102RDI','ZI17WE0102','Automatisierung DQ-Reporting RDI','TASK','P.101.026.003.022','Automatisierung DQ-Reporting RDI',16.6320,93.5000,1555.0920,'PLAN','2017-01-01 23:00:00','2017-12-28 23:00:00','RDI','{}'),('ZPI2017','ZI17WE0102NFR','ZI17WE0102','Automatisierung DQ-Reporting NFR','TASK','P.101.026.003.022','Automatisierung DQ-Reporting NFR',12.4740,74.2000,925.5708,'PLAN','2017-01-01 23:00:00','2017-12-28 23:00:00','NFR','{}'),('ZPI2017','ZI17WE0102GKA','ZI17WE0102','Automatisierung DQ-Reporting GKA','TASK','P.101.026.003.022','Automatisierung DQ-Reporting GKA',4.1580,74.2000,308.5236,'PLAN','2017-01-01 23:00:00','2017-12-28 23:00:00','GKA','{}'),('ZPI2017','ZI17WE0103','ZI17WE01','DQ-Steigerungs-Konzept Mitarbeit','JAPAP','P.101.026.003.023','Konzept zur laufenden Steigerung der Datenqualität in Abstimmung mit beteiligten Vorsystemen',147.8400,0.0000,13802.8968,'AGG','2017-01-01 23:00:00','2017-12-28 23:00:00','','{\"DETAILS\": \"keine definitiv geplanten Arbeiten, nur auf Anforderung\"}'),('ZPI2017','ZI17WE0103JHE','ZI17WE0103','DQ-Steigerungs-Konzept Mitarbeit JHE','TASK','P.101.026.003.023','DQ-Steigerungs-Konzept Mitarbeit JHE',13.3056,134.8750,1794.5928,'PLAN','2017-01-01 23:00:00','2017-12-28 23:00:00','JHE','{}'),('ZPI2017','ZI17WE0103WSC','ZI17WE0103','DQ-Steigerungs-Konzept Mitarbeit WSC','TASK','P.101.026.003.023','DQ-Steigerungs-Konzept Mitarbeit WSC',29.5680,93.5000,2764.6080,'PLAN','2017-01-01 23:00:00','2017-12-28 23:00:00','WSC','{}'),('ZPI2017','ZI17WE0103RDI','ZI17WE0103','DQ-Steigerungs-Konzept Mitarbeit RDI','TASK','P.101.026.003.023','DQ-Steigerungs-Konzept Mitarbeit RDI',29.5680,93.5000,2764.6080,'PLAN','2017-01-01 23:00:00','2017-12-28 23:00:00','RDI','{}'),('ZPI2017','ZI17WE0103THS','ZI17WE0103','DQ-Steigerungs-Konzept Mitarbeit THS','TASK','P.101.026.003.023','DQ-Steigerungs-Konzept Mitarbeit THS',45.8304,93.5000,4285.1424,'PLAN','2017-01-01 23:00:00','2017-12-28 23:00:00','THS','{}'),('ZPI2017','ZI17WE0103NFR','ZI17WE0103','DQ-Steigerungs-Konzept Mitarbeit NFR','TASK','P.101.026.003.023','DQ-Steigerungs-Konzept Mitarbeit NFR',22.1760,74.2000,1645.4592,'PLAN','2017-01-01 23:00:00','2017-12-28 23:00:00','NFR','{}'),('ZPI2017','ZI17WE0103GKA','ZI17WE0103','DQ-Steigerungs-Konzept Mitarbeit GKA','TASK','P.101.026.003.023','DQ-Steigerungs-Konzept Mitarbeit GKA',7.3920,74.2000,548.4864,'PLAN','2017-01-01 23:00:00','2017-12-28 23:00:00','GKA','{}'),('ZPI2017','ZI17WE04','ZI17WE','WE04 - Systemanbindung','JAPVORHABEN','P.101.026.003.040','Annahme: L-PIs werden ausschließlich gemäß ELGA-Masterplan angebunden. 3 LP-I Anbindungen noch offen.  ',314.1600,0.0000,33889.9865,'AGG','2017-01-01 23:00:00','2017-12-28 23:00:00','','{}'),('ZPI2017','ZI17WE0401','ZI17WE04','Anbindung EB 1 - Hnet','JAPAP','P.101.026.003.041','Erstanbindung & GoLive EB 1 - Hnet',55.4400,0.0000,6164.7373,'AGG','2017-01-01 23:00:00','2017-12-28 23:00:00','','{\"NOTES\": [{\"DATE\": \"2017-01-24\", \"TEXT\": [\"EB1 = Vorarlberg\", \"Nur mehr Bestätigung des PROD-PIF-Tests ausständig\"]}]}'),('ZPI2017','ZI17WE0401ABS','ZI17WE0401','Anbindung EB 1 ABS','TASK','P.101.026.003.041','Anbindung EB 1 ABS',10.0500,62.3000,626.1150,'PLAN','2017-01-01 23:00:00','2017-12-28 23:00:00','ABS','{}'),('ZPI2017','ZI17WE0401DOS','ZI17WE0401','Anbindung EB 1 DOS','TASK','P.101.026.003.041','Anbindung EB 1 DOS',10.5336,74.2000,781.5931,'PLAN','2017-01-01 23:00:00','2017-12-28 23:00:00','DOS','{}'),('ZPI2017','ZI17WE0401JHE','ZI17WE0401','Anbindung EB 1 JHE','TASK','P.101.026.003.041','Anbindung EB 1 JHE',19.9584,134.8750,2691.8892,'PLAN','2017-01-01 23:00:00','2017-12-28 23:00:00','JHE','{}'),('ZPI2017','ZI17WE0401WSC','ZI17WE0401','Anbindung EB 1 WSC','TASK','P.101.026.003.041','Anbindung EB 1 WSC',7.2072,93.5000,673.8732,'PLAN','2017-01-01 23:00:00','2017-12-28 23:00:00','WSC','{}'),('ZPI2017','ZI17WE0401RDI','ZI17WE0401','Anbindung EB 1 RDI','TASK','P.101.026.003.041','Anbindung EB 1 RDI',3.8808,93.5000,362.8548,'PLAN','2017-01-01 23:00:00','2017-12-28 23:00:00','RDI','{}'),('ZPI2017','ZI17WE0401NFR','ZI17WE0401','Anbindung EB 1 NFR','TASK','P.101.026.003.041','Anbindung EB 1 NFR',8.3160,74.2000,617.0472,'PLAN','2017-01-01 23:00:00','2017-12-28 23:00:00','NFR','{}'),('ZPI2017','ZI17WE0401GKA','ZI17WE0401','Anbindung EB 1 GKA','TASK','P.101.026.003.041','Anbindung EB 1 GKA',5.5440,74.2000,411.3648,'PLAN','2017-01-01 23:00:00','2017-12-28 23:00:00','GKA','{}'),('ZPI2017','ZI17WE0402','ZI17WE04','Anbindung EB 2 - Vorarlberg','JAPAP','P.101.026.003.042','Erstanbindung & GoLive EB 2 - Vorarlberg',73.9200,0.0000,8010.9448,'AGG','2017-01-01 23:00:00','2017-12-28 23:00:00','','{\"NOTES\": [{\"DATE\": \"2017-01-24\", \"TEXT\": [\"EB2 = Burgenland\"]}]}'),('ZPI2017','ZI17WE0402ABS','ZI17WE0402','Anbindung EB 2 ABS','TASK','P.101.026.003.042','Anbindung EB 2 ABS',10.0500,62.3000,626.1150,'PLAN','2017-01-01 23:00:00','2017-12-28 23:00:00','ABS','{}'),('ZPI2017','ZI17WE0402DOS','ZI17WE0402','Anbindung EB 2 DOS','TASK','P.101.026.003.042','Anbindung EB 2 DOS',14.0448,74.2000,1042.1242,'PLAN','2017-01-01 23:00:00','2017-12-28 23:00:00','DOS','{}'),('ZPI2017','ZI17WE0402JHE','ZI17WE0402','Anbindung EB 2 JHE','TASK','P.101.026.003.042','Anbindung EB 2 JHE',26.6112,134.8750,3589.1856,'PLAN','2017-01-01 23:00:00','2017-12-28 23:00:00','JHE','{}'),('ZPI2017','ZI17WE0402WSC','ZI17WE0402','Anbindung EB 2 WSC','TASK','P.101.026.003.042','Anbindung EB 2 WSC',9.6096,93.5000,898.4976,'PLAN','2017-01-01 23:00:00','2017-12-28 23:00:00','WSC','{}'),('ZPI2017','ZI17WE0402RDI','ZI17WE0402','Anbindung EB 2 RDI','TASK','P.101.026.003.042','Anbindung EB 2 RDI',5.1744,93.5000,483.8064,'PLAN','2017-01-01 23:00:00','2017-12-28 23:00:00','RDI','{}'),('ZPI2017','ZI17WE0402NFR','ZI17WE0402','Anbindung EB 2 NFR','TASK','P.101.026.003.042','Anbindung EB 2 NFR',11.0880,74.2000,822.7296,'PLAN','2017-01-01 23:00:00','2017-12-28 23:00:00','NFR','{}'),('ZPI2017','ZI17WE0402GKA','ZI17WE0402','Anbindung EB 2 GKA','TASK','P.101.026.003.042','Anbindung EB 2 GKA',7.3920,74.2000,548.4864,'PLAN','2017-01-01 23:00:00','2017-12-28 23:00:00','GKA','{}'),('ZPI2017','ZI17WE0403','ZI17WE04','Anbindung EB 3 - Burgenland','JAPAP','P.101.026.003.043','Erstanbindung & GoLive EB 3 - Burgenland',147.8400,0.0000,15395.7745,'AGG','2017-01-01 23:00:00','2017-12-28 23:00:00','','{\"NOTES\": [{\"DATE\": \"2017-01-24\", \"TEXT\": [\"EB3 derzeit kein Bereich bekannt\"]}]}'),('ZPI2017','ZI17WE0403ABS','ZI17WE0403','Anbindung EB 3 ABS','TASK','P.101.026.003.043','Anbindung EB 3 ABS',10.0500,62.3000,626.1150,'PLAN','2017-01-01 23:00:00','2017-12-28 23:00:00','ABS','{}'),('ZPI2017','ZI17WE0403DOS','ZI17WE0403','Anbindung EB 3 DOS','TASK','P.101.026.003.043','Anbindung EB 3 DOS',28.0896,74.2000,2084.2483,'PLAN','2017-01-01 23:00:00','2017-12-28 23:00:00','DOS','{}'),('ZPI2017','ZI17WE0403JHE','ZI17WE0403','Anbindung EB 3 JHE','TASK','P.101.026.003.043','Anbindung EB 3 JHE',53.2224,134.8750,7178.3712,'PLAN','2017-01-01 23:00:00','2017-12-28 23:00:00','JHE','{}'),('ZPI2017','ZI17WE0403WSC','ZI17WE0403','Anbindung EB 3 WSC','TASK','P.101.026.003.043','Anbindung EB 3 WSC',19.2192,93.5000,1796.9952,'PLAN','2017-01-01 23:00:00','2017-12-28 23:00:00','WSC','{}'),('ZPI2017','ZI17WE0403RDI','ZI17WE0403','Anbindung EB 3 RDI','TASK','P.101.026.003.043','Anbindung EB 3 RDI',10.3488,93.5000,967.6128,'PLAN','2017-01-01 23:00:00','2017-12-28 23:00:00','RDI','{}'),('ZPI2017','ZI17WE0403NFR','ZI17WE0403','Anbindung EB 3 NFR','TASK','P.101.026.003.043','Anbindung EB 3 NFR',22.1760,74.2000,1645.4592,'PLAN','2017-01-01 23:00:00','2017-12-28 23:00:00','NFR','{}'),('ZPI2017','ZI17WE0403GKA','ZI17WE0403','Anbindung EB 3 GKA','TASK','P.101.026.003.043','Anbindung EB 3 GKA',14.7840,74.2000,1096.9728,'PLAN','2017-01-01 23:00:00','2017-12-28 23:00:00','GKA','{}'),('ZPI2017','ZI17WE0404','ZI17WE04','Laufende Anpassung Anbindung','JAPAP','P.101.026.003.044','Laufende Anpassung, Überarbeitung und Erweiterung der Kerndokumente zur L-PI-Anbindung auf Basis der aktuellen Erfordernisse und Erkenntnisse',36.9600,0.0000,4318.5299,'AGG','2017-01-01 23:00:00','2017-12-28 23:00:00','','{\"DETAILS\": \"keine definitiv geplanten Arbeiten, nur auf Anforderung oder nach zwischen CuCC und Z-PI-Team abgestimmten Erkenntnissen\"}'),('ZPI2017','ZI17WE0404ABS','ZI17WE0404','Laufende Anpassung Anbindung ABS','TASK','P.101.026.003.044','Laufende Anpassung Anbindung ABS',10.0500,62.3000,626.1150,'PLAN','2017-01-01 23:00:00','2017-12-28 23:00:00','ABS','{}'),('ZPI2017','ZI17WE0404DOS','ZI17WE0404','Laufende Anpassung Anbindung DOS','TASK','P.101.026.003.044','Laufende Anpassung Anbindung DOS',7.0224,74.2000,521.0621,'PLAN','2017-01-01 23:00:00','2017-12-28 23:00:00','DOS','{}'),('ZPI2017','ZI17WE0404JHE','ZI17WE0404','Laufende Anpassung Anbindung JHE','TASK','P.101.026.003.044','Laufende Anpassung Anbindung JHE',13.3056,134.8750,1794.5928,'PLAN','2017-01-01 23:00:00','2017-12-28 23:00:00','JHE','{}'),('ZPI2017','ZI17WE0404WSC','ZI17WE0404','Laufende Anpassung Anbindung WSC','TASK','P.101.026.003.044','Laufende Anpassung Anbindung WSC',4.8048,93.5000,449.2488,'PLAN','2017-01-01 23:00:00','2017-12-28 23:00:00','WSC','{}'),('ZPI2017','ZI17WE0404RDI','ZI17WE0404','Laufende Anpassung Anbindung RDI','TASK','P.101.026.003.044','Laufende Anpassung Anbindung RDI',2.5872,93.5000,241.9032,'PLAN','2017-01-01 23:00:00','2017-12-28 23:00:00','RDI','{}'),('ZPI2017','ZI17WE0404NFR','ZI17WE0404','Laufende Anpassung Anbindung NFR','TASK','P.101.026.003.044','Laufende Anpassung Anbindung NFR',5.5440,74.2000,411.3648,'PLAN','2017-01-01 23:00:00','2017-12-28 23:00:00','NFR','{}'),('ZPI2017','ZI17WE0404GKA','ZI17WE0404','Laufende Anpassung Anbindung GKA','TASK','P.101.026.003.044','Laufende Anpassung Anbindung GKA',3.6960,74.2000,274.2432,'PLAN','2017-01-01 23:00:00','2017-12-28 23:00:00','GKA','{}'),('ZPI2017','ZI17DL','ZI17WA','Dienstleistungen','JAPAP','','Projekt-externe Dienstleistungen',0.0000,0.0000,45497.0000,'AGG','2017-01-01 23:00:00','2017-12-28 23:00:00','','{}'),('ZPI2017','ZI17DLSV','ZI17DL','SV-interne Dienstleistungen','TASK','P.101.026.DL.SV','ZPI-Clearing durch ITSV-CuCC verrechnet',0.0000,0.0000,45497.0000,'PLAN','2017-01-01 23:00:00','2017-12-28 23:00:00','','{\"NOTES\": [{\"DATE\": \"2017-03-09\", \"TEXT\": [\"Abrechnung von CuCC nicht mehr auf Basis von Tickets sondern auf Basis der Bearbeitungszeit in Minuten\", \"Daten von Jänner und Februar zu wenig, um belastbaren Forecast zu erstellen\", \"Daten von 2016 können nicht herangezogen werden, weil Bearbeitungszeiten nicht durchgängig in Myrmex erfasst\", \"Ist-Ticket Zahlen Jänner Februar sind einiges unter Plan\", \"Kosten-Prognose auf Basis 2016 würde zu Forecast-Erhöhung von 45k auf 55k führen\", \"Da die Ist-Zahlen aber unter Plan sind, bleibt in Abstimmung zwischen EHA und WSC der Forecast auf dem Budget-Plan von 45k\", \"Bianca Mader soll monatlich Abrechnungsdetails an WSC schicken, die Kosten und Minutenanzahlen beinhalten. Diese können in Korrelation mit den Ticket-Anzahlen aus der Clearing-Stelle (Thomas Samson) zu verfeinertem Forecast genutzt werden\"], \"TOPIC\": \"Forecast 2017 basierend auf Daten 2017-01/02\"}]}'),('ZPI2017','ZI17XK','ZI17WA','Allgemeine Kostenpositionen','JAPAP','','Projekt-allgemeine Kostenpositionen',0.0000,0.0000,161899.0000,'AGG','2017-01-01 23:00:00','2017-12-28 23:00:00','','{}'),('ZPI2017','ZI17XKSONST','ZI17XK','Sonstiger betrieblicher Aufwand','TASK','P.101.026.XK.SONST','Sonstiger betrieblicher Aufwand',0.0000,0.0000,1000.0000,'PLAN','2017-01-01 23:00:00','2017-12-28 23:00:00','','{}'),('ZPI2017','ZI17XKTELE','ZI17XK','Telefon- Telekommunikation','TASK','P.101.026.XK.TELE','Telefon- Telekommunikation',0.0000,0.0000,500.0000,'PLAN','2017-01-01 23:00:00','2017-12-28 23:00:00','','{}'),('ZPI2017','ZI17XKBEW','ZI17XK','Verpflegung Meetings','TASK','P.101.026.XK.BEW','Verpflegung Meetings',0.0000,0.0000,500.0000,'PLAN','2017-01-01 23:00:00','2017-12-28 23:00:00','','{}'),('ZPI2017','ZI17XKEPMPMO','ZI17XK','Zuschlag EPM unjd PMO','TASK','P.101.026.XK.EPM','Zuschlag EPM unjd PMO',0.0000,0.0000,4300.0000,'PLAN','2017-01-01 23:00:00','2017-12-28 23:00:00','','{}'),('ZPI2017','ZI17XKTBF','ZI17XK','Technische Betriebsführung','TASK','P.101.026.XK.TBF','RZ-Betriebskosten für Z-PI Test- und Prod-Umgebungen',0.0000,0.0000,155599.0000,'PLAN','2017-01-01 23:00:00','2017-12-28 23:00:00','','{}'),('WIST2017','WIST2017WA01','WIST2017','Wartung Dokumentenmanagement System','JAPAP','P.101.033.003.003','Dokumentenmanagement Systems inkl. Support im Störungs-fall',0.0000,0.0000,0.0000,'PLAN','2017-01-01 23:00:00','2017-12-28 23:00:00','','{}'),('WIST2017','WIST2017WA02','WIST2017','RfC Hash-Wert','JAPAP','P.101.033.004.013','Inhalt dieses Arbeitspakets wird es sein, den in 2016 eingefrorener RfC Hash-Wert, in 2017 umzusetzen. Die Aufwände werden unter-anderem folgende Punkte enthalten:Analyse für die Umsetzung des RfC Hash-WertUmsetzung des RfC Hash-Wert bei der WIST',0.0000,0.0000,0.0000,'PLAN','2017-01-01 23:00:00','2017-12-28 23:00:00','','{}'),('WIST2017','WIST2017WA03','WIST2017','Übergabe in die Linie','JAPAP','P.101.033.004.011','Übergabe der Verantwortlichkeiten für Support und Betrieb an die relevanten Organisationseinheiten.Auflösung der Projektmanagementorganisation, mit dem Ziel, dass die WIST ab 2018 im Linienbetrieb geführt werden kann',0.0000,0.0000,0.0000,'PLAN','2017-01-01 23:00:00','2017-12-28 23:00:00','','{}');

--
-- Table structure for table `CCTC`
--

CREATE TABLE `CCTC` (
  `TCSYS` varchar(128) DEFAULT NULL,
  `REQID` varchar(128) DEFAULT NULL,
  `TCID` varchar(128) DEFAULT NULL,
  `TCDESC` text,
  `TCURL` text,
  `TCMOP` varchar(128) DEFAULT NULL,
  `TCUSEVAR` varchar(128) DEFAULT NULL
) ENGINE=InnoDB DEFAULT CHARSET=utf8;

--
-- Dumping data for table `CCTC`
--


--
-- Table structure for table `CCTCP`
--

CREATE TABLE `CCTCP` (
  `TCID` varchar(128) DEFAULT NULL,
  `TCSYSCON` varchar(128) DEFAULT NULL,
  `TCPTIME` timestamp NOT NULL DEFAULT CURRENT_TIMESTAMP ON UPDATE CURRENT_TIMESTAMP,
  `TCPRES` varchar(128) DEFAULT NULL,
  `TCPISSUE` text,
  `TCPREM` text
) ENGINE=InnoDB DEFAULT CHARSET=utf8;

--
-- Dumping data for table `CCTCP`
--


--
-- Table structure for table `CCTISTAT`
--

CREATE TABLE `CCTISTAT` (
  `CREDAT` varchar(128) DEFAULT NULL,
  `RESDAT` varchar(128) DEFAULT NULL,
  `ISSTYP` varchar(128) DEFAULT NULL,
  `STATUS` varchar(128) DEFAULT NULL,
  `SUMMARY` text
) ENGINE=InnoDB DEFAULT CHARSET=utf8;

--
-- Dumping data for table `CCTISTAT`
--

INSERT INTO `CCTISTAT` VALUES ('2013-07-18','2015-03-26','Aufgabe','geschlossen','Doppel-Akut:Neuer Change | SDCallID:152659156'),('2014-01-29','2015-01-14','Aufgabe','geschlossen','Neuer Service Request | SDCallID: 154807647'),('2014-01-30','2015-03-25','Aufgabe','geschlossen','Neuer Incident | SDCallID: 154838351: KGKK Adressänderung, idente Anschriften nicht erkannt'),('2014-06-10','2015-03-19','Aufgabe','geschlossen','Neuer Service Request | SDCallID: 156354463'),('2014-07-30','2015-03-31','Aufgabe','geschlossen','Auswertung BKTO + DG Rolle THO - Neuer Service Request | SDCallID: 155782072'),('2014-08-25','2015-06-22','Fehler','IQS in Arbeit','SDCallID: 156830342 - Zuordnung von Adresszuordnungen zu MA-Rollen, wenn diese mehrfach vorhanden sind'),('2014-11-10','2015-01-20','Aufgabe','geschlossen','Neuer Incident | SDCallID: 158560911'),('2014-11-10','2015-01-20','Aufgabe','geschlossen','Neuer Service Request | SDCallID: 158560925'),('2014-11-10','2015-02-27','Aufgabe','geschlossen','Neuer Incident | SDCallID: 158478965'),('2014-11-12','2015-03-26','Aufgabe','geschlossen','Neuer Service Request | SDCallID: 158609803'),('2014-11-18','2015-01-20','Aufgabe','geschlossen','Neuer Service Request | SDCallID: 158657978'),('2014-12-02','2015-01-19','Aufgabe','geschlossen','Fehlende Versicherungszeiten in der ITU-4 SDCallID: 158900369'),('2014-12-04','2015-02-27','Aufgabe','geschlossen','Neuer Incident | SDCallID: 158970995'),('2014-12-04','2015-03-16','Aufgabe','geschlossen','Bankenfusionen - Zukunftsprozess - SDCallID: 158972369'),('2014-12-04','2015-02-27','Aufgabe','geschlossen','Neuer Incident | SDCallID: 158976295'),('2014-12-15','2015-04-01','Aufgabe','geschlossen','Neuer Service Request | SDCallID: 159110572 Zuständigkeit 1D'),('2014-12-17','2015-01-05','Aufgabe','geschlossen','Neuer Incident | SDCallID: 159013394 TA20 Länge'),('2014-12-19','2015-03-02','Aufgabe','geschlossen','Neuer Incident | SDCallID: 159203772'),('2015-01-05','2015-01-07','Aufgabe','geschlossen','Neuer Incident | SDCallID: 159203772'),('2015-01-07','2015-01-12','Aufgabe','geschlossen','Neuer Service Request | SDCallID: 159303714'),('2015-01-07','2015-01-07','Aufgabe','geschlossen','Neuer Incident | SDCallID: 159239072'),('2015-01-07','2015-01-19','Aufgabe','geschlossen','Neuer Incident | SDCallID: 159316721'),('2015-01-08','2015-01-12','Aufgabe','geschlossen','Neuer Service Request | SDCallID: 159318983'),('2015-01-13','2015-04-10','Fehler','geschlossen','SDCallID: 159184994 - Die Seite *LEA - Partner - Standort * soll in der Spalte Standorttypen/Beziehungstypen nur nicht stornierte Elemente auflisten'),('2015-01-13','2015-01-27','Aufgabe','geschlossen','Neuer Service Request | SDCallID: 159401594'),('2015-01-15','2015-01-15','Aufgabe','geschlossen','Neuer Incident | SDCallID: 159203772'),('2015-01-15','2015-02-27','Aufgabe','geschlossen','Neuer Incident | SDCallID: 159456598'),('2015-01-15','2015-01-16','Aufgabe','geschlossen','Neuer Service Request | SDCallID: 159444278'),('2015-01-15','2015-01-19','Aufgabe','geschlossen','Neuer Service Request | SDCallID: 159426332'),('2015-01-20','2015-01-28','Aufgabe','geschlossen','Neuer Service Request | SDCallID: 159163435'),('2015-01-20','2015-02-02','Aufgabe','geschlossen','Neuer Service Request | SDCallID: 159534641'),('2015-01-21','2015-01-23','Aufgabe','geschlossen','Neuer Service Request | SDCallID: 159555531'),('2015-01-23','2015-01-26','Aufgabe','geschlossen','Neuer Service Request | SDCallID: 159564526'),('2015-01-23','2015-03-19','Aufgabe','geschlossen','Neuer Service Request | SDCallID: 159575495 Zugriffsprotokoll'),('2015-01-23','2015-01-27','Aufgabe','geschlossen','Neuer Incident | SDCallID: 159595442'),('2015-01-23','2015-01-23','Aufgabe','geschlossen','Neuer Service Request | SDCallID: 159600493'),('2015-01-26','2015-02-09','Aufgabe','geschlossen','Neuer Incident | SDCallID: 159632117'),('2015-01-28','2015-03-02','Aufgabe','geschlossen','Neuer Service Request | SDCallID: 159571569'),('2015-01-28','','Aufgabe','gemeldet','Neuer Incident | SDCallID: 159658034 eSV || Leistungserbringersuche'),('2015-01-28','2015-01-28','Aufgabe','geschlossen','Neuer Incident | SDCallID: 159203772'),('2015-01-28','2015-01-28','Aufgabe','geschlossen','Neuer Service Request | SDCallID: 159656874'),('2015-01-30','2015-02-09','Aufgabe','geschlossen','Neuer Service Request | SDCallID: 159704033'),('2015-01-30','2015-02-03','Aufgabe','geschlossen','Neuer Incident | SDCallID: 159693328'),('2015-01-30','2015-02-02','Aufgabe','geschlossen','Neuer Service Request | SDCallID: 159709276'),('2015-02-02','2015-02-23','Aufgabe','geschlossen','Neuer Service Request | SDCallID: 159067301'),('2015-02-02','2015-02-13','Aufgabe','geschlossen','Neuer Service Request | SDCallID: 159728775'),('2015-02-04','2015-02-05','Aufgabe','geschlossen','Neuer Service Request | SDCallID: 159792177'),('2015-02-04','2015-02-13','Aufgabe','geschlossen','Neuer Incident | SDCallID: 159801167'),('2015-02-05','2015-02-13','Aufgabe','geschlossen','Neuer Incident | SDCallID: 159801187'),('2015-02-05','2015-02-13','Aufgabe','geschlossen','Neuer Service Request | SDCallID: 159799888'),('2015-02-09','2015-02-11','Aufgabe','geschlossen','Neuer Service Request | SDCallID: 159845958'),('2015-02-09','2015-02-10','Aufgabe','geschlossen','Neuer Incident | SDCallID: 159868312'),('2015-02-09','2015-02-11','Aufgabe','geschlossen','Neuer Service Request | SDCallID: 159873053'),('2015-02-10','2015-02-19','Aufgabe','geschlossen','Neuer Service Request | SDCallID: 159855828'),('2015-02-10','','Aufgabe','geschlossen','Neuer Service Request | SDCallID: 159555746 - Datenabgleichfile aus ZPV für INVERNO'),('2015-02-11','','Aufgabe','geschlossen','Neuer Incident | SDCallID: 159903653 ITU 4'),('2015-02-12','2015-02-27','Aufgabe','geschlossen','Neuer Service Request | SDCallID: 159801399'),('2015-02-12','2015-03-11','Aufgabe','geschlossen','Neuer Incident | SDCallID: 159927111'),('2015-02-12','2015-02-19','Aufgabe','geschlossen','Neuer Service Request | SDCallID: 159931832'),('2015-02-12','2015-02-13','Aufgabe','geschlossen','Neuer Service Request | SDCallID: 159873053'),('2015-02-12','2015-02-13','Aufgabe','geschlossen','Neuer Service Request | SDCallID: 159804536'),('2015-02-13','2015-02-18','Aufgabe','geschlossen','Neuer Service Request | SDCallID: 159952038'),('2015-02-13','2015-02-13','Aufgabe','geschlossen','Neuer Service Request | SDCallID: 159067301'),('2015-02-13','2015-02-13','Aufgabe','geschlossen','Neuer Incident | SDCallID: 159203772'),('2015-02-16','2015-02-16','Aufgabe','geschlossen','Neuer Service Request | SDCallID: 159799888'),('2015-02-17','2015-02-23','Aufgabe','geschlossen','Neuer Service Request | SDCallID: 160003856'),('2015-02-17','2015-03-11','Aufgabe','geschlossen','Neuer Service Request | SDCallID: 160006773'),('2015-02-18','2015-02-19','Aufgabe','geschlossen','Neuer Service Request | SDCallID: 160040311'),('2015-02-19','2015-03-02','Aufgabe','geschlossen','Neuer Incident | SDCallID: 160033125'),('2015-02-19','2015-02-19','Aufgabe','geschlossen','Neuer Service Request | SDCallID: 159855828'),('2015-02-19','2015-02-26','Aufgabe','geschlossen','Neuer Service Request | SDCallID: 159700169'),('2015-02-19','2015-02-19','Aufgabe','geschlossen','Neuer Incident | SDCallID: 159658034'),('2015-02-23','2015-02-23','Aufgabe','geschlossen','Neuer Incident | SDCallID: 159927111'),('2015-02-24','2015-02-24','Aufgabe','geschlossen','Neuer Service Request | SDCallID: 160113453'),('2015-02-24','2015-02-24','Aufgabe','geschlossen','Neuer Service Request | SDCallID: 160113466'),('2015-02-24','2015-02-27','Aufgabe','geschlossen','Neuer Service Request | SDCallID: 160122071 Regelwerk Anpassen'),('2015-02-24','','Aufgabe','geschlossen','Neuer Incident | SDCallID: 160122514 - ZPR-Meldungen'),('2015-02-24','2015-02-24','Aufgabe','geschlossen','Neuer Service Request | SDCallID: 160123340'),('2015-02-24','2015-03-18','Aufgabe','geschlossen','Neuer Service Request | SDCallID: 160134250'),('2015-02-24','2015-02-25','Aufgabe','geschlossen','Neuer Service Request | SDCallID: 160113453'),('2015-02-25','2015-02-27','Aufgabe','geschlossen','Neuer Service Request | SDCallID: 160113466'),('2015-02-25','2015-02-26','Aufgabe','geschlossen','Neuer Service Request | SDCallID: 160152179'),('2015-02-25','2015-02-26','Aufgabe','geschlossen','Neuer Service Request | SDCallID: 160159131'),('2015-02-26','2015-02-27','Aufgabe','geschlossen','Neuer Service Request | SDCallID: 160159131'),('2015-03-02','2015-03-03','Aufgabe','geschlossen','Neuer Incident | SDCallID: 160033125'),('2015-03-03','2015-03-27','Aufgabe','geschlossen','Neuer Service Request | SDCallID: 160255245'),('2015-03-03','2015-03-05','Aufgabe','geschlossen','Neuer Service Request | SDCallID: 160159232'),('2015-03-05','2015-03-05','Aufgabe','geschlossen','Neuer Incident | SDCallID: 160313022'),('2015-03-05','2015-03-06','Aufgabe','geschlossen','Neuer Service Request | SDCallID: 160193599'),('2015-03-06','','Aufgabe','geschlossen','Neuer Service Request | SDCallID: 160339384- Die Seite *LEA - Partner - Standort * soll in der Spalte Standorttypen/Beziehungstypen nur nicht stornierte Elemente auflisten'),('2015-03-10','2015-03-19','Aufgabe','geschlossen','Neuer Service Request | SDCallID: 160380834'),('2015-03-10','2015-03-30','Aufgabe','geschlossen','Neuer Service Request | SDCallID: 160383570'),('2015-03-11','2015-03-12','Aufgabe','geschlossen','Neuer Service Request | SDCallID: 160404727'),('2015-03-12','2015-03-23','Aufgabe','geschlossen','Neuer Service Request | SDCallID: 160430593'),('2015-03-12','','Aufgabe','in Arbeit','Neuer Service Request | SDCallID: 160441147 Auswertung aus ZPV/LEA'),('2015-03-13','2015-03-16','Aufgabe','geschlossen','Neuer Incident | SDCallID: 160460831'),('2015-03-13','2015-03-18','Aufgabe','geschlossen','Neuer Service Request | SDCallID: 160461233'),('2015-03-16','2015-03-16','Aufgabe','geschlossen','Neuer Service Request | SDCallID: 160404727'),('2015-03-16','2015-03-17','Aufgabe','geschlossen','Neuer Service Request | SDCallID: 160486269'),('2015-03-18','2015-03-25','Aufgabe','geschlossen','Neuer Incident | SDCallID: 160521953'),('2015-03-18','2015-03-23','Aufgabe','geschlossen','Neuer Service Request | SDCallID: 160523839'),('2015-03-19','','Aufgabe','in Klärung / warten auf Antwort','Neuer Service Request | SDCallID: 160551463 ZPVL Vertrag Anzeige'),('2015-03-23','2015-04-01','Aufgabe','geschlossen','Neuer Incident | SDCallID: 160579573 Migration NOTOK'),('2015-03-23','2015-03-26','Aufgabe','geschlossen','Neuer Incident | SDCallID: 160567182'),('2015-03-23','','Aufgabe','geschlossen','Neuer Service Request | SDCallID: 160567964 Regelwerke anpassen'),('2015-03-23','2015-03-31','Aufgabe','geschlossen','Neuer Incident | SDCallID: 160587555'),('2015-03-23','','Aufgabe','geschlossen','Neuer Service Request | SDCallID: 160594512 AW: Protokoll TÜP 01/2015'),('2015-03-23','','Aufgabe','geschlossen','Neuer Service Request | SDCallID: 160598725 Antwort: Protokoll TÜP 01/2015'),('2015-03-25','','Aufgabe','in Klärung / warten auf Antwort','Neuer Incident | SDCallID: 160632962 Sterbemeldungen 1'),('2015-03-26','','Aufgabe','geschlossen','Neuer Incident | SDCallID: 160671514 Wartungs- und Gültigkeits GUI'),('2015-03-27','','Aufgabe','in Klärung / warten auf Antwort','Neuer Service Request | SDCallID: 160695578 Vorauswahl in der Combobox'),('2015-03-30','2015-04-01','Aufgabe','geschlossen','Neuer Incident | SDCallID: 160701567'),('2015-03-30','2015-03-30','Aufgabe','geschlossen','Neuer Service Request | SDCallID: 160638418'),('2015-03-30','2015-03-30','Aufgabe','geschlossen','Neuer Incident | SDCallID: 160635341'),('2015-03-30','2015-04-01','Aufgabe','geschlossen','Neuer Incident | SDCallID: 160701631'),('2015-03-30','','Aufgabe','geschlossen','Neuer Service Request | SDCallID: 160704706 - Ankö Auswertung'),('2015-03-30','2015-03-30','Aufgabe','geschlossen','Neuer Service Request | SDCallID: 160704706'),('2015-03-30','2015-03-30','Aufgabe','geschlossen','Neuer Service Request | SDCallID: 160551463'),('2015-03-30','2015-03-30','Aufgabe','geschlossen','Neuer Service Request | SDCallID: 160551463'),('2015-03-30','','Aufgabe','geschlossen','Neuer Incident | SDCallID: 160722156 ZPR Meldungen werden nicht verarbeitet.'),('2015-03-31','2015-04-01','Aufgabe','geschlossen','Neuer Incident | SDCallID: 160731972'),('2015-03-31','2015-04-01','Aufgabe','geschlossen','Neuer Incident | SDCallID: 160729023'),('2015-03-31','2015-04-01','Aufgabe','geschlossen','phonetic-name-update wiedervorlage 3.26.1 inkompatibel zu Prod 3.36.2'),('2015-03-31','2015-04-02','Aufgabe','geschlossen','Neuer Service Request | SDCallID: 160731774'),('2015-03-31','2015-04-01','Aufgabe','geschlossen','Neuer Incident | SDCallID: 160732301'),('2015-04-01','2015-04-01','Aufgabe','geschlossen','Neuer Incident | SDCallID: 160752580'),('2015-04-01','2015-04-01','Aufgabe','geschlossen','Neuer Incident | SDCallID: 160752620'),('2015-04-01','2015-04-01','Aufgabe','geschlossen','Neuer Incident | SDCallID: 160752594 phonetic name update nicht konfiguriert'),('2015-04-01','','Aufgabe','geschlossen','Neuer Incident | SDCallID: 160769245 Zugriffsprobleme über EKVA auf ZPV'),('2015-04-01','','Aufgabe','geschlossen','Neuer Incident | SDCallID: 160773114 ITU3 ZPV Fehler'),('2015-04-02','','Aufgabe','geschlossen','Neuer Service Request | SDCallID: 160765389 Auswertung der Elda-Seriennummern'),('2015-04-02','','Aufgabe','geschlossen','Neuer Incident | SDCallID: 160769245'),('2015-04-02','','Aufgabe','geschlossen','Neuer Incident | SDCallID: 160769245'),('2015-04-03','','Aufgabe','geschlossen','Neuer Incident | SDCallID: 160801914'),('2015-04-03','','Aufgabe','geschlossen','Neuer Incident | SDCallID: 160799187 - ZPR Meldungen OÖ Problem'),('2015-04-07','','Aufgabe','geschlossen','Neuer Service Request | SDCallID: 160765389'),('2015-04-07','','Aufgabe','geschlossen','Neuer Service Request | SDCallID: 160765389'),('2015-04-07','','Aufgabe','geschlossen','Neuer Service Request | SDCallID: 160829439'),('2015-04-08','','Aufgabe','geschlossen','Neuer Service Request | SDCallID: 160274719 - mvk leitzahl einspielen auf ttm24'),('2015-04-08','','Aufgabe','gemeldet','Neuer Service Request | SDCallID: 160831058 - Familienname \"Dell\'mour\"'),('2015-04-08','','Aufgabe','geschlossen','Neuer Incident | SDCallID: 160772265 - Standorte mit falscher ParID'),('2015-04-09','','Aufgabe','gemeldet','Neuer Service Request | SDCallID: 160872691 - beharrungsanschriften'),('2015-04-10','','Aufgabe','geschlossen','Neuer Incident | SDCallID: 160885965'),('2015-04-10','','Aufgabe','geschlossen','Neuer Incident | SDCallID: 160895111 ewgl ticket'),('2015-04-13','','Aufgabe','geschlossen','Neuer Service Request | SDCallID: 160900036 - LEA gleiche Adressnummer'),('2015-04-13','','Aufgabe','geschlossen','Neuer Incident | SDCallID: 160916829 - LEA aktive und beendete Adresse scheinen auf'),('2015-04-14','','Aufgabe','in Arbeit','Neuer Incident | SDCallID: 160925019 - LEA Suche Designproblem'),('2015-04-14','','Aufgabe','geschlossen','Neuer Service Request | SDCallID: 160941793 - Auswertung zu Anzahl von VPNRs'),('2015-04-14','','Aufgabe','geschlossen','Neuer Incident | SDCallID: 160942791 - ewgl fehler'),('2015-04-15','','Aufgabe','geschlossen','Neuer Incident | SDCallID: 160947866 - Fehlermeldung nicht vorhanden?'),('2015-04-15','','Aufgabe','in Klärung / warten auf Antwort','Neuer Service Request | SDCallID: 160958533 - Löschen von historischem Satz BKTONR'),('2015-04-16','','Aufgabe','geschlossen','Neuer Service Request | SDCallID: 160968671 - Auswertung, VPNR Daten ergänzen'),('2015-04-16','','Aufgabe','geschlossen','Neuer Service Request | SDCallID: 160880659 - Formular F003 Verständigung ZEPTA'),('2015-04-17','','Aufgabe','geschlossen','Neuer Service Request | SDCallID: 160989145 - ITU 3'),('2015-04-20','','Aufgabe','geschlossen','Neuer Service Request | SDCallID: 161022094'),('2015-04-22','','Aufgabe','geschlossen','Neuer Incident | SDCallID: 161060388 - LEA Verständigungen'),('2015-04-22','','Aufgabe','geschlossen','Neuer Service Request | SDCallID: 161053739 - Verständigungszeitpunkt'),('2015-04-23','','Aufgabe','gemeldet','Neuer Incident | SDCallID: 160934889 - ZPR Meldungsproblem - Doppelvergaben'),('2015-04-23','','Aufgabe','geschlossen','Neuer Incident | SDCallID: 161065732 - LEA Suche fehler?'),('2015-04-24','','Aufgabe','geschlossen','Neuer Service Request | SDCallID: 161082520 - Änderung von Beziehung hat als Betriebsarzt'),('2015-04-24','','Aufgabe','geschlossen','Neuer Incident | SDCallID: 161111415 - EWGL'),('2015-04-27','','Aufgabe','geschlossen','Neuer Service Request | SDCallID: 161118022 - AS-bpK'),('2015-04-28','','Aufgabe','geschlossen','Neuer Service Request | SDCallID: 160880659'),('2015-04-30','','Aufgabe','geschlossen','Neuer Service Request | SDCallID: 161182300 - Todesdatenanforderung'),('2015-04-30','','Aufgabe','geschlossen','Neuer Incident | SDCallID: 161171769 - servicecache'),('2015-05-04','','Aufgabe','geschlossen','Neuer Service Request | SDCallID: 160831058'),('2015-05-05','','Aufgabe','geschlossen','Neuer Service Request | SDCallID: 160989145'),('2015-05-05','','Aufgabe','geschlossen','Neuer Service Request | SDCallID: 161223583'),('2015-05-05','','Aufgabe','gemeldet','Neuer Service Request | SDCallID: 161273609 - untOE-Beziehung stornieren'),('2015-05-05','','Aufgabe','in Klärung / warten auf Antwort','Neuer Incident | SDCallID: 161263472 - ttm42 exception'),('2015-05-07','','Aufgabe','geschlossen','Neuer Service Request | SDCallID: 161321238 - erschöpfte Laufnummern'),('2015-05-08','','Aufgabe','geschlossen','Neuer Service Request | SDCallID: 161128763 - ELDA Auswertung'),('2015-05-08','','Aufgabe','geschlossen','Neuer Service Request | SDCallID: 161344608 - LEA Anischt - Verträge auf J setzen'),('2015-05-08','','Aufgabe','geschlossen','Neuer Incident | SDCallID: 161333059 - BPK Update Service sendet immer wieder eine fehlerhafte Verständigung'),('2015-05-12','','Aufgabe','geschlossen','Neuer Incident | SDCallID: 161380397'),('2015-05-12','','Aufgabe','geschlossen','Neuer Service Request | SDCallID: 161128763'),('2015-05-12','','Aufgabe','geschlossen','Neuer Incident | SDCallID: 161387047 - cr 197 - onlinehilfe'),('2015-05-12','','Aufgabe','geschlossen','Neuer Service Request | SDCallID: 161392252'),('2015-05-13','','Aufgabe','geschlossen','Neuer Service Request | SDCallID: 161401304'),('2015-05-13','','Aufgabe','geschlossen','Neuer Service Request | SDCallID: 161402399'),('2015-05-18','','Aufgabe','geschlossen','Neuer Service Request | SDCallID: 161446891'),('2015-05-19','','Aufgabe','geschlossen','Neuer Incident | SDCallID: 161462256'),('2015-05-19','','Aufgabe','geschlossen','Neuer Incident | SDCallID: 161462242'),('2015-05-19','','Aufgabe','geschlossen','Neuer Service Request | SDCallID: 161416717 - zugriffe auf AMS'),('2015-05-19','','Aufgabe','geschlossen','Neuer Service Request | SDCallID: 161472816'),('2015-05-19','','Aufgabe','geschlossen','Neuer Service Request | SDCallID: 161467467'),('2015-05-19','','Aufgabe','geschlossen','Neuer Incident | SDCallID: 161065732'),('2015-05-19','','Aufgabe','geschlossen','Neuer Service Request | SDCallID: 161474541'),('2015-05-20','','Aufgabe','geschlossen','Neuer Service Request | SDCallID: 160109565 - WSDL Versicherter verwalten fehlt'),('2015-05-20','','Aufgabe','geschlossen','Neuer Service Request | SDCallID: 161481510 epk auswertung'),('2015-05-20','','Aufgabe','geschlossen','Neuer Service Request | SDCallID: 161241901 - Todesdaten ergänzen'),('2015-05-20','','Aufgabe','geschlossen','Neuer Service Request | SDCallID: 161244475 - bestimmte Klassifizierungen'),('2015-05-20','','Aufgabe','geschlossen','Neuer Service Request | SDCallID: 161299423 - auswertung gesetzl. Vertreter'),('2015-05-20','','Aufgabe','geschlossen','Neuer Service Request | SDCallID: 161499345 - DRINGEND - Partner zu Geldadresse'),('2015-05-21','','Aufgabe','geschlossen','Neuer Service Request | SDCallID: 161521925'),('2015-05-21','','Aufgabe','geschlossen','Neuer Incident | SDCallID: 161518328 - ZPR Meldungen Probleme'),('2015-05-26','','Aufgabe','geschlossen','Neuer Service Request | SDCallID: 161521925'),('2015-05-27','','Aufgabe','geschlossen','Neuer Service Request | SDCallID: 161558386 - itu3 berechtigungen'),('2015-05-28','','Aufgabe','geschlossen','Neuer Service Request | SDCallID: 161481510'),('2015-05-29','','Aufgabe','geschlossen','Neuer Service Request | SDCallID: 161621475'),('2015-05-29','','Aufgabe','geschlossen','Neuer Service Request | SDCallID: 161392662 - ZPI Auswertung, amtl. GebDAT'),('2015-06-01','','Aufgabe','geschlossen','Neuer Incident | SDCallID: 161662813 - auffällige ZPV Mengenentwicklung'),('2015-06-02','','Aufgabe','geschlossen','Neuer Service Request | SDCallID: 161688520 - person zu geldadresse'),('2015-06-03','','Aufgabe','geschlossen','Neuer Change | [Ticket#161691233] - itu5'),('2015-06-08','','Aufgabe','geschlossen','Neuer Service Request | SDCallID: 161727322'),('2015-06-09','','Aufgabe','geschlossen','Neuer Service Request | SDCallID: 161753837'),('2015-06-09','','Aufgabe','geschlossen','Neuer Service Request | SDCallID: 161632868'),('2015-06-09','','Aufgabe','geschlossen','Neuer Service Request | SDCallID: 161768861'),('2015-06-10','','Aufgabe','geschlossen','Neuer Incident | SDCallID: 161783637'),('2015-06-10','','Aufgabe','geschlossen','Neuer Service Request | SDCallID: 161727322'),('2015-06-10','','Aufgabe','geschlossen','Neuer Service Request | SDCallID: 161792035'),('2015-06-11','','Aufgabe','geschlossen','Neuer Incident | SDCallID: 161535570 - svnutzsystemkurz, 16mv fehlt'),('2015-06-16','','Aufgabe','gemeldet','Neuer Incident | SDCallID: 161870486 - Fragen zu DG-Kategorisierung für Verwaltungskörperstatistik'),('2015-06-16','','Aufgabe','geschlossen','Neuer Service Request | SDCallID: 161903958'),('2015-06-18','','Aufgabe','geschlossen','Neuer Service Request | SDCallID: 161947276'),('2015-06-18','','Aufgabe','gemeldet','Neuer Service Request | SDCallID: 161938958 - name mit diakritischen zeichen'),('2015-06-18','','Aufgabe','geschlossen','Neuer Incident | SDCallID: 161934819 - zpv-lea datenfehler?'),('2015-06-18','','Aufgabe','geschlossen','Neuer Service Request | SDCallID: 161922626 - efeu auswertung'),('2015-06-22','','Aufgabe','geschlossen','Neuer Service Request | SDCallID: 162000516'),('2015-06-22','','Aufgabe','geschlossen','Neuer Service Request | SDCallID: 162001467'),('2015-06-24','','Aufgabe','gemeldet','Neuer Service Request | SDCallID: 162031929 - LEA Befüllung für ITU 5'),('2015-06-24','','Aufgabe','geschlossen','Neuer Incident | SDCallID: 162054765'),('2015-06-24','','Aufgabe','gemeldet','Neuer Service Request | SDCallID: 162056594 REGELWERK UPDATE HVB'),('2015-06-24','','Aufgabe','geschlossen','Neuer Service Request | SDCallID: 162066123'),('2015-06-25','','Aufgabe','gemeldet','Neuer Service Request | SDCallID: 162055839 - verständigungen SAP CC'),('2015-06-25','','Aufgabe','gemeldet','Neuer Service Request | SDCallID: 162086265 - suche nach vsnr anhand von vor-, famname, gebdat'),('2015-06-25','','Aufgabe','gemeldet','Neuer Service Request | SDCallID: 162085781 - bpk Auswertung für ZPI');

--
-- Table structure for table `CCTS`
--

CREATE TABLE `CCTS` (
  `TSID` varchar(128) DEFAULT NULL,
  `REQID` varchar(128) DEFAULT NULL,
  `TSDESC` text,
  `TSURL` text
) ENGINE=InnoDB DEFAULT CHARSET=utf8;

--
-- Dumping data for table `CCTS`
--


--
-- Table structure for table `CCTSAS`
--

CREATE TABLE `CCTSAS` (
  `TSASTYP` varchar(128) DEFAULT NULL,
  `TCID` varchar(128) DEFAULT NULL,
  `TSID` varchar(128) DEFAULT NULL,
  `PTSID` varchar(128) DEFAULT NULL
) ENGINE=InnoDB DEFAULT CHARSET=utf8;

--
-- Dumping data for table `CCTSAS`
--


--
-- Table structure for table `CCTT`
--

CREATE TABLE `CCTT` (
  `JAHR` decimal(22,0) DEFAULT NULL,
  `MONAT` decimal(22,0) DEFAULT NULL,
  `PSP` varchar(128) DEFAULT NULL,
  `USKURZZ` varchar(128) DEFAULT NULL,
  `NOTIZKEY` varchar(140) DEFAULT NULL,
  `TAETIGKEITEN` text
) ENGINE=InnoDB DEFAULT CHARSET=utf8;

--
-- Dumping data for table `CCTT`
--

INSERT INTO `CCTT` VALUES (2015,1,'P.101.001.015.101','THC','2015_01_P.101.001.015.101_THC_89',''),(2015,1,'P.101.001.015.101','MPO','2015_01_P.101.001.015.101_MPO_21',''),(2015,1,'P.101.001.015.101','AWA','2015_01_P.101.001.015.101_AWA_03',''),(2015,1,'P.101.001.015.101','LHU','2015_01_P.101.001.015.101_LHU_38',''),(2015,1,'P.101.001.015.101','WIS','2015_01_P.101.001.015.101_WIS_30',''),(2015,1,'P.101.001.015.101','ari','2015_01_P.101.001.015.101_ari_01',''),(2015,1,'P.101.001.015.101','GLE','2015_01_P.101.001.015.101_GLE_71',''),(2015,1,'P.101.001.015.101','LFR','2015_01_P.101.001.015.101_LFR_16',''),(2015,1,'P.101.001.015.101','WWA','2015_01_P.101.001.015.101_WWA_58',''),(2015,1,'P.101.001.015.101','WSC','2015_01_P.101.001.015.101_WSC_36',''),(2015,1,'P.101.001.015.101','MLO','2015_01_P.101.001.015.101_MLO_01',''),(2015,1,'P.101.001.015.102','MPO','2015_01_P.101.001.015.102_MPO_23',''),(2015,1,'P.101.001.015.102','DFU','2015_01_P.101.001.015.102_DFU_91',''),(2015,1,'P.101.001.015.102','FW','2015_01_P.101.001.015.102_FW_56',''),(2015,1,'P.101.001.015.102','ZN','2015_01_P.101.001.015.102_ZN_51',''),(2015,1,'P.101.001.015.102','WIS','2015_01_P.101.001.015.102_WIS_10',''),(2015,1,'P.101.001.015.102','MAB','2015_01_P.101.001.015.102_MAB_16',''),(2015,1,'P.101.001.015.105','DPF','2015_01_P.101.001.015.105_DPF_02',''),(2015,1,'P.101.001.015.111','AWA','2015_01_P.101.001.015.111_AWA_01',''),(2015,1,'P.101.001.015.111','MPO','2015_01_P.101.001.015.111_MPO_80',''),(2015,1,'P.101.001.015.111','THO','2015_01_P.101.001.015.111_THO_17',''),(2015,1,'P.101.001.015.111','MP','2015_01_P.101.001.015.111_MP_63',''),(2015,1,'P.101.001.015.111','GLE','2015_01_P.101.001.015.111_GLE_06',''),(2015,1,'P.101.001.015.111','DPF','2015_01_P.101.001.015.111_DPF_54',''),(2015,1,'P.101.001.015.202','MAB','2015_01_P.101.001.015.202_MAB_02',''),(2015,1,'P.101.001.015.202','THO','2015_01_P.101.001.015.202_THO_22',''),(2015,1,'P.101.001.015.211','THO','2015_01_P.101.001.015.211_THO_03',''),(2015,1,'P.101.001.015.216','WIS','2015_01_P.101.001.015.216_WIS_05',''),(2015,1,'P.101.001.015.227','THO','2015_01_P.101.001.015.227_THO_02',''),(2015,1,'P.101.001.015.242','DPF','2015_01_P.101.001.015.242_DPF_10',''),(2015,1,'P.101.001.015.244','THO','2015_01_P.101.001.015.244_THO_17',''),(2015,1,'P.101.001.015.245','THO','2015_01_P.101.001.015.245_THO_11',''),(2015,1,'P.101.001.015.257','WIS','2015_01_P.101.001.015.257_WIS_10',''),(2015,1,'P.101.001.015.257','THO','2015_01_P.101.001.015.257_THO_08',''),(2015,1,'P.101.001.015.327','MCE','2015_01_P.101.001.015.327_MCE_20','Befund-Behebung'),(2015,1,'P.101.001.015.327','TMA','2015_01_P.101.001.015.327_TMA_39','Test-Dokumentation'),(2015,1,'P.101.001.015.327','AWA','2015_01_P.101.001.015.327_AWA_84','HVB fachlicher Support'),(2015,1,'P.101.001.015.327','THC','2015_01_P.101.001.015.327_THC_60','Befund-Behebung'),(2015,1,'P.101.001.015.327','LHU','2015_01_P.101.001.015.327_LHU_03','Befund-Behebung'),(2015,1,'P.101.001.015.327','PCE','2015_01_P.101.001.015.327_PCE_45','Test-Dokumentation'),(2015,1,'P.101.001.015.327','FW','2015_01_P.101.001.015.327_FW_54','Befund-Behebung'),(2015,1,'P.101.001.015.327','MRU','2015_01_P.101.001.015.327_MRU_62','Test-Dokumentation'),(2015,1,'P.101.001.015.327','DFU','2015_01_P.101.001.015.327_DFU_47','Befund-Behebung'),(2015,1,'P.101.001.015.327','MGR','2015_01_P.101.001.015.327_MGR_34','Test-Dokumentation'),(2015,1,'P.101.001.015.327','MLO','2015_01_P.101.001.015.327_MLO_77','HVB fachlicher Support'),(2015,1,'P.101.001.015.327','DPF','2015_01_P.101.001.015.327_DPF_30','Auswertungen-Datenbereinigung'),(2015,1,'P.101.001.015.327','WIS','2015_01_P.101.001.015.327_WIS_70','Varianten-Ausarbeitung'),(2015,1,'P.101.001.015.350','WRO','2015_01_P.101.001.015.350_WRO_23','Varianten-Ausarbeitung'),(2015,1,'P.101.001.015.350','KHL','2015_01_P.101.001.015.350_KHL_30','Varianten-Ausarbeitung'),(2015,1,'P.101.001.015.350','mwi','2015_01_P.101.001.015.350_mwi_40','Varianten-Ausarbeitung'),(2015,1,'P.101.001.015.403','WSC','2015_01_P.101.001.015.403_WSC_25','Varianten-Ausarbeitung'),(2015,1,'P.101.001.015.407','MPO','2015_01_P.101.001.015.407_MPO_09','Auswertungen-Datenbereinigung'),(2015,1,'P.101.003.078.006','LFR','2015_01_P.101.003.078.006_LFR_30',''),(2015,1,'P.101.003.078.006','THO','2015_01_P.101.003.078.006_THO_33',''),(2015,1,'P.101.003.078.006','MAB','2015_01_P.101.003.078.006_MAB_12',''),(2015,1,'P.101.003.078.006','WIS','2015_01_P.101.003.078.006_WIS_20',''),(2015,1,'P.101.003.078.006','agr','2015_01_P.101.003.078.006_agr_11',''),(2015,1,'P.101.003.078.006','nfr','2015_01_P.101.003.078.006_nfr_09',''),(2015,2,'P.101.001.015.101','MPO','2015_02_P.101.001.015.101_MPO_82',''),(2015,2,'P.101.001.015.101','WSC','2015_02_P.101.001.015.101_WSC_17',''),(2015,2,'P.101.001.015.101','ari','2015_02_P.101.001.015.101_ari_09',''),(2015,2,'P.101.001.015.101','GLE','2015_02_P.101.001.015.101_GLE_47',''),(2015,2,'P.101.001.015.101','DPF','2015_02_P.101.001.015.101_DPF_57',''),(2015,2,'P.101.001.015.101','MP','2015_02_P.101.001.015.101_MP_52',''),(2015,2,'P.101.001.015.102','MPO','2015_02_P.101.001.015.102_MPO_33',''),(2015,2,'P.101.001.015.102','WWA','2015_02_P.101.001.015.102_WWA_77',''),(2015,2,'P.101.001.015.102','WSC','2015_02_P.101.001.015.102_WSC_11',''),(2015,2,'P.101.001.015.102','MAB','2015_02_P.101.001.015.102_MAB_33',''),(2015,2,'P.101.001.015.105','MPO','2015_02_P.101.001.015.105_MPO_08',''),(2015,2,'P.101.001.015.105','DFU','2015_02_P.101.001.015.105_DFU_43',''),(2015,2,'P.101.001.015.111','AWA','2015_02_P.101.001.015.111_AWA_01',''),(2015,2,'P.101.001.015.111','FW','2015_02_P.101.001.015.111_FW_96',''),(2015,2,'P.101.001.015.111','MP','2015_02_P.101.001.015.111_MP_66',''),(2015,2,'P.101.001.015.111','DPF','2015_02_P.101.001.015.111_DPF_43',''),(2015,2,'P.101.001.015.111','THO','2015_02_P.101.001.015.111_THO_05',''),(2015,2,'P.101.001.015.202','TMA','2015_02_P.101.001.015.202_TMA_34',''),(2015,2,'P.101.001.015.202','THO','2015_02_P.101.001.015.202_THO_42',''),(2015,2,'P.101.001.015.202','FW','2015_02_P.101.001.015.202_FW_05',''),(2015,2,'P.101.001.015.202','LFR','2015_02_P.101.001.015.202_LFR_12',''),(2015,2,'P.101.001.015.202','WIS','2015_02_P.101.001.015.202_WIS_40',''),(2015,2,'P.101.001.015.202','MAB','2015_02_P.101.001.015.202_MAB_20',''),(2015,2,'P.101.001.015.205','WIS','2015_02_P.101.001.015.205_WIS_20',''),(2015,2,'P.101.001.015.205','LFR','2015_02_P.101.001.015.205_LFR_14',''),(2015,2,'P.101.001.015.211','ZN','2015_02_P.101.001.015.211_ZN_40',''),(2015,2,'P.101.001.015.211','THO','2015_02_P.101.001.015.211_THO_09',''),(2015,2,'P.101.001.015.211','MLO','2015_02_P.101.001.015.211_MLO_18',''),(2015,2,'P.101.001.015.211','WIS','2015_02_P.101.001.015.211_WIS_06',''),(2015,2,'P.101.001.015.216','WIS','2015_02_P.101.001.015.216_WIS_05',''),(2015,2,'P.101.001.015.216','WSC','2015_02_P.101.001.015.216_WSC_04',''),(2015,2,'P.101.001.015.219','BYU','2015_02_P.101.001.015.219_BYU_16',''),(2015,2,'P.101.001.015.219','RSI','2015_02_P.101.001.015.219_RSI_12',''),(2015,2,'P.101.001.015.219','WKO','2015_02_P.101.001.015.219_WKO_14',''),(2015,2,'P.101.001.015.227','WIS','2015_02_P.101.001.015.227_WIS_10',''),(2015,2,'P.101.001.015.227','THO','2015_02_P.101.001.015.227_THO_12',''),(2015,2,'P.101.001.015.227','WWA','2015_02_P.101.001.015.227_WWA_61',''),(2015,2,'P.101.001.015.241','THO','2015_02_P.101.001.015.241_THO_16',''),(2015,2,'P.101.001.015.244','THO','2015_02_P.101.001.015.244_THO_10',''),(2015,2,'P.101.001.015.245','MCE','2015_02_P.101.001.015.245_MCE_68',''),(2015,2,'P.101.001.015.245','DFU','2015_02_P.101.001.015.245_DFU_01',''),(2015,2,'P.101.001.015.245','WIS','2015_02_P.101.001.015.245_WIS_10',''),(2015,2,'P.101.001.015.245','THO','2015_02_P.101.001.015.245_THO_08',''),(2015,2,'P.101.001.015.257','THO','2015_02_P.101.001.015.257_THO_12',''),(2015,2,'P.101.001.015.257','WIS','2015_02_P.101.001.015.257_WIS_02',''),(2015,2,'P.101.001.015.327','LHU','2015_02_P.101.001.015.327_LHU_41','Befund-Behebung'),(2015,2,'P.101.001.015.327','THC','2015_02_P.101.001.015.327_THC_53','Befund-Behebung'),(2015,2,'P.101.001.015.327','TMA','2015_02_P.101.001.015.327_TMA_12','Test-Dokumentation'),(2015,2,'P.101.001.015.327','MCE','2015_02_P.101.001.015.327_MCE_32','Befund-Behebung'),(2015,2,'P.101.001.015.327','AWA','2015_02_P.101.001.015.327_AWA_71','HVB fachlicher Support'),(2015,2,'P.101.001.015.327','PCE','2015_02_P.101.001.015.327_PCE_54','Test-Dokumentation'),(2015,2,'P.101.001.015.327','MLO','2015_02_P.101.001.015.327_MLO_58','HVB fachlicher Support'),(2015,2,'P.101.001.015.327','MRU','2015_02_P.101.001.015.327_MRU_61','Test-Dokumentation'),(2015,2,'P.101.001.015.327','DFU','2015_02_P.101.001.015.327_DFU_62','Befund-Behebung'),(2015,2,'P.101.001.015.327','MGR','2015_02_P.101.001.015.327_MGR_18','Test-Dokumentation'),(2015,2,'P.101.001.015.327','WIS','2015_02_P.101.001.015.327_WIS_60','Varianten-Ausarbeitung'),(2015,2,'P.101.001.015.327','DPF','2015_02_P.101.001.015.327_DPF_12','Auswertungen-Datenbereinigung'),(2015,2,'P.101.001.015.329','WSC','2015_02_P.101.001.015.329_WSC_18','Varianten-Ausarbeitung'),(2015,2,'P.101.001.015.350','KHL','2015_02_P.101.001.015.350_KHL_64','Varianten-Ausarbeitung'),(2015,2,'P.101.001.015.350','WSC','2015_02_P.101.001.015.350_WSC_35','Varianten-Ausarbeitung'),(2015,2,'P.101.001.015.350','mwi','2015_02_P.101.001.015.350_mwi_45','Varianten-Ausarbeitung'),(2015,2,'P.101.001.015.403','WSC','2015_02_P.101.001.015.403_WSC_33','Varianten-Ausarbeitung'),(2015,2,'P.101.001.015.407','AWA','2015_02_P.101.001.015.407_AWA_02','HVB fachlicher Support'),(2015,2,'P.101.003.078.007','LFR','2015_02_P.101.003.078.007_LFR_22',''),(2015,2,'P.101.003.078.007','WSC','2015_02_P.101.003.078.007_WSC_10',''),(2015,2,'P.101.003.078.007','THO','2015_02_P.101.003.078.007_THO_25',''),(2015,3,'P.101.001.015.101','THC','2015_03_P.101.001.015.101_THC_12',''),(2015,3,'P.101.001.015.101','MPO','2015_03_P.101.001.015.101_MPO_70',''),(2015,3,'P.101.001.015.101','LHU','2015_03_P.101.001.015.101_LHU_33',''),(2015,3,'P.101.001.015.101','AWA','2015_03_P.101.001.015.101_AWA_01',''),(2015,3,'P.101.001.015.101','WWA','2015_03_P.101.001.015.101_WWA_09',''),(2015,3,'P.101.001.015.101','LFR','2015_03_P.101.001.015.101_LFR_06',''),(2015,3,'P.101.001.015.101','WSC','2015_03_P.101.001.015.101_WSC_27',''),(2015,3,'P.101.001.015.101','MP','2015_03_P.101.001.015.101_MP_40',''),(2015,3,'P.101.001.015.101','WIS','2015_03_P.101.001.015.101_WIS_30',''),(2015,3,'P.101.001.015.101','DPF','2015_03_P.101.001.015.101_DPF_50',''),(2015,3,'P.101.001.015.101','GLE','2015_03_P.101.001.015.101_GLE_58',''),(2015,3,'P.101.001.015.102','MAB','2015_03_P.101.001.015.102_MAB_37',''),(2015,3,'P.101.001.015.102','FW','2015_03_P.101.001.015.102_FW_28',''),(2015,3,'P.101.001.015.102','WIS','2015_03_P.101.001.015.102_WIS_10',''),(2015,3,'P.101.001.015.102','WSC','2015_03_P.101.001.015.102_WSC_15',''),(2015,3,'P.101.001.015.102','ZN','2015_03_P.101.001.015.102_ZN_01',''),(2015,3,'P.101.001.015.105','MPO','2015_03_P.101.001.015.105_MPO_14',''),(2015,3,'P.101.001.015.105','MP','2015_03_P.101.001.015.105_MP_17',''),(2015,3,'P.101.001.015.105','DPF','2015_03_P.101.001.015.105_DPF_16',''),(2015,3,'P.101.001.015.105','GLE','2015_03_P.101.001.015.105_GLE_16',''),(2015,3,'P.101.001.015.111','AWA','2015_03_P.101.001.015.111_AWA_00',''),(2015,3,'P.101.001.015.111','DPF','2015_03_P.101.001.015.111_DPF_53',''),(2015,3,'P.101.001.015.111','MP','2015_03_P.101.001.015.111_MP_24',''),(2015,3,'P.101.001.015.111','THO','2015_03_P.101.001.015.111_THO_40',''),(2015,3,'P.101.001.015.111','FW','2015_03_P.101.001.015.111_FW_95',''),(2015,3,'P.101.001.015.111','GLE','2015_03_P.101.001.015.111_GLE_70',''),(2015,3,'P.101.001.015.111','WSC','2015_03_P.101.001.015.111_WSC_05',''),(2015,3,'P.101.001.015.202','TMA','2015_03_P.101.001.015.202_TMA_08',''),(2015,3,'P.101.001.015.202','THO','2015_03_P.101.001.015.202_THO_40',''),(2015,3,'P.101.001.015.202','WIS','2015_03_P.101.001.015.202_WIS_70',''),(2015,3,'P.101.001.015.202','LFR','2015_03_P.101.001.015.202_LFR_51',''),(2015,3,'P.101.001.015.205','THC','2015_03_P.101.001.015.205_THC_09',''),(2015,3,'P.101.001.015.205','LHU','2015_03_P.101.001.015.205_LHU_40',''),(2015,3,'P.101.001.015.205','WIS','2015_03_P.101.001.015.205_WIS_40',''),(2015,3,'P.101.001.015.205','ZN','2015_03_P.101.001.015.205_ZN_83',''),(2015,3,'P.101.001.015.205','LFR','2015_03_P.101.001.015.205_LFR_13',''),(2015,3,'P.101.001.015.205','DFU','2015_03_P.101.001.015.205_DFU_69',''),(2015,3,'P.101.001.015.205','THO','2015_03_P.101.001.015.205_THO_35',''),(2015,3,'P.101.001.015.205','MAB','2015_03_P.101.001.015.205_MAB_24',''),(2015,3,'P.101.001.015.205','WWA','2015_03_P.101.001.015.205_WWA_16',''),(2015,3,'P.101.001.015.219','BYU','2015_03_P.101.001.015.219_BYU_07',''),(2015,3,'P.101.001.015.219','RJA','2015_03_P.101.001.015.219_RJA_09',''),(2015,3,'P.101.001.015.219','WKO','2015_03_P.101.001.015.219_WKO_08',''),(2015,3,'P.101.001.015.219','RSI','2015_03_P.101.001.015.219_RSI_03',''),(2015,3,'P.101.001.015.227','THO','2015_03_P.101.001.015.227_THO_06',''),(2015,3,'P.101.001.015.227','WSC','2015_03_P.101.001.015.227_WSC_01',''),(2015,3,'P.101.001.015.241','LFR','2015_03_P.101.001.015.241_LFR_02',''),(2015,3,'P.101.001.015.242','LFR','2015_03_P.101.001.015.242_LFR_02',''),(2015,3,'P.101.001.015.242','THO','2015_03_P.101.001.015.242_THO_13',''),(2015,3,'P.101.001.015.242','WSC','2015_03_P.101.001.015.242_WSC_13',''),(2015,3,'P.101.001.015.244','THO','2015_03_P.101.001.015.244_THO_04',''),(2015,3,'P.101.001.015.245','MCE','2015_03_P.101.001.015.245_MCE_49',''),(2015,3,'P.101.001.015.245','WIS','2015_03_P.101.001.015.245_WIS_10',''),(2015,3,'P.101.001.015.245','THO','2015_03_P.101.001.015.245_THO_03',''),(2015,3,'P.101.001.015.327','THC','2015_03_P.101.001.015.327_THC_16','Befund-Behebung'),(2015,3,'P.101.001.015.327','MCE','2015_03_P.101.001.015.327_MCE_82','Befund-Behebung'),(2015,3,'P.101.001.015.327','PCE','2015_03_P.101.001.015.327_PCE_65','Test-Dokumentation'),(2015,3,'P.101.001.015.327','AWA','2015_03_P.101.001.015.327_AWA_41','HVB fachlicher Support'),(2015,3,'P.101.001.015.327','TMA','2015_03_P.101.001.015.327_TMA_54','Test-Dokumentation'),(2015,3,'P.101.001.015.327','LHU','2015_03_P.101.001.015.327_LHU_93','Befund-Behebung'),(2015,3,'P.101.001.015.327','MGR','2015_03_P.101.001.015.327_MGR_65','Test-Dokumentation'),(2015,3,'P.101.001.015.327','WWA','2015_03_P.101.001.015.327_WWA_43','Befund-Behebung'),(2015,3,'P.101.001.015.327','MLO','2015_03_P.101.001.015.327_MLO_37','HVB fachlicher Support'),(2015,3,'P.101.001.015.327','WIS','2015_03_P.101.001.015.327_WIS_20','Plan-B-Detailplanung'),(2015,3,'P.101.001.015.327','DPF','2015_03_P.101.001.015.327_DPF_06','Auswertungen-Datenbereinigung'),(2015,3,'P.101.001.015.327','MRU','2015_03_P.101.001.015.327_MRU_84','Test-Dokumentation'),(2015,3,'P.101.001.015.350','KHL','2015_03_P.101.001.015.350_KHL_73','Projekt-Management'),(2015,3,'P.101.001.015.350','mwi','2015_03_P.101.001.015.350_mwi_52','Varianten-Ausarbeitung'),(2015,3,'P.101.001.015.350','WSC','2015_03_P.101.001.015.350_WSC_29','Varianten-Ausarbeitung'),(2015,3,'P.101.001.015.407','AWA','2015_03_P.101.001.015.407_AWA_03','HVB fachlicher Support'),(2015,3,'P.101.001.015.407','WSC','2015_03_P.101.001.015.407_WSC_09','Varianten-Ausarbeitung'),(2015,3,'P.101.003.078.003','LFR','2015_03_P.101.003.078.003_LFR_24',''),(2015,3,'P.101.003.078.007','THO','2015_03_P.101.003.078.007_THO_14',''),(2015,3,'P.101.003.078.007','WSC','2015_03_P.101.003.078.007_WSC_07',''),(2015,4,'P.101.001.015.101','MPO','2015_04_P.101.001.015.101_MPO_41',''),(2015,4,'P.101.001.015.101','WSC','2015_04_P.101.001.015.101_WSC_23',''),(2015,4,'P.101.001.015.101','WIS','2015_04_P.101.001.015.101_WIS_15',''),(2015,4,'P.101.001.015.101','MP','2015_04_P.101.001.015.101_MP_34',''),(2015,4,'P.101.001.015.101','DFU','2015_04_P.101.001.015.101_DFU_29',''),(2015,4,'P.101.001.015.102','MPO','2015_04_P.101.001.015.102_MPO_18',''),(2015,4,'P.101.001.015.102','WIS','2015_04_P.101.001.015.102_WIS_10',''),(2015,4,'P.101.001.015.102','WSC','2015_04_P.101.001.015.102_WSC_11',''),(2015,4,'P.101.001.015.102','DFU','2015_04_P.101.001.015.102_DFU_24',''),(2015,4,'P.101.001.015.105','MP','2015_04_P.101.001.015.105_MP_33',''),(2015,4,'P.101.001.015.105','DPF','2015_04_P.101.001.015.105_DPF_17',''),(2015,4,'P.101.001.015.111','AWA','2015_04_P.101.001.015.111_AWA_01',''),(2015,4,'P.101.001.015.111','WSC','2015_04_P.101.001.015.111_WSC_17',''),(2015,4,'P.101.001.015.111','GLE','2015_04_P.101.001.015.111_GLE_16',''),(2015,4,'P.101.001.015.111','MP','2015_04_P.101.001.015.111_MP_94',''),(2015,4,'P.101.001.015.111','THO','2015_04_P.101.001.015.111_THO_25',''),(2015,4,'P.101.001.015.111','DPF','2015_04_P.101.001.015.111_DPF_57',''),(2015,4,'P.101.001.015.112','WSC','2015_04_P.101.001.015.112_WSC_17',''),(2015,4,'P.101.001.015.202','THO','2015_04_P.101.001.015.202_THO_51',''),(2015,4,'P.101.001.015.202','WIS','2015_04_P.101.001.015.202_WIS_20',''),(2015,4,'P.101.001.015.202','LFR','2015_04_P.101.001.015.202_LFR_27',''),(2015,4,'P.101.001.015.204','THO','2015_04_P.101.001.015.204_THO_04',''),(2015,4,'P.101.001.015.205','LHU','2015_04_P.101.001.015.205_LHU_29',''),(2015,4,'P.101.001.015.205','WWA','2015_04_P.101.001.015.205_WWA_36',''),(2015,4,'P.101.001.015.216','WSC','2015_04_P.101.001.015.216_WSC_02',''),(2015,4,'P.101.001.015.219','WKO','2015_04_P.101.001.015.219_WKO_08',''),(2015,4,'P.101.001.015.219','RJA','2015_04_P.101.001.015.219_RJA_12',''),(2015,4,'P.101.001.015.219','BYU','2015_04_P.101.001.015.219_BYU_03',''),(2015,4,'P.101.001.015.227','WIS','2015_04_P.101.001.015.227_WIS_03',''),(2015,4,'P.101.001.015.227','THO','2015_04_P.101.001.015.227_THO_05',''),(2015,4,'P.101.001.015.227','FW','2015_04_P.101.001.015.227_FW_35',''),(2015,4,'P.101.001.015.241','MAB','2015_04_P.101.001.015.241_MAB_50',''),(2015,4,'P.101.001.015.242','WWA','2015_04_P.101.001.015.242_WWA_96',''),(2015,4,'P.101.001.015.242','WSC','2015_04_P.101.001.015.242_WSC_05',''),(2015,4,'P.101.001.015.242','THO','2015_04_P.101.001.015.242_THO_28',''),(2015,4,'P.101.001.015.242','WIS','2015_04_P.101.001.015.242_WIS_20',''),(2015,4,'P.101.001.015.244','THO','2015_04_P.101.001.015.244_THO_10',''),(2015,4,'P.101.001.015.245','MCE','2015_04_P.101.001.015.245_MCE_94',''),(2015,4,'P.101.001.015.245','THO','2015_04_P.101.001.015.245_THO_02',''),(2015,4,'P.101.001.015.327','AWA','2015_04_P.101.001.015.327_AWA_92','HVB fachlicher Support'),(2015,4,'P.101.001.015.327','LHU','2015_04_P.101.001.015.327_LHU_41','Befund-Behebung'),(2015,4,'P.101.001.015.327','TMA','2015_04_P.101.001.015.327_TMA_19','Test-Dokumentation'),(2015,4,'P.101.001.015.327','PCE','2015_04_P.101.001.015.327_PCE_61','Test-Dokumentation'),(2015,4,'P.101.001.015.327','THC','2015_04_P.101.001.015.327_THC_62','Befund-Behebung'),(2015,4,'P.101.001.015.327','LFR','2015_04_P.101.001.015.327_LFR_30','Befund-Behebung'),(2015,4,'P.101.001.015.327','MGR','2015_04_P.101.001.015.327_MGR_43','Test-Dokumentation'),(2015,4,'P.101.001.015.327','WIS','2015_04_P.101.001.015.327_WIS_70','Plan-B-Detailplanung'),(2015,4,'P.101.001.015.327','WSC','2015_04_P.101.001.015.327_WSC_17','Varianten-Ausarbeitung'),(2015,4,'P.101.001.015.327','MRU','2015_04_P.101.001.015.327_MRU_79','Test-Dokumentation'),(2015,4,'P.101.001.015.327','DPF','2015_04_P.101.001.015.327_DPF_36','Auswertungen-Datenbereinigung'),(2015,4,'P.101.001.015.327','MLO','2015_04_P.101.001.015.327_MLO_26','HVB fachlicher Support'),(2015,4,'P.101.001.015.327','WWA','2015_04_P.101.001.015.327_WWA_21','Befund-Behebung'),(2015,4,'P.101.001.015.350','KHL','2015_04_P.101.001.015.350_KHL_75','Projekt-Management'),(2015,4,'P.101.001.015.350','WSC','2015_04_P.101.001.015.350_WSC_46','Varianten-Ausarbeitung'),(2015,4,'P.101.001.015.350','ari','2015_04_P.101.001.015.350_ari_11','Projekt-Management'),(2015,4,'P.101.001.015.350','mwi','2015_04_P.101.001.015.350_mwi_43','Varianten-Ausarbeitung'),(2015,4,'P.101.001.015.407','AWA','2015_04_P.101.001.015.407_AWA_06','HVB fachlicher Support'),(2015,4,'P.101.001.015.408','AWA','2015_04_P.101.001.015.408_AWA_01','HVB fachlicher Support'),(2015,4,'P.101.001.015.550','ZN','2015_04_P.101.001.015.550_ZN_36','Plan-B-Detailplanung'),(2015,4,'P.101.001.015.550','FW','2015_04_P.101.001.015.550_FW_95','Befund-Behebung'),(2015,4,'P.101.001.015.550','MAB','2015_04_P.101.001.015.550_MAB_04','Plan-B-Detailplanung'),(2015,4,'P.101.001.015.550','DFU','2015_04_P.101.001.015.550_DFU_74','Plan-B-Detailplanung'),(2015,5,'P.101.001.015.101','MPO','2015_05_P.101.001.015.101_MPO_18',''),(2015,5,'P.101.001.015.101','WSC','2015_05_P.101.001.015.101_WSC_41',''),(2015,5,'P.101.001.015.101','DPF','2015_05_P.101.001.015.101_DPF_55',''),(2015,5,'P.101.001.015.101','LFR','2015_05_P.101.001.015.101_LFR_03',''),(2015,5,'P.101.001.015.101','MP','2015_05_P.101.001.015.101_MP_24',''),(2015,5,'P.101.001.015.101','WIS','2015_05_P.101.001.015.101_WIS_32',''),(2015,5,'P.101.001.015.102','MCE','2015_05_P.101.001.015.102_MCE_26',''),(2015,5,'P.101.001.015.102','MPO','2015_05_P.101.001.015.102_MPO_32',''),(2015,5,'P.101.001.015.102','DFU','2015_05_P.101.001.015.102_DFU_02',''),(2015,5,'P.101.001.015.102','WWA','2015_05_P.101.001.015.102_WWA_66',''),(2015,5,'P.101.001.015.102','ZN','2015_05_P.101.001.015.102_ZN_62',''),(2015,5,'P.101.001.015.102','FW','2015_05_P.101.001.015.102_FW_98',''),(2015,5,'P.101.001.015.102','WSC','2015_05_P.101.001.015.102_WSC_16',''),(2015,5,'P.101.001.015.102','LFR','2015_05_P.101.001.015.102_LFR_38',''),(2015,5,'P.101.001.015.102','MRU','2015_05_P.101.001.015.102_MRU_35',''),(2015,5,'P.101.001.015.105','MP','2015_05_P.101.001.015.105_MP_32',''),(2015,5,'P.101.001.015.111','DPF','2015_05_P.101.001.015.111_DPF_49',''),(2015,5,'P.101.001.015.111','WSC','2015_05_P.101.001.015.111_WSC_16',''),(2015,5,'P.101.001.015.111','GLE','2015_05_P.101.001.015.111_GLE_21',''),(2015,5,'P.101.001.015.111','THO','2015_05_P.101.001.015.111_THO_19',''),(2015,5,'P.101.001.015.111','MP','2015_05_P.101.001.015.111_MP_76',''),(2015,5,'P.101.001.015.112','WSC','2015_05_P.101.001.015.112_WSC_06',''),(2015,5,'P.101.001.015.202','MCE','2015_05_P.101.001.015.202_MCE_20',''),(2015,5,'P.101.001.015.202','DFU','2015_05_P.101.001.015.202_DFU_01',''),(2015,5,'P.101.001.015.202','LFR','2015_05_P.101.001.015.202_LFR_09',''),(2015,5,'P.101.001.015.202','THO','2015_05_P.101.001.015.202_THO_30',''),(2015,5,'P.101.001.015.202','WIS','2015_05_P.101.001.015.202_WIS_14',''),(2015,5,'P.101.001.015.204','THO','2015_05_P.101.001.015.204_THO_04',''),(2015,5,'P.101.001.015.205','DFU','2015_05_P.101.001.015.205_DFU_02',''),(2015,5,'P.101.001.015.205','THO','2015_05_P.101.001.015.205_THO_09',''),(2015,5,'P.101.001.015.205','WIS','2015_05_P.101.001.015.205_WIS_08',''),(2015,5,'P.101.001.015.211','THO','2015_05_P.101.001.015.211_THO_08',''),(2015,5,'P.101.001.015.219','RJA','2015_05_P.101.001.015.219_RJA_01',''),(2015,5,'P.101.001.015.227','THO','2015_05_P.101.001.015.227_THO_04',''),(2015,5,'P.101.001.015.241','THO','2015_05_P.101.001.015.241_THO_09',''),(2015,5,'P.101.001.015.241','MAB','2015_05_P.101.001.015.241_MAB_08',''),(2015,5,'P.101.001.015.241','LFR','2015_05_P.101.001.015.241_LFR_16',''),(2015,5,'P.101.001.015.242','MCE','2015_05_P.101.001.015.242_MCE_27',''),(2015,5,'P.101.001.015.242','WSC','2015_05_P.101.001.015.242_WSC_04',''),(2015,5,'P.101.001.015.242','THO','2015_05_P.101.001.015.242_THO_14',''),(2015,5,'P.101.001.015.242','WIS','2015_05_P.101.001.015.242_WIS_20',''),(2015,5,'P.101.001.015.244','PCE','2015_05_P.101.001.015.244_PCE_83',''),(2015,5,'P.101.001.015.244','THO','2015_05_P.101.001.015.244_THO_06',''),(2015,5,'P.101.001.015.244','WIS','2015_05_P.101.001.015.244_WIS_05',''),(2015,5,'P.101.001.015.245','THO','2015_05_P.101.001.015.245_THO_05',''),(2015,5,'P.101.001.015.257','THO','2015_05_P.101.001.015.257_THO_01',''),(2015,5,'P.101.001.015.327','LFR','2015_05_P.101.001.015.327_LFR_30','Befund-Behebung'),(2015,5,'P.101.001.015.327','MGR','2015_05_P.101.001.015.327_MGR_34','Test-Dokumentation'),(2015,5,'P.101.001.015.327','WSC','2015_05_P.101.001.015.327_WSC_04','Test-Dokumentation'),(2015,5,'P.101.001.015.350','KHL','2015_05_P.101.001.015.350_KHL_20','Projekt-Management'),(2015,5,'P.101.001.015.350','mwi','2015_05_P.101.001.015.350_mwi_25','Projekt-Management'),(2015,5,'P.101.001.015.350','WSC','2015_05_P.101.001.015.350_WSC_06','Projekt-Management'),(2015,5,'P.101.001.015.350','ari','2015_05_P.101.001.015.350_ari_18','Projekt-Management'),(2015,5,'P.101.001.015.403','WSC','2015_05_P.101.001.015.403_WSC_06','Plan-B-Detailplanung'),(2015,5,'P.101.001.015.407','AWA','2015_05_P.101.001.015.407_AWA_01','HVB fachlicher Support'),(2015,5,'P.101.001.015.407','MLO','2015_05_P.101.001.015.407_MLO_36','HVB fachlicher Support'),(2015,5,'P.101.001.015.510','AWA','2015_05_P.101.001.015.510_AWA_95',''),(2015,5,'P.101.001.015.510','PCE','2015_05_P.101.001.015.510_PCE_55',''),(2015,5,'P.101.001.015.510','WWA','2015_05_P.101.001.015.510_WWA_73',''),(2015,5,'P.101.001.015.530','MRU','2015_05_P.101.001.015.530_MRU_41',''),(2015,5,'P.101.001.015.550','LHU','2015_05_P.101.001.015.550_LHU_54','Befund-Behebung'),(2015,5,'P.101.001.015.550','THC','2015_05_P.101.001.015.550_THC_41','Befund-Behebung'),(2015,5,'P.101.001.015.550','MCE','2015_05_P.101.001.015.550_MCE_84','Befund-Behebung'),(2015,5,'P.101.001.015.550','MGR','2015_05_P.101.001.015.550_MGR_99','Test-Dokumentation'),(2015,5,'P.101.001.015.550','WIS','2015_05_P.101.001.015.550_WIS_60','Plan-B-Detailplanung'),(2015,5,'P.101.001.015.550','ZN','2015_05_P.101.001.015.550_ZN_78','Plan-B-Detailplanung'),(2015,5,'P.101.001.015.550','DFU','2015_05_P.101.001.015.550_DFU_61','Plan-B-Detailplanung'),(2015,5,'P.101.001.015.550','MAB','2015_05_P.101.001.015.550_MAB_46','Plan-B-Detailplanung'),(2015,5,'P.101.001.015.588','MPO','2015_05_P.101.001.015.588_MPO_12',''),(2015,5,'P.101.001.015.588','GLE','2015_05_P.101.001.015.588_GLE_08',''),(2015,5,'P.101.001.015.588','DPF','2015_05_P.101.001.015.588_DPF_02',''),(2015,5,'P.101.003.078.003','LFR','2015_05_P.101.003.078.003_LFR_02',''),(2015,5,'P.101.003.078.007','THO','2015_05_P.101.003.078.007_THO_13',''),(2015,5,'Z.100.155','THO','2015_05_Z.100.155_THO_22','');

--
-- Table structure for table `CCTTAB`
--

CREATE TABLE `CCTTAB` (
  `RWTYP` varchar(128) CHARACTER SET utf8 DEFAULT NULL,
  `RWPARENT` varchar(128) CHARACTER SET utf8 DEFAULT NULL,
  `RWNAME` text CHARACTER SET utf8,
  `RWVALUE` text CHARACTER SET utf8,
  `RWDESC` text CHARACTER SET utf8,
  `JVALUE` text CHARACTER SET utf8,
  `J2VALUE` text CHARACTER SET utf8,
  `J3VALUE` text CHARACTER SET utf8
) ENGINE=InnoDB DEFAULT CHARSET=latin1;

--
-- Dumping data for table `CCTTAB`
--


--
-- Table structure for table `CCUS`
--

CREATE TABLE `CCUS` (
  `USKURZZ` varchar(128) DEFAULT NULL,
  `USVORNAME` text,
  `USFAMILIENNAME` text,
  `USZPVFSART_CCFS` varchar(20) DEFAULT NULL,
  `USZPVFS` varchar(128) DEFAULT NULL,
  `USWIKIPAGENAME` text,
  `USWIKIPAGEURL` text,
  `USSTATUSCCUSTAT` varchar(20) DEFAULT NULL
) ENGINE=InnoDB DEFAULT CHARSET=utf8;

--
-- Dumping data for table `CCUS`
--

INSERT INTO `CCUS` VALUES ('kwagner','Kurt','Wagner','','','ZPV Person kwagner','','ON'),('kschmid','Karl','Schmid','','','ZPV Person kschmid','','ON'),('34gde','Georg','Delueg','','','ZPV Person 34gde','','ON'),('agneis','Annemarie','Gneis','','','ZPV Person agneis','','ON'),('ctorner','Christian','Torner','','','ZPV Person ctorner','','ON'),('efabian','Elke','Fabian','','','ZPV Person efabian','','ON'),('efessl','Erich','Feßl','','','ZPV Person efessl','','ON'),('ggleis','Gernot','Gleis','','','ZPV Person ggleis','','ON'),('hkoessl','Helmut','Kössl','','','ZPV Person hkoessl','','ON'),('jwimmer','Jutta','Wimmer','','','ZPV Person jwimmer','','ON'),('mstr','Markus','Strauss','','','ZPV Person mstr','','ON'),('mwi','Michael','Witzmann','','','ZPV Person mwi','','ON'),('ngoebl','Natascha','Göbl','','','ZPV Person ngoebl','','ON'),('roberhofer','Robert','Oberhofer','','','ZPV Person roberhofer','','ON'),('spr','Sebastian','Prohaska','','','ZPV Person spr','','ON'),('MIL','Mario','Illetschko','','','','','ON'),('aschurwetz','Astrid','Schurwetz','','','ZPV Person aschurwetz','','ON'),('bgkkstpk','STP-Koordination','BGKK','','','ZPV Person bgkkstpk','','ON'),('bgkkzclear','ZPV-Clearing','BGKK','','','ZPV Person bgkkzclear','','ON'),('btschoep','Bettina','Tschöp','','','ZPV Person btschoep','','ON'),('bvazclear','ZPV-Clearing','BVA','','','ZPV Person bvazclear','','ON'),('cmayr','Christian','Mayr','','','ZPV Person cmayr','','ON'),('csaliternig','Claudia','Saliternig','','','ZPV Person csaliternig','','ON'),('dschuhai','Dietmar','Schuhai','','','ZPV Person dschuhai','','ON'),('ebeichbuchner','Elke','Beichbuchner','','','ZPV Person ebeichbuchner','','ON'),('ezangerle','Elisabeth','Zangerle','','','ZPV Person ezangerle','','ON'),('fauer','Florian','Auer','','','ZPV Person fauer','','ON'),('gewald','Günter','Ewald','','','ZPV Person gewald','','ON'),('gmayer','Gerda','Mayer','','','ZPV Person gmayer','','ON'),('hbrunaecker','Helmut','Brunäcker','','','ZPV Person hbrunaecker','','ON'),('ilepper','Ingrid','Lepper','','','ZPV Person ilepper','','ON'),('imaringer','Irmgard','Maringer','','','ZPV Person imaringer','','ON'),('jkinzner','Johannes','Kinzner','','','ZPV Person jkinzner','','ON'),('jmang','Jasmin','Mang','','','ZPV Person jmang','','ON'),('kfawverp','Vertragspartner','KFA-Wien','','','ZPV Person kfawverp','','ON'),('kgkkzclear','ZPV-Clearing','KGKK','','','ZPV Person kgkkzclear','','ON'),('mcrieder','Marie-Christine','Rieder','','','ZPV Person mcrieder','','ON'),('mfoltinowsky','Michael','Foltinowsky','','','ZPV Person mfoltinowsky','','ON'),('mgamsler','Manuela','Gamsler','','','ZPV Person mgamsler','','ON'),('mmeglitsch','Michaela','Meglitsch','','','ZPV Person mmeglitsch','','ON'),('msedletzky','Marin','Sedletzky','','','ZPV Person msedletzky','','ON'),('msibitz','Monika','Sibitz','','','ZPV Person msibitz','','ON'),('noegkkmqt','MQT-Verteiler','NÖGKK','','','ZPV Person noegkkmqt','','ON'),('noegkkzclr','ZPV-Clearing','NÖGKK','','','ZPV Person noegkkzclr','','ON'),('ooegkkzclr','ZPV-Clearing','OÖGKK','','','ZPV Person ooegkkzclr','','ON'),('pcylok','Peter','Cylok','','','ZPV Person pcylok','','ON'),('pnessinger','Petra','Nessinger','','','ZPV Person pnessinger','','ON'),('pschoder','Peter','Schoder','','','ZPV Person pschoder','','ON'),('pvazclr','ZPV-Clearing','PVA','','','ZPV Person pvazclr','','ON'),('rgutsche','Reinhard','Gutsche','','','ZPV Person rgutsche','','ON'),('rkulunschic','Roman','Kulunschic','','','ZPV Person rkulunschic','','ON'),('rpaiszler','Reinhard','Paiszler','','','ZPV Person rpaiszler','','ON'),('rschaiter','Rosmarie','Schaiter','','','ZPV Person rschaiter','','ON'),('rzankel','Rudolf','Zankel','','','ZPV Person rzankel','','ON'),('sberghofer','Sylvia','Berghofer','','','ZPV Person sberghofer','','ON'),('sgkkzclr','ZPV-Clearing','SGKK','','','ZPV Person sgkkzclr','','ON'),('shuber','Sonja','Huber','','','ZPV Person shuber','','ON'),('slutz','Simone','Lutz','','','ZPV Person slutz','','ON'),('stgkkzclr','ZPV-Clearing','STGKK','','','ZPV Person stgkkzclr','','ON'),('svamqt','MQT-Verteiler','SVAGW','','','ZPV Person svamqt','','ON'),('svazclr','ZPV-Clearing','SVAGW','','','ZPV Person svazclr','','ON'),('svbzclr','ZPV-Clearing','SVB','','','ZPV Person svbzclr','','ON'),('tgkkzclr','ZPV-Clearing','TGKK','','','ZPV Person tgkkzclr','','ON'),('tlechner','Thomas','Lechner','','','ZPV Person tlechner','','ON'),('vaebzclr','ZPV-Clearing','VAEB','','','ZPV Person vaebzclr','','ON'),('vgkkzclr','ZPV-Clearing','VGKK','','','ZPV Person vgkkzclr','','ON'),('wgkkprodman','Produktmanagement','WGKK','','','ZPV Person wgkkprodman','','ON'),('wgkkzclr','ZPV-Clearing','WGKK','','','ZPV Person wgkkzclr','','ON'),('wsix','Wilfried','Six','','','ZPV Person wsix','','ON'),('mdaberger','Markus','Daberger','','','ZPV Person mdaberger','','ON'),('zpvf','','STP-ZPV fachlicher Kontakt','','','http://zpvwiki.sozvers.at/wiki/ZPV_Fachliches#Ansprechpartner_f.C3.BCr_fachliche_Belange','','ON'),('hwa','Hubert','Wackerle','','','ZPV Person hwa','http://zpvwiki.sozvers.at/wiki/ZPV_Person_hwa','ON'),('wbelohlavek','Wolfgang','Belohlavek','','','','','ON'),('slaschober','Susanne','Laschober','','','','','ON'),('CKN','Christian','Knotek','','','','','ON'),('haubauer','Hans','Aubauer','','','ZPV Person haubauer','http://zpvwiki.sozvers.at/wiki/ZPV_Person_haubauer','ON'),('WRO','Wolf','Rogner','','','ZPV Person wrogner','http://zpvwiki.sozvers.at/wiki/ZPV_Person_wrogner','ON'),('SDI','Sebastian','Dietrich','','','','','ON'),('BYU','Baran','Yüksel','','','','','ON'),('ghaas','Gerald','Haas','','','','','ON'),('geminger','Gerhard','EMINGER','','','','','ON'),('mknakal','Martina','KNAKAL','','','ZPV Person mknakal','','ON'),('tkoch','Thomas','KOCH','','','','','ON'),('cleitgeb','Christian','LEITGEB','','','','','ON'),('jlintner','Johann','LINTNER','','','','','ON'),('rdemontmorency','Robert','DE MONTMORENCY','','','','','ON'),('ero','Erik','ROMAGNA','','','ZPV Person ero','','ON'),('mstaudinger','Manfred','STAUDINGER','','','ZPV Person mstaudinger','','ON'),('aarnold','Andreas','ARNOLD','','','','','ON'),('KBR','Kurt','Brunner','','','','','ON'),('PCE','Patrick','Cemper','','','Benutzer:31pcemper','','ON'),('MCE','Manfred','Cerny','','','Benutzer:31mcerny','','ON'),('edenk','Eveline','Denk','','','','','ON'),('meiweck','Manfred','EIWECK','','','','','ON'),('JFA','Johannes','Farmer','','','User:34jfa','http://zpvwiki.sozvers.at/zpv/index.php/Benutzer:34jfa','END'),('ufeyerl','Udo','FEYERL','','','','','ON'),('rfink','Rudolf','FINK','','','','','ON'),('efleischhacker','Erwin','FLEISCHHACKER','','','','','ON'),('LFR','Lukas','Freudenschlag','','','User:lfr','','ON'),('FW','Wolfram','Frick','','','Benutzer:Fw','','ON'),('gfuchs','Gerhard','FUCHS','','','','','ON'),('DFU','Daniel','Funk','','','User:dfu','','ON'),('hgeier','Hannes','GEIER','','','','','ON'),('MGR','Marion','Grabenweger','','','','','ON'),('MHE','Manuel','Heissenberger','','','','','END'),('hhloupy','Herbert','HLOUPY','','','','','ON'),('KHL','Karin','Hloupy','','','Benutzer:khloupy','','ON'),('mhochreiter','Martin','HOCHREITER','','','','','ON'),('THC','Tobias','Hochwallner','','','','','ON'),('phofer','Peter','HOFER','','','','','ON'),('THO','Thomas','Hoffmann','','','User:tho','','ON'),('shorvath','Stefan','HORVATH','','','','','ON'),('LHU','Lukas','Hulin','','','Benutzer:31lhulin','','ON'),('itis','','IT-Informations-System','','','','','ON'),('RJA','Ronald','Jallitsch','','','','','ON'),('ejenkner','Elke','JENKNER','','','','','ON'),('WKO','Werner','Kopp','','','','','ON'),('gkrumpeck','Gerhard','KRUMPECK','','','','','ON'),('gkünzel','Gabriele','KÜNZEL','','','','','ON'),('GLE','Gernot','Lehnert','','','User:gle','','ON'),('eleitgeb','Erwin','LEITGEB','','','','','ON'),('MLO','Marcus','Lorenzoni','','','Benutzer:Mlorenzo','http://zpvwiki.sozvers.at/zpv/index.php/Benutzer:Mlo','ON'),('MA','Ronald','Madutka','','','Benutzer:99ma','','ON'),('MAB','Bensara','Maglajlic','','','Benutzer:Bmaglaji','','ON'),('TMA','Thomas','Mantsch','','','Benutzer:31tmantsch','','ON'),('mmarhold','Martin','MARHOLD','','','','','ON'),('MP','Patrick','Matzner','','','Benutzer:Mp','','ON'),('mmoosleitner','Manfred','MOOSLEITNER','','','','','ON'),('tmück','Thomas','MÜCK','','','','','ON'),('MMU','Markus','Müller','','','Benutzer:31mmueller','','END'),('tneumann','Thomas','NEUMANN','','','','','ON'),('rneumayer','Rainer','NEUMAYER','','','','','ON'),('aobermaier','Andreas','OBERMAIER','','','','','ON'),('DPF','Dominik','Pfeifer','','','Benutzer:Dpfeifer','','ON'),('rpinz','Rosa','PINZ','','','','','ON'),('cpipp','Christian','PIPP','','','','','ON'),('eploier','Erwin','PLOIER','','','','','ON'),('MPO','Marek','Pompura','','','User:mpo','','ON'),('pva_hokl','PVA','Postfach HOKL','','','','','ON'),('99pri','Richard','Preindl','','','User:99pri','http://zpvwiki.sozvers.at/zpv/index.php/Benutzer:99pri','ON'),('sprohaska','Sebastian','PROHASKA','','','','','ON'),('kradax','Kurt','RADAX','','','','','ON'),('rringbauer','Richard','RINGBAUER','','','','','ON'),('MRU','Marion','Rudischer','','','Benutzer:Mrudisch','','ON'),('tschauer','Thomas','SCHAUER','','','','','ON'),('aschelling','Albert','SCHELLING','','','','','ON'),('WSC','Wolfgang','Scherer','VSNR','5414240963','User:wsc','http://zpvwiki.sozvers.at/zpv/index.php/Benutzer:Wsc','ON'),('rschmidradler','Rainer','SCHMIDRADLER','','','','','ON'),('cschnabl','Christian','SCHNABL','','','','','ON'),('99scv','Volker','SCHÖRGHOFER','','','','','ON'),('hschuckert','Herbert','SCHUCKERT','','','','','ON'),('RSI','Rami','Siala','','','ZPV Person rsi','','ON'),('asilvestri','Alessandro','SILVESTRI','','','','','ON'),('bsproger','Bernd','SPROGER','','','','','ON'),('ZPVF','','STP-ZPV-Betreiber-Kontakt','','','','','ON'),('mstrauss','Markus','STRAUSS','','','','','ON'),('SUN','Sabine','Unger','','','ZPV Person sun','','ON'),('gvogel','Gerhard','VOGEL','','','','','ON'),('BVO','Bernhard','Vollnhofer','','','Benutzer:Bvo','','ON'),('mwa','Martin','WACEK','','','','','ON'),('AWA','Andreas','Waclavicek','','','Benutzer:99awa','http://zpvwiki.sozvers.at/zpv/index.php/Benutzer:Awa','ON'),('WWA','Wolfgang','Wagner','','','Benutzer:Wwa','','ON'),('hwaismayer','Herbert','WAISMAYER','','','','','ON'),('cweiss','Christian','WEISS','','','','','ON'),('gweiss','Gerhard','Weiß','','','','','ON'),('WIS','Stefan','Willinger','','','User:wis','','ON'),('fwinter','Franz','WINTER','','','','','ON'),('MWO','Michael','Wohlmuther','','','Benutzer:Miwo','','END'),('hwurm','Heinrich','WURM','','','','','ON'),('hzeller','Hubert','ZELLER','','','','','ON'),('ZN','Nikolaus','Zopf','','','Benutzer:Zn','','ON'),('hrainer','Hans','Rainer','','','ZPV Person hrainer','http://zpvwiki.sozvers.at/wiki/ZPV_Person_hrainer','ON'),('ariedl','Alexandra','Riedl','','','ZPV Person ariedl','','ON'),('agrein','Alexandra','Grein','','','ZPV Person agrein','','ON'),('NFR','Norbert','Fritz','','','ZPV Person nfritz','','ON'),('CHO','Christian','Hofsommer',NULL,NULL,NULL,NULL,'ON'),('MZE','Mario','Zehetner',NULL,NULL,NULL,NULL,'ON'),('ABS','Anne','Busch',NULL,NULL,NULL,NULL,'ON'),('DOS','Daniela','Ostermeier',NULL,NULL,NULL,NULL,'ON'),('THS','Thomas','Schadlinger',NULL,NULL,NULL,NULL,'ON'),('THL','Thomas','Hladschik',NULL,NULL,NULL,NULL,'ON'),('JHE','Johannes','Hell',NULL,NULL,NULL,NULL,'ON'),('RDI','Roman','Dietrich',NULL,NULL,NULL,NULL,'ON'),('NFR','Norbert','Fritz',NULL,NULL,NULL,NULL,'ON'),('GKA','Gerd','Kainz',NULL,NULL,NULL,NULL,'ON'),('CRA','Christopher','Ranefeld',NULL,NULL,NULL,NULL,'ON'),('TSA','Thomas','Samson',NULL,NULL,NULL,NULL,'ON'),('EHA','Eva','Handl',NULL,NULL,NULL,NULL,'ON'),('WMU','Wolfgang','Müller',NULL,NULL,NULL,NULL,'ON'),('MBO','Manuel','Bogner',NULL,NULL,NULL,NULL,'ON'),('GBR','Gerald','Brunbauer',NULL,NULL,NULL,NULL,'ON'),('RFI','Rene','Fischer',NULL,NULL,NULL,NULL,'ON'),('31ccdbt1','Testuser 1','CCDB',NULL,NULL,NULL,NULL,'ON');

--
-- Table structure for table `CCUSAS`
--

CREATE TABLE `CCUSAS` (
  `USKURZZ` varchar(128) DEFAULT NULL,
  `GRP` varchar(128) DEFAULT NULL,
  `OE` varchar(128) DEFAULT NULL,
  `ROLE` varchar(128) DEFAULT NULL,
  `VONJAHR` decimal(22,0) DEFAULT NULL,
  `VONMONAT` decimal(22,0) DEFAULT NULL,
  `BISJAHR` decimal(22,0) DEFAULT NULL,
  `BISMONAT` decimal(22,0) DEFAULT NULL,
  `ASSFTE` decimal(22,0) DEFAULT NULL
) ENGINE=InnoDB DEFAULT CHARSET=utf8;

--
-- Dumping data for table `CCUSAS`
--

INSERT INTO `CCUSAS` VALUES ('kwagner','ZPVPLA','BGKK','PLAREP',0,0,0,0,1),('kschmid','ZPVPLA','SVB','PLAREP',0,0,0,0,1),('LHU','ZPVCC','CC_ZPV','TM',0,0,0,0,1),('MGR','ZPVCC','CC_ZPV','TM',0,0,0,0,1),('MMU','ZPVCC','CC_ZPV','TM',0,0,0,0,1),('MPO','ZPVCC','CC_ZPV','TM',0,0,0,0,1),('MRU','ZPVCC','CC_ZPV','TM',0,0,0,0,1),('MWO','ZPVCC','CC_ZPV','TM',0,0,0,0,1),('WSC','ZPVCC','CC_ZPV','TM',0,0,0,0,1),('FW','ZPVCC','CC_ZPV','TM',0,0,0,0,1),('GLE','ZPVCC','CC_ZPV','TM',0,0,0,0,1),('DPF','ZPVCC','CC_ZPV','TM',0,0,0,0,1),('LFR','ZPVCC','CC_ZPV','TM',0,0,0,0,1),('MLO','ZPVCC','CC_ZPV','TM',0,0,0,0,1),('THO','ZPVCC','CC_ZPV','TM',0,0,0,0,1),('TMA','ZPVCC','CC_ZPV','TM',0,0,0,0,1),('MAB','ZPVCC','CC_ZPV','TM',0,0,0,0,1),('THC','ZPVCC','CC_ZPV','TM',0,0,0,0,1),('WIS','ZPVCC','CC_ZPV','TM',0,0,0,0,1),('WWA','ZPVCC','CC_ZPV','TM',0,0,0,0,1),('PCE','ZPVCC','CC_ZPV','TM',0,0,0,0,1),('DFU','ZPVCC','CC_ZPV','TM',0,0,0,0,1),('MCE','ZPVCC','CC_ZPV','TM',0,0,0,0,1),('sberghofer','Z4MKT','SVA','MKT',0,0,0,0,1),('KHL','ZPVCC','CC_ZPV','TM',0,0,0,0,1),('MP','ZPVCC','CC_ZPV','TM',0,0,0,0,1),('ZN','ZPVCC','CC_ZPV','TM',0,0,0,0,1),('MHE','ZPVCC','CC_ZPV','TM',0,0,0,0,1),('kwagner','Z4MQT','BGKK','MQT',0,0,0,0,1),('rpaiszler','Z4MQT','BGKK','MQTSTV',0,0,0,0,1),('bgkkstpk','Z4MQT','BGKK','MQTINF',0,0,0,0,1),('mcrieder','Z4MQT','BVA','MQT',0,0,0,0,1),('ilepper','Z4MQT','KFAW','MQT',0,0,0,0,1),('msibitz','Z4MQT','KGKK','MQT',0,0,0,0,1),('dschuhai','Z4MQT','KGKK','MQTSTV',0,0,0,0,1),('noegkkmqt','Z4MQT','NÖGKK','MQTINF',0,0,0,0,1),('pschoder','Z4MQT','OÖGKK','MQT',0,0,0,0,1),('cmayr','Z4MQT','OÖGKK','MQTSTV',0,0,0,0,1),('mfoltinowsky','Z4MQT','PVA','MQT',0,0,0,0,1),('fauer','Z4MQT','SGKK','MQT',0,0,0,0,1),('mmeglitsch','Z4MQT','STGKK','MQT',0,0,0,0,1),('pcylok','Z4MQT','STGKK','MQTSTV',0,0,0,0,1),('sberghofer','Z4MQT','SVA','MQT',0,0,0,0,1),('ebeichbuchner','Z4MQT','SVA','MQTSTV',0,0,0,0,1),('svamqt','Z4MQT','SVA','MQTINF',0,0,0,0,1),('pnessinger','Z4MQT','SVB','MQT',0,0,0,0,1),('jmang','Z4MQT','SVB','MQTSTV',0,0,0,0,1),('jkinzner','Z4MQT','TGKK','MQT',0,0,0,0,1),('gmayer','Z4MQT','VAEB','MQT',0,0,0,0,1),('imaringer','Z4MQT','VAEB','MQTSTV',0,0,0,0,1),('rgutsche','Z4MQT','VGKK','MQT',0,0,0,0,1),('slutz','Z4MQT','VGKK','MQTSTV',0,0,0,0,1),('edenk','Z4MQT','WGKK','MQT',0,0,0,0,1),('btschoep','Z4MQT','WGKK','MQTSTV',0,0,0,0,1),('wgkkprodman','Z4MQT','WGKK','MQTINF',0,0,0,0,1),('hbrunaecker','ZPVDQT','BGKK','DQT',0,0,0,0,1),('bgkkzclear','ZPVDQT','BGKK','DQTCLR',0,0,0,0,1),('mcrieder','ZPVDQT','BVA','DQT',0,0,0,0,1),('aschurwetz','ZPVDQT','BVA','DQTSTV',0,0,0,0,1),('bvazclear','ZPVDQT','BVA','DQTCLR',0,0,0,0,1),('ilepper','ZPVDQT','KFAW','DQT',0,0,0,0,1),('kfawverp','ZPVDQT','KFAW','DQTCLR',0,0,0,0,1),('cweiss','ZPVDQT','KGKK','DQT',0,0,0,0,1),('mgamsler','ZPVDQT','KGKK','DQTSTV',0,0,0,0,1),('csaliternig','ZPVDQT','KGKK','DQTSTV',0,0,0,0,1),('kgkkzclear','ZPVDQT','KGKK','DQTCLR',0,0,0,0,1),('msedletzky','ZPVDQT','NÖGKK','DQT',0,0,0,0,1),('tlechner','ZPVDQT','NÖGKK','DQTSTV',0,0,0,0,1),('noegkkzclr','ZPVDQT','NÖGKK','DQTCLR',0,0,0,0,1),('cmayr','ZPVDQT','OÖGKK','DQT',0,0,0,0,1),('pschoder','ZPVDQT','OÖGKK','DQTSTV',0,0,0,0,1),('ooegkkzclr','ZPVDQT','OÖGKK','DQTCLR',0,0,0,0,1),('mfoltinowsky','ZPVDQT','PVA','DQT',0,0,0,0,1),('rkulunschic','ZPVDQT','PVA','DQTSTV',0,0,0,0,1),('pvazclr','ZPVDQT','PVA','DQTCLR',0,0,0,0,1),('wsix','ZPVDQT','SGKK','DQT',0,0,0,0,1),('fauer','ZPVDQT','SGKK','DQTSTV',0,0,0,0,1),('sgkkzclr','ZPVDQT','SGKK','DQTCLR',0,0,0,0,1),('mmeglitsch','ZPVDQT','STGKK','DQT',0,0,0,0,1),('shuber','ZPVDQT','STGKK','DQTSTV',0,0,0,0,1),('stgkkzclr','ZPVDQT','STGKK','DQTCLR',0,0,0,0,1),('sberghofer','ZPVDQT','SVA','DQT',0,0,0,0,1),('ebeichbuchner','ZPVDQT','SVA','DQTSTV',0,0,0,0,1),('svazclr','ZPVDQT','SVA','DQTCLR',0,0,0,0,1),('jmang','ZPVDQT','SVB','DQT',0,0,0,0,1),('rschaiter','ZPVDQT','SVB','DQTSTV',0,0,0,0,1),('svbzclr','ZPVDQT','SVB','DQTCLR',0,0,0,0,1),('gewald','ZPVDQT','TGKK','DQT',0,0,0,0,1),('ezangerle','ZPVDQT','TGKK','DQTSTV',0,0,0,0,1),('tgkkzclr','ZPVDQT','TGKK','DQTCLR',0,0,0,0,1),('gmayer','ZPVDQT','VAEB','DQT',0,0,0,0,1),('vaebzclr','ZPVDQT','VAEB','DQTCLR',0,0,0,0,1),('rgutsche','ZPVDQT','VGKK','DQT',0,0,0,0,1),('slutz','ZPVDQT','VGKK','DQTSTV',0,0,0,0,1),('vgkkzclr','ZPVDQT','VGKK','DQTCLR',0,0,0,0,1),('btschoep','ZPVDQT','WGKK','DQT',0,0,0,0,1),('rzankel','ZPVDQT','WGKK','DQTSTV',0,0,0,0,1),('wgkkzclr','ZPVDQT','WGKK','DQTCLR',0,0,0,0,1),('efabian','Z4MKT','CC_HEMA','MKT',0,0,0,0,1),('edenk','Z4MKT','WGKK','MKT',0,0,0,0,1),('agneis','Z4MKT','CC_ALVA','MKT',0,0,0,0,1),('roberhofer','Z4MKT','NÖGKK','MKT',0,0,0,0,1),('hkoessl','Z4MKT','TGKK','MKT',0,0,0,0,1),('fauer','Z4MKT','SGKK','MKT',0,0,0,0,1),('msibitz','Z4MKT','KGKK','MKT',0,0,0,0,1),('jwimmer','Z4MKT','HVB','MKT',0,0,0,0,1),('ngoebl','Z4MKT','HVB','MKT',0,0,0,0,1),('efessl','Z4MKT','CC_LGKK','MKT',0,0,0,0,1),('mcrieder','Z4MKT','BVA','MKT',0,0,0,0,1),('ctorner','Z4MKT','CC_NOVA','MKT',0,0,0,0,1),('mmeglitsch','Z4MKT','STGKK','MKT',0,0,0,0,1),('ggleis','Z4MKT','SVB','MKT',0,0,0,0,1),('pnessinger','Z4MKT','SVB','MKT',0,0,0,0,1),('34gde','Z4MKT','SVC','MKT',0,0,0,0,1),('pri','Z4MKT','HVB','MKT',0,0,0,0,1),('mstr','Z4MKT','HVB','MKT',0,0,0,0,1),('awa','Z4MKT','CC_ZPV','MKT',0,0,0,0,1),('mwi','Z4MKT','ITSV','MKT',0,0,0,0,1),('mlo','Z4MKT','CC_ZPV','MKT',0,0,0,0,1),('spr','Z4MKT','ITSV','MKT',0,0,0,0,1),('mdaberger','ZPVPLA','SVA','PLAREP',2014,10,0,0,1),('sberghofer','ZPVPLA','SVA','PLAINF',2014,10,0,0,1),('wbelohlavek','ZPVPLA','STGKK','PLAREP',2014,9,0,0,1),('AWA','DQA','Ebcont','TM',0,0,0,0,1),('DFU','CORE','ITSVSWZSD','TM',0,0,0,0,1),('DPF','BUSSUPP','ITSVSWZSD','TM',0,0,0,0,1),('EDE','ZPV040KT','WGKK','TM',2014,1,2015,12,1),('FW','CORE','ITSVSWZSD','TM',0,0,0,0,1),('GLE','CORE','ITSVSWZSD','TM',0,0,2014,8,1),('GLE','BUSSUPP','ITSVSWZSD','TM',2014,9,0,0,1),('KHL','SAT','S4S','TM',2013,5,2015,12,1),('LFR','BUSSUPP','ITSVSWZSD','TM',0,0,2014,8,1),('LFR','CORE','ITSVSWZSD','TM',2014,9,0,0,1),('LHU','SAT','Ebcont','TM',0,0,0,0,1),('MAB','CORE','ITSVSWZSD','TM',0,0,0,0,1),('MCE','SAT','ITSVSWZSD','TM',0,0,0,0,1),('MGR','CORE','ITSVSWZSD','TM',2014,4,0,0,0),('MHE','CORE','Ebcont','TM',2014,3,0,0,1),('MLO','BUSSUPP','ITSVSWZSD','TM',0,0,0,0,0),('MLO','CORE','ITSVSWZSD','TM',0,0,0,0,1),('MLO','DQA','ITSVSWZSD','TM',0,0,0,0,0),('MMU','SAT','Ebcont','TM',0,0,2013,10,1),('MP','BUSSUPP','ITSVSWZSD','TM',0,0,0,0,1),('MPO','BUSSUPP','Ebcont','TM',0,0,0,0,1),('MRU','CORE','ITSVSWZSD','TM',0,0,0,0,1),('MWO','CORE','ITSVSWZSD','TM',2013,3,2014,2,1),('PCE','SAT','Ebcont','TM',0,0,0,0,1),('99pri','ZPV040KT','HVBITORG','TM',2014,1,2015,12,1),('99pri','DQA','HVBITORG','TM',0,0,0,0,1),('THC','SAT','Ebcont','TM',2014,3,0,0,1),('THO','BUSSUPP','ITSVSWZSD','TM',0,0,0,0,1),('THO','SAT','ITSVSWZSD','TM',0,0,0,0,1),('TMA','CORE','ITSVSWZSD','TM',2013,8,0,0,1),('WIS','CORE','ITSVSWZSD','TM',0,0,0,0,1),('WIS','SAT','ITSVSWZSD','TM',0,0,0,0,1),('WKO','CORE','ITSVSWZSD','TM',0,0,0,0,0),('WSC','CORE','ITSVSWZSD','TM',0,0,0,0,0),('WSC','BUSSUPP','ITSVSWZSD','TM',0,0,0,0,0),('WSC','DQA','ITSVSWZSD','TM',0,0,0,0,0),('WWA','CORE','ITSVSWZSD','TM',0,0,0,0,1),('ZN','CORE','ITSVSWZSD','TM',0,0,0,0,1),('edenk','ZPVPLA','WGKK','PLAINF',0,0,0,0,1),('mhochreiter','ZPVPLA','ITSV','PLAINF',0,0,0,0,1),('rpinz','ZPVPLA','ITSV','PLAINF',0,0,0,0,1),('cpipp','ZPVPLA','VAEB','PLAINF',0,0,2014,12,1),('sprohaska','ZPVPLA','ITSV','PLAINF',0,0,0,0,1),('kradax','ZPVPLA','ITSV','PLAINF',0,0,0,0,1),('mcrieder','ZPVPLA','BVA','PLAINF',0,0,0,0,1),('rringbauer','ZPVPLA','ITSV','PLAINF',0,0,0,0,1),('tschauer','ZPVPLA','ITSV','PLAINF',0,0,0,0,1),('fwinter','ZPVPLA','AUVA','PLAINF',0,0,0,0,1),('pva_hokl','ZPVPLA','PVA','PLAINF',0,0,0,0,1),('haubauer','ZPVPLA','SVA','PLAMEMB',2014,11,0,0,1),('DFU','ZPV','ITSV','MA',2010,3,0,0,1),('DPF','ZPV','ITSV','MA',2010,9,0,0,1),('FW','ZPV','ITSV','MA',0,0,0,0,1),('GLE','ZPV','ITSV','MA',2010,7,0,0,1),('LFR','ZPV','ITSV','MA',0,0,0,0,1),('MAB','ZPV','ITSV','MA',0,0,0,0,1),('MGR','ZPV','ITSV','MA',0,0,0,0,1),('MLO','ZPV','ITSV','MA',2011,3,0,0,1),('MP','ZPV','ITSV','MA',2011,1,0,0,1),('MRU','ZPV','ITSV','MA',0,0,0,0,1),('THO','ZPV','ITSV','MA',2010,7,0,0,1),('WIS','ZPV','ITSV','MA',0,0,0,0,1),('WSC','ZPV','ITSV','MA',2010,5,0,0,1),('WWA','ZPV','ITSV','MA',0,0,0,0,1),('ZN','ZPV','ITSV','MA',0,0,0,0,1),('ghaas','ZPVPLA','VAEB','PLAINF',2015,6,0,0,1),('tkoch','ZPVPLA','SVC','PLAREP',2015,5,0,0,1),('meiweck','ZPVPLA','BGKK','PLAMEMB',0,0,0,0,1),('rfink','ZPVPLA','SVB','PLAMEMB',0,0,0,0,1),('efleischhacker','ZPVPLA','ITSV','PLAMEMB',0,0,0,0,1),('gfuchs','ZPVPLA','BVA','PLAMEMB',0,0,0,0,1),('hhloupy','ZPVPLA','PVA','PLAMEMB',0,0,0,0,1),('phofer','ZPVPLA','OÖGKK','PLAMEMB',0,0,0,0,1),('eleitgeb','ZPVPLA','VAEB','PLAMEMB',0,0,0,0,1),('mmoosleitner','ZPVPLA','SGKK','PLAMEMB',0,0,0,0,1),('tmück','ZPVPLA','SVA','PLAMEMB',0,0,2014,10,1),('aobermaier','ZPVPLA','WGKK','PLAMEMB',0,0,0,0,1),('eploier','ZPVPLA','BKKMO','PLAMEMB',0,0,0,0,1),('hwa','ZPVPLA','ITSV','PLAMEMB',0,0,0,0,1),('99scv','ZPVPLA','HVB','PLAMEMB',0,0,0,0,1),('aarnold','ZPVPLA','TGKK','PLAREP',0,0,0,0,1),('ufeyerl','ZPVPLA','OÖGKK','PLAREP',0,0,0,0,1),('hgeier','ZPVPLA','BKKZW','PLAREP',0,0,0,0,1),('shorvath','ZPVPLA','ITSV','PLAREP',0,0,0,0,1),('ejenkner','ZPVPLA','KGKK','PLAREP',0,0,0,0,1),('gkrumpeck','ZPVPLA','BGKK','PLAREP',0,0,0,0,1),('gkünzel','ZPVPLA','VAEB','PLAREP',0,0,0,0,1),('mmarhold','ZPVPLA','SVA','PLAREP',0,0,0,0,1),('tneumann','ZPVPLA','VAEB','PLAREP',0,0,0,0,1),('rneumayer','ZPVPLA','BVA','PLAREP',0,0,0,0,1),('aschelling','ZPVPLA','VGKK','PLAREP',0,0,0,0,1),('WSC','ZPVPLA','ITSV','PLAREP',0,0,0,0,1),('rschmidradler','ZPVPLA','SVC','PLAREP',0,0,2015,5,1),('cschnabl','ZPVPLA','SVA','PLAREP',0,0,0,0,1),('hschuckert','ZPVPLA','PVA','PLAREP',0,0,0,0,1),('asilvestri','ZPVPLA','AUVA','PLAREP',0,0,0,0,1),('bsproger','ZPVPLA','VAEB','PLAREP',0,0,0,0,1),('zpvf','ZPVPLA','HVB','PLAREP',0,0,0,0,1),('gvogel','ZPVPLA','BVA','PLAREP',0,0,0,0,1),('hwaismayer','ZPVPLA','WGKK','PLAREP',0,0,0,0,1),('cweiss','ZPVPLA','KGKK','PLAREP',0,0,0,0,1),('gweiss','ZPVPLA','TGKK','PLAREP',0,0,0,0,1),('hwurm','ZPVPLA','STGKK','PLAREP',0,0,2014,12,1),('hzeller','ZPVPLA','NÖGKK','PLAREP',0,0,0,0,1),('itis','ZPVPLA','ITSV','PLAINF',0,0,0,0,1),('KHL','ZPVPLA','ITSV','PLAREP',0,0,0,0,1),('mwa','ZPVPLA','HVB','PLAREP',0,0,0,0,1),('99pri','ZPVPLA','HVB','PLAREP',0,0,0,0,1),('MLO','ZPVPLA','ITSV','PLAREP',0,0,2015,1,1),('hwa','ZPVPLA20150211','ITSV','PLAPART',0,0,0,0,1),('sberghofer','ZPVPLA20150211','SVA','PLAPART',0,0,0,0,1),('edenk','ZPVPLA20150211','WGKK','PLAPART',0,0,0,0,1),('meiweck','ZPVPLA20150211','BGKK','PLAPART',0,0,0,0,1),('geminger','ZPVPLA20150211','PVA','PLAPART',0,0,0,0,1),('rfink','ZPVPLA20150211','SVB','PLAPART',0,0,0,0,1),('gfuchs','ZPVPLA20150211','BVA','PLAPART',0,0,0,0,1),('hgeier','ZPVPLA20150211','BKKZW','PLAPART',0,0,0,0,1),('rgutsche','ZPVPLA20150211','VGKK','PLAPART',0,0,0,0,1),('phofer','ZPVPLA20150211','OÖGKK','PLAPART',0,0,0,0,1),('shorvath','ZPVPLA20150211','ITSV','PLAPART',0,0,0,0,1),('ejenkner','ZPVPLA20150211','KGKK','PLAPART',0,0,0,0,1),('mknakal','ZPVPLA20150211','ITSV','PLAPART',0,0,0,0,1),('tkoch','ZPVPLA20150211','SVC','PLAPART',0,0,0,0,1),('cleitgeb','ZPVPLA20150211','NÖGKK','PLAPART',0,0,0,0,1),('eleitgeb','ZPVPLA20150211','VAEB','PLAPART',0,0,0,0,1),('jlintner','ZPVPLA20150211','KGKK','PLAPART',0,0,0,0,1),('mmarhold','ZPVPLA20150211','SVA','PLAPART',0,0,0,0,1),('rdemontmorency','ZPVPLA20150211','STGKK','PLAPART',0,0,0,0,1),('mmoosleitner','ZPVPLA20150211','SGKK','PLAPART',0,0,0,0,1),('aobermaier','ZPVPLA20150211','WGKK','PLAPART',0,0,0,0,1),('99pri','ZPVPLA20150211','HVB','PLAPART',0,0,0,0,1),('hrainer','ZPVPLA20150211','VAEB','PLAPART',0,0,0,0,1),('mcrieder','ZPVPLA20150211','BVA','PLAPART',0,0,0,0,1),('ero','ZPVPLA20150211','HVB','PLAPART',0,0,0,0,1),('aschelling','ZPVPLA20150211','VGKK','PLAPART',0,0,0,0,1),('99scv','ZPVPLA20150211','HVB','PLAPART',0,0,0,0,1),('asilvestri','ZPVPLA20150211','AUVA','PLAPART',0,0,0,0,1),('mstaudinger','ZPVPLA20150211','VGKK','PLAPART',0,0,0,0,1),('hwaismayer','ZPVPLA20150211','WGKK','PLAPART',0,0,0,0,1),('gweiss','ZPVPLA20150211','TGKK','PLAPART',0,0,0,0,1),('KHL','ZPVPLA20150211','ITSV','PLAPART',0,0,0,0,1),('rringbauer','ZPVPLA20150211','ITSV','PLAPART',0,0,0,0,1),('WSC','ZPVPLA20150211','ITSV','PLAPART',0,0,0,0,1),('mwi','ZPVPLA20150211','ITSV','PLAPART',0,0,0,0,1),('rneumayer','ZPVPLA20150211','BVA','PLAPART',0,0,0,0,1),('hrainer','ZPVPLA','VAEB','PLAREP',0,0,0,0,1),('rdemontmorency','ZPVPLA','STGKK','PLAMEMB',2015,1,0,0,0);

--
-- Temporary view structure for view `CCVATTINFO`
--

/*!50001 DROP VIEW IF EXISTS `CCVATTINFO`*/;
/*!50001 CREATE VIEW `CCVATTINFO` AS SELECT 
 1 AS `ARCHETYPE`,
 1 AS `ARCHETYPE_NAME`,
 1 AS `ARCHETYPE_DESC`,
 1 AS `ATTRIBUTE`,
 1 AS `ATTRIBUTE_NAME`,
 1 AS `ATTRIBUTE_DESC`*/;

--
-- Temporary view structure for view `CCVBUDGET`
--

/*!50001 DROP VIEW IF EXISTS `CCVBUDGET`*/;
/*!50001 CREATE VIEW `CCVBUDGET` AS SELECT 
 1 AS `JAHR`,
 1 AS `TEILPROJEKT`,
 1 AS `PLANPT`,
 1 AS `PLANKOSTEN`*/;

--
-- Temporary view structure for view `CCVCAL`
--

/*!50001 DROP VIEW IF EXISTS `CCVCAL`*/;
/*!50001 CREATE VIEW `CCVCAL` AS SELECT 
 1 AS `JAHR`,
 1 AS `MONAT`,
 1 AS `MONATSANFANG`,
 1 AS `MONATSENDE`,
 1 AS `TAGEIMMONAT`*/;

--
-- Temporary view structure for view `CCVCASTWIKI`
--

/*!50001 DROP VIEW IF EXISTS `CCVCASTWIKI`*/;
/*!50001 CREATE VIEW `CCVCASTWIKI` AS SELECT 
 1 AS `SYSTYPKURZ`,
 1 AS `SYSTYPNAME`,
 1 AS `SYSTYP`,
 1 AS `SYSTYPWIKIPAGE`,
 1 AS `ITMAPURL`,
 1 AS `SOURCE`,
 1 AS `UK`,
 1 AS `REMARK`*/;

--
-- Temporary view structure for view `CCVCNT1K`
--

/*!50001 DROP VIEW IF EXISTS `CCVCNT1K`*/;
/*!50001 CREATE VIEW `CCVCNT1K` AS SELECT 
 1 AS `CNT`*/;

--
-- Temporary view structure for view `CCVDBQUERIES`
--

/*!50001 DROP VIEW IF EXISTS `CCVDBQUERIES`*/;
/*!50001 CREATE VIEW `CCVDBQUERIES` AS SELECT 
 1 AS `ABFRAGENAME`,
 1 AS `GRUPPE`,
 1 AS `GRUPPENTITEL`,
 1 AS `GRUPPENBESCHREIBUNG`,
 1 AS `RWTYP`,
 1 AS `RWPARENT`,
 1 AS `RWNAME`,
 1 AS `RWVALUE`,
 1 AS `RWDESC`*/;

--
-- Temporary view structure for view `CCVDCLOADSIZES`
--

/*!50001 DROP VIEW IF EXISTS `CCVDCLOADSIZES`*/;
/*!50001 CREATE VIEW `CCVDCLOADSIZES` AS SELECT 
 1 AS `JAHR`,
 1 AS `KW`,
 1 AS `LOADNAME`,
 1 AS `LOADSIZE`*/;

--
-- Temporary view structure for view `CCVDCRESA`
--

/*!50001 DROP VIEW IF EXISTS `CCVDCRESA`*/;
/*!50001 CREATE VIEW `CCVDCRESA` AS SELECT 
 1 AS `LOADNAME`,
 1 AS `JAHR`,
 1 AS `KW`,
 1 AS `NODE`,
 1 AS `RESTYPE`,
 1 AS `AMOUNT`,
 1 AS `RZ_NODE_NAME`,
 1 AS `ENV`,
 1 AS `MAX_LOADNAME`*/;

--
-- Temporary view structure for view `CCVDCRESM`
--

/*!50001 DROP VIEW IF EXISTS `CCVDCRESM`*/;
/*!50001 CREATE VIEW `CCVDCRESM` AS SELECT 
 1 AS `JAHR`,
 1 AS `MONAT`,
 1 AS `ENV`,
 1 AS `RESTYPE`,
 1 AS `AMOUNT`*/;

--
-- Temporary view structure for view `CCVDCRESR`
--

/*!50001 DROP VIEW IF EXISTS `CCVDCRESR`*/;
/*!50001 CREATE VIEW `CCVDCRESR` AS SELECT 
 1 AS `LOADNAME`,
 1 AS `JAHR`,
 1 AS `KW`,
 1 AS `NODE`,
 1 AS `RESTYPE`,
 1 AS `AMOUNT`,
 1 AS `RZ_NODE_NAME`,
 1 AS `ENV`,
 1 AS `MAX_LOADNAME`*/;

--
-- Temporary view structure for view `CCVDCRLOADSIZES`
--

/*!50001 DROP VIEW IF EXISTS `CCVDCRLOADSIZES`*/;
/*!50001 CREATE VIEW `CCVDCRLOADSIZES` AS SELECT 
 1 AS `JAHR`,
 1 AS `KW`,
 1 AS `LOADNAME`,
 1 AS `LOADSIZE`*/;

--
-- Temporary view structure for view `CCVDCRTYP`
--

/*!50001 DROP VIEW IF EXISTS `CCVDCRTYP`*/;
/*!50001 CREATE VIEW `CCVDCRTYP` AS SELECT 
 1 AS `RESTYPE`,
 1 AS `RESNAME`,
 1 AS `RESDESC`*/;

--
-- Temporary view structure for view `CCVDECCNT`
--

/*!50001 DROP VIEW IF EXISTS `CCVDECCNT`*/;
/*!50001 CREATE VIEW `CCVDECCNT` AS SELECT 
 1 AS `C`*/;

--
-- Temporary view structure for view `CCVGRPLIST`
--

/*!50001 DROP VIEW IF EXISTS `CCVGRPLIST`*/;
/*!50001 CREATE VIEW `CCVGRPLIST` AS SELECT 
 1 AS `GRPID`,
 1 AS `USKURZZ`,
 1 AS `VORNAME`,
 1 AS `FAMILIENNAME`,
 1 AS `ROLE`,
 1 AS `OE`,
 1 AS `EMAIL`*/;

--
-- Temporary view structure for view `CCVILGKFACT`
--

/*!50001 DROP VIEW IF EXISTS `CCVILGKFACT`*/;
/*!50001 CREATE VIEW `CCVILGKFACT` AS SELECT 
 1 AS `JAHR`,
 1 AS `MONAT`,
 1 AS `PSP`,
 1 AS `GKFAKT`*/;

--
-- Temporary view structure for view `CCVILRATE`
--

/*!50001 DROP VIEW IF EXISTS `CCVILRATE`*/;
/*!50001 CREATE VIEW `CCVILRATE` AS SELECT 
 1 AS `JAHR`,
 1 AS `MONAT`,
 1 AS `USKURZZ`,
 1 AS `TKUMTK`,
 1 AS `TKUJTK`,
 1 AS `TKUGTK`,
 1 AS `TKMTK`,
 1 AS `TKJTK`,
 1 AS `TKGTK`,
 1 AS `TARKLASS`,
 1 AS `RATE`*/;

--
-- Temporary view structure for view `CCVILV`
--

/*!50001 DROP VIEW IF EXISTS `CCVILV`*/;
/*!50001 CREATE VIEW `CCVILV` AS SELECT 
 1 AS `jahr`,
 1 AS `monat`,
 1 AS `psp`,
 1 AS `bezpsp`,
 1 AS `psppage`,
 1 AS `kst`,
 1 AS `bezkst`,
 1 AS `VORNAME`,
 1 AS `NACHNAME`,
 1 AS `USKURZZ`,
 1 AS `stunden`,
 1 AS `kosten`,
 1 AS `GKFAKT`,
 1 AS `NUM_STUNDEN`,
 1 AS `NUM_KOSTEN`,
 1 AS `NOTIZKEY`,
 1 AS `NOTIZEN`*/;

--
-- Temporary view structure for view `CCVILVACC`
--

/*!50001 DROP VIEW IF EXISTS `CCVILVACC`*/;
/*!50001 CREATE VIEW `CCVILVACC` AS SELECT 
 1 AS `JAHR`,
 1 AS `MONAT`,
 1 AS `TAG`,
 1 AS `STUNDE_VON`,
 1 AS `MINUTE_VON`,
 1 AS `STUNDE_BIS`,
 1 AS `MINUTE_BIS`,
 1 AS `PSP`,
 1 AS `PSPDETAIL`,
 1 AS `USKURZZ`,
 1 AS `DATUM`,
 1 AS `BEGINN_MINUTEN`,
 1 AS `END_MINUTEN`,
 1 AS `MINUTEN_ARBEIT`,
 1 AS `STUNDEN_ARBEIT`*/;

--
-- Temporary view structure for view `CCVILVD`
--

/*!50001 DROP VIEW IF EXISTS `CCVILVD`*/;
/*!50001 CREATE VIEW `CCVILVD` AS SELECT 
 1 AS `JAHR`,
 1 AS `MONAT`,
 1 AS `TAG`,
 1 AS `TASKID`,
 1 AS `VORHABEN`,
 1 AS `PSP`,
 1 AS `PSPDETAIL`,
 1 AS `USKURZZ`,
 1 AS `STUNDEN`,
 1 AS `KOSTEN`*/;

--
-- Temporary view structure for view `CCVILVDACC`
--

/*!50001 DROP VIEW IF EXISTS `CCVILVDACC`*/;
/*!50001 CREATE VIEW `CCVILVDACC` AS SELECT 
 1 AS `USKURZZ`,
 1 AS `DATUM`,
 1 AS `JAHR`,
 1 AS `MONAT`,
 1 AS `TAG`,
 1 AS `PSP`,
 1 AS `STUNDEN`*/;

--
-- Temporary view structure for view `CCVILVMAM`
--

/*!50001 DROP VIEW IF EXISTS `CCVILVMAM`*/;
/*!50001 CREATE VIEW `CCVILVMAM` AS SELECT 
 1 AS `JAHR`,
 1 AS `MONAT`,
 1 AS `VORNAME`,
 1 AS `NACHNAME`,
 1 AS `STUNDEN`,
 1 AS `KOSTEN`,
 1 AS `KOSTEN_INKL_GK`,
 1 AS `GK_FACTOR`*/;

--
-- Temporary view structure for view `CCVILVMP`
--

/*!50001 DROP VIEW IF EXISTS `CCVILVMP`*/;
/*!50001 CREATE VIEW `CCVILVMP` AS SELECT 
 1 AS `jahr`,
 1 AS `monat`,
 1 AS `psp`,
 1 AS `bezpsp`,
 1 AS `psppage`,
 1 AS `stunden`,
 1 AS `KOSTEN`,
 1 AS `planstunden`,
 1 AS `plankosten`*/;

--
-- Temporary view structure for view `CCVILVMY`
--

/*!50001 DROP VIEW IF EXISTS `CCVILVMY`*/;
/*!50001 CREATE VIEW `CCVILVMY` AS SELECT 
 1 AS `JAHR`,
 1 AS `VORNAME`,
 1 AS `NACHNAME`,
 1 AS `JAN`,
 1 AS `FEB`,
 1 AS `MAR`,
 1 AS `APR`,
 1 AS `MAY`,
 1 AS `JUN`,
 1 AS `JUL`,
 1 AS `AUG`,
 1 AS `SEP`,
 1 AS `OCT`,
 1 AS `NOV`,
 1 AS `DEZ`*/;

--
-- Temporary view structure for view `CCVJAHR`
--

/*!50001 DROP VIEW IF EXISTS `CCVJAHR`*/;
/*!50001 CREATE VIEW `CCVJAHR` AS SELECT 
 1 AS `JAHR`*/;

--
-- Temporary view structure for view `CCVJHE201701`
--

/*!50001 DROP VIEW IF EXISTS `CCVJHE201701`*/;
/*!50001 CREATE VIEW `CCVJHE201701` AS SELECT 
 1 AS `Projekt`,
 1 AS `Name`,
 1 AS `Stundensatz`,
 1 AS `AufwandPT`,
 1 AS `AufwandStunden`,
 1 AS `Buchungselement`,
 1 AS `Bezeichnung`,
 1 AS `KostenExclUst`,
 1 AS `KostenInclUSt`*/;

--
-- Temporary view structure for view `CCVJHE201702`
--

/*!50001 DROP VIEW IF EXISTS `CCVJHE201702`*/;
/*!50001 CREATE VIEW `CCVJHE201702` AS SELECT 
 1 AS `Projekt`,
 1 AS `Name`,
 1 AS `Stundensatz`,
 1 AS `AufwandPT`,
 1 AS `AufwandStunden`,
 1 AS `Buchungselement`,
 1 AS `Bezeichnung`,
 1 AS `KostenExclUst`,
 1 AS `KostenInclUSt`*/;

--
-- Temporary view structure for view `CCVJHECF2017WM01`
--

/*!50001 DROP VIEW IF EXISTS `CCVJHECF2017WM01`*/;
/*!50001 CREATE VIEW `CCVJHECF2017WM01` AS SELECT 
 1 AS `Datum`,
 1 AS `Stunden`,
 1 AS `Leistung`*/;

--
-- Temporary view structure for view `CCVJHECF2017WM02`
--

/*!50001 DROP VIEW IF EXISTS `CCVJHECF2017WM02`*/;
/*!50001 CREATE VIEW `CCVJHECF2017WM02` AS SELECT 
 1 AS `Datum`,
 1 AS `Stunden`,
 1 AS `Leistung`*/;

--
-- Temporary view structure for view `CCVRCAL`
--

/*!50001 DROP VIEW IF EXISTS `CCVRCAL`*/;
/*!50001 CREATE VIEW `CCVRCAL` AS SELECT 
 1 AS `JAHR`,
 1 AS `MONAT`,
 1 AS `MONATSANFANG`,
 1 AS `MONATSENDE`,
 1 AS `TAGEIMMONAT`,
 1 AS `ERSTEWOCHE`,
 1 AS `LETZTEWOCHE`,
 1 AS `TAGEINERSTERWOCHE`,
 1 AS `TAGEINLETZTERWOCHE`*/;

--
-- Temporary view structure for view `CCVSPINFO`
--

/*!50001 DROP VIEW IF EXISTS `CCVSPINFO`*/;
/*!50001 CREATE VIEW `CCVSPINFO` AS SELECT 
 1 AS `ABGSPRINT`,
 1 AS `AKTSPRINT`,
 1 AS `NXTSPRINT`*/;

--
-- Temporary view structure for view `CCVTARKLASS`
--

/*!50001 DROP VIEW IF EXISTS `CCVTARKLASS`*/;
/*!50001 CREATE VIEW `CCVTARKLASS` AS SELECT 
 1 AS `JAHR`,
 1 AS `MONAT`,
 1 AS `USKURZZ`,
 1 AS `TARKLASS`*/;

--
-- Temporary view structure for view `CCVTASK`
--

/*!50001 DROP VIEW IF EXISTS `CCVTASK`*/;
/*!50001 CREATE VIEW `CCVTASK` AS SELECT 
 1 AS `PROJECT`,
 1 AS `TASKID`,
 1 AS `VORHABEN`,
 1 AS `PARENTID`,
 1 AS `TASKNAME`,
 1 AS `TASKTYPE`,
 1 AS `PSPCODE`,
 1 AS `TASKDESC`,
 1 AS `ESTEFFPH`,
 1 AS `RATEUR`,
 1 AS `ESTEUR`,
 1 AS `STARTTIME`,
 1 AS `ENDTIME`,
 1 AS `DAUER`,
 1 AS `TAGESPH`,
 1 AS `TASKRESP`,
 1 AS `USKURZZ`,
 1 AS `USVORNAME`,
 1 AS `USFAMILIENNAME`,
 1 AS `USZPVFSART_CCFS`,
 1 AS `USZPVFS`,
 1 AS `USWIKIPAGENAME`,
 1 AS `USWIKIPAGEURL`,
 1 AS `USSTATUSCCUSTAT`,
 1 AS `KST`,
 1 AS `INTEXT`,
 1 AS `EMAIL`*/;

--
-- Temporary view structure for view `CCVTASKPM`
--

/*!50001 DROP VIEW IF EXISTS `CCVTASKPM`*/;
/*!50001 CREATE VIEW `CCVTASKPM` AS SELECT 
 1 AS `JAHR`,
 1 AS `MONAT`,
 1 AS `TASKID`,
 1 AS `TASKNAME`,
 1 AS `TASKRESP`,
 1 AS `STARTTIME`,
 1 AS `ENDTIME`,
 1 AS `ESTEFFPH`,
 1 AS `RATEUR`,
 1 AS `ESTEUR`,
 1 AS `TAGESPH`,
 1 AS `PHIMMONAT`*/;

--
-- Temporary view structure for view `CCVTASKPPM`
--

/*!50001 DROP VIEW IF EXISTS `CCVTASKPPM`*/;
/*!50001 CREATE VIEW `CCVTASKPPM` AS SELECT 
 1 AS `JAHR`,
 1 AS `MONAT`,
 1 AS `TASKRESP`,
 1 AS `AUFWANDPHMONAT`*/;

--
-- Temporary view structure for view `CCVTASKPPMT`
--

/*!50001 DROP VIEW IF EXISTS `CCVTASKPPMT`*/;
/*!50001 CREATE VIEW `CCVTASKPPMT` AS SELECT 
 1 AS `JAHR`,
 1 AS `TASKRESP`,
 1 AS `AUFWANDPHJAHR`*/;

--
-- Temporary view structure for view `CCVTASKZPICONT201702`
--

/*!50001 DROP VIEW IF EXISTS `CCVTASKZPICONT201702`*/;
/*!50001 CREATE VIEW `CCVTASKZPICONT201702` AS SELECT 
 1 AS `TASKTYPE`,
 1 AS `TASKID`,
 1 AS `TASKNAME`,
 1 AS `TASKRESP`,
 1 AS `PSPCODE`,
 1 AS `Planstunden01-12`,
 1 AS `Plankosten01-12`,
 1 AS `IstStunden01`,
 1 AS `IstKosten01`,
 1 AS `IstStunden02`,
 1 AS `IstKosten02`,
 1 AS `Attribute`*/;

--
-- Temporary view structure for view `CCVTKRG`
--

/*!50001 DROP VIEW IF EXISTS `CCVTKRG`*/;
/*!50001 CREATE VIEW `CCVTKRG` AS SELECT 
 1 AS `JAHR`,
 1 AS `MONAT`,
 1 AS `USKURZZ`,
 1 AS `TKRG`*/;

--
-- Temporary view structure for view `CCVTKRJ`
--

/*!50001 DROP VIEW IF EXISTS `CCVTKRJ`*/;
/*!50001 CREATE VIEW `CCVTKRJ` AS SELECT 
 1 AS `JAHR`,
 1 AS `MONAT`,
 1 AS `USKURZZ`,
 1 AS `TKRJ`*/;

--
-- Temporary view structure for view `CCVTKRM`
--

/*!50001 DROP VIEW IF EXISTS `CCVTKRM`*/;
/*!50001 CREATE VIEW `CCVTKRM` AS SELECT 
 1 AS `JAHR`,
 1 AS `MONAT`,
 1 AS `USKURZZ`,
 1 AS `TKRM`*/;

--
-- Temporary view structure for view `CCVTKUG`
--

/*!50001 DROP VIEW IF EXISTS `CCVTKUG`*/;
/*!50001 CREATE VIEW `CCVTKUG` AS SELECT 
 1 AS `JAHR`,
 1 AS `MONAT`,
 1 AS `USKURZZ`,
 1 AS `TKUG`*/;

--
-- Temporary view structure for view `CCVTKUJ`
--

/*!50001 DROP VIEW IF EXISTS `CCVTKUJ`*/;
/*!50001 CREATE VIEW `CCVTKUJ` AS SELECT 
 1 AS `JAHR`,
 1 AS `MONAT`,
 1 AS `USKURZZ`,
 1 AS `TKUJ`*/;

--
-- Temporary view structure for view `CCVTKUM`
--

/*!50001 DROP VIEW IF EXISTS `CCVTKUM`*/;
/*!50001 CREATE VIEW `CCVTKUM` AS SELECT 
 1 AS `JAHR`,
 1 AS `MONAT`,
 1 AS `USKURZZ`,
 1 AS `TKUM`*/;

--
-- Temporary view structure for view `CCVUILRATE`
--

/*!50001 DROP VIEW IF EXISTS `CCVUILRATE`*/;
/*!50001 CREATE VIEW `CCVUILRATE` AS SELECT 
 1 AS `JAHR`,
 1 AS `MONAT`,
 1 AS `USKURZZ`,
 1 AS `ATTNAME`,
 1 AS `ATTVALUE`*/;

--
-- Temporary view structure for view `CCVUS`
--

/*!50001 DROP VIEW IF EXISTS `CCVUS`*/;
/*!50001 CREATE VIEW `CCVUS` AS SELECT 
 1 AS `USKURZZ`,
 1 AS `USVORNAME`,
 1 AS `USFAMILIENNAME`,
 1 AS `USZPVFSART_CCFS`,
 1 AS `USZPVFS`,
 1 AS `USWIKIPAGENAME`,
 1 AS `USWIKIPAGEURL`,
 1 AS `USSTATUSCCUSTAT`,
 1 AS `KST`,
 1 AS `INTEXT`,
 1 AS `EMAIL`*/;

--
-- Temporary view structure for view `CCVUSALLKST`
--

/*!50001 DROP VIEW IF EXISTS `CCVUSALLKST`*/;
/*!50001 CREATE VIEW `CCVUSALLKST` AS SELECT 
 1 AS `USKURZZ`,
 1 AS `JMK`,
 1 AS `KST`*/;

--
-- Temporary view structure for view `CCVUSMAXKST`
--

/*!50001 DROP VIEW IF EXISTS `CCVUSMAXKST`*/;
/*!50001 CREATE VIEW `CCVUSMAXKST` AS SELECT 
 1 AS `USKURZZ`,
 1 AS `MAXKST`*/;

--
-- Temporary view structure for view `CCVWFPENDINST`
--

/*!50001 DROP VIEW IF EXISTS `CCVWFPENDINST`*/;
/*!50001 CREATE VIEW `CCVWFPENDINST` AS SELECT 
 1 AS `USKURZZ`,
 1 AS `GRPID`,
 1 AS `QUEID`,
 1 AS `WFID`,
 1 AS `WFINSTID`,
 1 AS `WFITITLE`,
 1 AS `WFSTATE`*/;

--
-- Temporary view structure for view `CCVZPI2017TASKS`
--

/*!50001 DROP VIEW IF EXISTS `CCVZPI2017TASKS`*/;
/*!50001 CREATE VIEW `CCVZPI2017TASKS` AS SELECT 
 1 AS `Name`,
 1 AS `Vorhaben`,
 1 AS `Arbeitspaket`,
 1 AS `Aufgabe`,
 1 AS `Planstunden`,
 1 AS `PSP_ELEMENT`*/;

--
-- Table structure for table `CCWDDN`
--

CREATE TABLE `CCWDDN` (
  `WOCHENTAG` decimal(22,0) DEFAULT NULL,
  `TAGNAME` varchar(128) DEFAULT NULL,
  `TAGEINERSTERWOCHE` decimal(22,0) DEFAULT NULL,
  `TAGEINLETZTERWOCHE` decimal(22,0) DEFAULT NULL
) ENGINE=InnoDB DEFAULT CHARSET=utf8;

--
-- Dumping data for table `CCWDDN`
--

INSERT INTO `CCWDDN` VALUES (1,'Sonntag',1,7),(2,'Montag',7,1),(3,'Dienstag',6,2),(4,'Mittwoch',5,3),(5,'Donnerstag',4,4),(6,'Freitag',3,5),(7,'Samstag',2,6);

--
-- Table structure for table `CCWFACT`
--

CREATE TABLE `CCWFACT` (
  `ACTID` varchar(128) DEFAULT NULL,
  `ACTNAM` text,
  `ACTINF` text,
  `ACTCTL` text
) ENGINE=InnoDB DEFAULT CHARSET=utf8;

--
-- Dumping data for table `CCWFACT`
--


--
-- Table structure for table `CCWFDEF`
--

CREATE TABLE `CCWFDEF` (
  `WFID` varchar(128) DEFAULT NULL,
  `WFNAME` text
) ENGINE=InnoDB DEFAULT CHARSET=utf8;

--
-- Dumping data for table `CCWFDEF`
--


--
-- Table structure for table `CCWFDOCAS`
--

CREATE TABLE `CCWFDOCAS` (
  `DOCID` varchar(128) DEFAULT NULL,
  `WFINSTID` varchar(128) DEFAULT NULL,
  `DOCROLE` varchar(128) DEFAULT NULL,
  `DOCRIDX` varchar(128) DEFAULT NULL,
  `DOCRINF` text
) ENGINE=InnoDB DEFAULT CHARSET=utf8;

--
-- Dumping data for table `CCWFDOCAS`
--


--
-- Table structure for table `CCWFINST`
--

CREATE TABLE `CCWFINST` (
  `WFID` varchar(128) DEFAULT NULL,
  `WFINSTID` varchar(128) DEFAULT NULL,
  `WFITITLE` text,
  `WFSTATE` varchar(128) DEFAULT NULL
) ENGINE=InnoDB DEFAULT CHARSET=utf8;

--
-- Dumping data for table `CCWFINST`
--


--
-- Table structure for table `CCWFQGA`
--

CREATE TABLE `CCWFQGA` (
  `QUEID` varchar(128) DEFAULT NULL,
  `GRPID` varchar(128) DEFAULT NULL,
  `ASSPRIO` decimal(22,0) DEFAULT NULL
) ENGINE=InnoDB DEFAULT CHARSET=utf8;

--
-- Dumping data for table `CCWFQGA`
--


--
-- Table structure for table `CCWFQUE`
--

CREATE TABLE `CCWFQUE` (
  `QUEID` varchar(128) DEFAULT NULL,
  `QUENAME` varchar(128) DEFAULT NULL
) ENGINE=InnoDB DEFAULT CHARSET=utf8;

--
-- Dumping data for table `CCWFQUE`
--


--
-- Table structure for table `CCWFSTA`
--

CREATE TABLE `CCWFSTA` (
  `WFID` varchar(128) DEFAULT NULL,
  `STAID` varchar(128) DEFAULT NULL
) ENGINE=InnoDB DEFAULT CHARSET=utf8;

--
-- Dumping data for table `CCWFSTA`
--


--
-- Table structure for table `CCWFSTACT`
--

CREATE TABLE `CCWFSTACT` (
  `WFID` varchar(128) DEFAULT NULL,
  `WFSTA` varchar(128) DEFAULT NULL,
  `ACTID` varchar(128) DEFAULT NULL
) ENGINE=InnoDB DEFAULT CHARSET=utf8;

--
-- Dumping data for table `CCWFSTACT`
--


--
-- Table structure for table `CCWFSTAQUE`
--

CREATE TABLE `CCWFSTAQUE` (
  `WFID` varchar(128) DEFAULT NULL,
  `WFSTA` varchar(128) DEFAULT NULL,
  `QUEID` varchar(128) DEFAULT NULL
) ENGINE=InnoDB DEFAULT CHARSET=utf8;

--
-- Dumping data for table `CCWFSTAQUE`
--


--
-- Table structure for table `CCWFSTATRA`
--

CREATE TABLE `CCWFSTATRA` (
  `WFID` varchar(128) DEFAULT NULL,
  `STAID` varchar(128) DEFAULT NULL,
  `EVTID` varchar(128) DEFAULT NULL,
  `NEWSTAID` varchar(128) DEFAULT NULL,
  `TRAID` varchar(128) DEFAULT NULL
) ENGINE=InnoDB DEFAULT CHARSET=utf8;

--
-- Dumping data for table `CCWFSTATRA`
--


--
-- Table structure for table `CCWP`
--

CREATE TABLE `CCWP` (
  `WPPROJECT` varchar(128) DEFAULT NULL,
  `WPPSPCODE` varchar(128) DEFAULT NULL,
  `WPNAME` text,
  `WPWIKIPAGENAME` text,
  `WPSTART` timestamp NOT NULL DEFAULT CURRENT_TIMESTAMP ON UPDATE CURRENT_TIMESTAMP,
  `WPEND` timestamp NOT NULL DEFAULT '0000-00-00 00:00:00',
  `WPRESPCCUS` varchar(128) DEFAULT NULL,
  `WPSTATUSCCSTAT` varchar(128) DEFAULT NULL,
  `WPCLASS` varchar(128) DEFAULT NULL,
  `PCTCOMPLETE` decimal(22,0) DEFAULT NULL,
  `PRED` text,
  `PARENT` varchar(128) DEFAULT NULL,
  `WPACCCCUS` varchar(128) DEFAULT NULL,
  `WPCONTCCUS` text,
  `WPINFOCCUS` text,
  `WPESTEFFORT` decimal(22,0) DEFAULT NULL,
  `WPACTEFFORT` decimal(22,0) DEFAULT NULL
) ENGINE=InnoDB DEFAULT CHARSET=utf8;

--
-- Dumping data for table `CCWP`
--

INSERT INTO `CCWP` VALUES ('ZPV040','','Legende:','','0000-00-00 00:00:00','0000-00-00 00:00:00','','','baroper',0,'','','','','',0,0),('ZPV040','','Tätigkeiten ZPV-CC','','0000-00-00 00:00:00','0000-00-00 00:00:00','','','barzpv',0,'','','','','',0,0),('ZPV040','','Tätigkeiten SVC','','0000-00-00 00:00:00','0000-00-00 00:00:00','','','barsvc',0,'','','','','',0,0),('ZPV040','','Tätigkeiten HVB','','0000-00-00 00:00:00','0000-00-00 00:00:00','','','barhvb',0,'','','','','',0,0),('ZPV040','','gemeinsame Tätigkeiten','','0000-00-00 00:00:00','0000-00-00 00:00:00','','','barall',0,'','','','','',0,0),('ZPV040','','Tätigkeiten der SV-Träger','','0000-00-00 00:00:00','0000-00-00 00:00:00','','','barsvt',0,'','','','','',0,0),('ZPV040','','betriebliche Tätigkeiten','','0000-00-00 00:00:00','0000-00-00 00:00:00','','','baroper',0,'','','','','',0,0),('ZPV040','01','Projektmanagement','MDMA2012 Arbeitspakete#Projekt-Management','0000-00-00 00:00:00','0000-00-00 00:00:00','WSC','ACT','agg',10,'','','WSC','MLO,JFA,PRI','ANG',384,32),('ZPV040','01.01','Projektstart','MDMA2012 Arbeitspakete#Arbeitspaket 01.01 - Projektstart','0000-00-00 00:00:00','0000-00-00 00:00:00','WSC','ACT','barall',100,'','01','','','',0,0),('ZPV040','01.01.01','Projektdefinition erstellen','','0000-00-00 00:00:00','0000-00-00 00:00:00','WSC','COMPL','barzpv',100,'','01.01','','','',0,0),('ZPV040','MDMA2012PDEF','Projekt Definiert','MDMA2012 Meilensteine#MDMA2012PDEF','0000-00-00 00:00:00','0000-00-00 00:00:00','WSC','MST','mst',0,'01.01.01','01.01','','','',0,0),('ZPV040','01.01.02','ZPV PLA Prüfung Projektdefinition','','0000-00-00 00:00:00','0000-00-00 00:00:00','ZPPLA','COMPL','barsvt',100,'','01.01','','','',0,0),('ZPV040','MDMA2012TKAC','Projekt-Budget genehmigt','MDMA2012 Meilensteine#MDMA2012TKAC','0000-00-00 00:00:00','0000-00-00 00:00:00','WSC','MST','mst',0,'','01.01','','','',0,0),('ZPV040','01.02','Projektcontrolling','MDMA2012 Arbeitspakete#Arbeitspaket 01.02 - Projekt-Controlling','0000-00-00 00:00:00','0000-00-00 00:00:00','WSC','ACT','barzpv',5,'MDMA2012TKAC','01','','','',0,0),('ZPV040','01.03','Projektkommunikation','MDMA2012 Arbeitspakete#Arbeitspaket 01.03 - Projekt-Kommunikation','0000-00-00 00:00:00','0000-00-00 00:00:00','WSC','ACT','barzpv',5,'MDMA2012TKAC','01','','','',0,0),('ZPV040','01.04','Projektdokumentation','MDMA2012 Arbeitspakete#Arbeitspaket 01.04 - Projekt-Dokumentation','0000-00-00 00:00:00','0000-00-00 00:00:00','WSC','ACT','barzpv',5,'MDMA2012TKAC','01','','','',0,0),('ZPV040','01.05','Projektmarketing','MDMA2012 Arbeitspakete#Arbeitspaket 01.05 - Projekt-Marketing','0000-00-00 00:00:00','0000-00-00 00:00:00','WSC','ACT','barzpv',5,'MDMA2012TKAC','01','','','',0,0),('ZPV040','01.09','Projektabschluss','MDMA2012 Arbeitspakete#Arbeitspaket 01.09 - Projekt-Abschluss','0000-00-00 00:00:00','0000-00-00 00:00:00','WSC','ACT','barzpv',0,'MDMA2012TKAC','01','','','',0,0),('ZPV040','02','ZPV 4.0','ZPV 4.0','0000-00-00 00:00:00','0000-00-00 00:00:00','MLO','ACT','agg',0,'','','','','',0,0),('ZPV040','02.01','ZPV 4.0 Anforderungs-Analyse','ZPV 4.0#Anforderungs-Analyse','0000-00-00 00:00:00','0000-00-00 00:00:00','MLO','ACT','agg',0,'','','','','',0,0),('ZPV040','02.01.01','Fertigstellung BOM','MDMA2012 Arbeitspakete#Arbeitspaket 02.01.01 - Fertigstellung BOM','0000-00-00 00:00:00','2004-12-02 23:00:00','AWA','COMPL','barzpv',100,'','','','','',0,0),('ZPV040','02.01.01.01','Vorbereitung Analyse Workshop 1','','0000-00-00 00:00:00','0000-00-00 00:00:00','MLO','COMPL','barzpv',100,'','02.01.01','','','',0,0),('ZPV040','02.01.01.02','Analyse Workshop 1','ZPV 4.0 Anforderungs-Analyse Workshop 01','0000-00-00 00:00:00','0000-00-00 00:00:00','MLO','COMPL','barzpv',100,'02.01.01.01','02.01.01','','','',0,0),('ZPV040','02.01.01.03','Einarbeitung WS 1','','0000-00-00 00:00:00','2004-12-02 23:00:00','AWA','COMPL','barzpv',100,'02.01.01.02','','','','',0,0),('ZPV040','02.01.02','Analyse Workshop 2','MDMA2012 Arbeitspakete#Arbeitspaket 02.01.02 - Analyse Workshop 2','2004-12-03 23:00:00','2004-12-04 23:00:00','MLO','COMPL','barall',100,'02.01.01','','','','',0,0),('ZPV040','02.01.03','Einarbeitung WS 2','MDMA2012 Arbeitspakete#Arbeitspaket 02.01.03 - Einarbeitung Ergebnisse Workshop 2','2004-12-05 23:00:00','0000-00-00 00:00:00','AWA','COMPL','barzpv',100,'02.01.02','','','','',0,0),('ZPV040','02.01.04','Analyse Workshop 3','MDMA2012 Arbeitspakete#Arbeitspaket 02.01.04 - Analyse Workshop 3','0000-00-00 00:00:00','0000-00-00 00:00:00','MLO','COMPL','barzpv',100,'02.01.03','','','','',0,0),('ZPV040','02.01.05','Analyse Phase 4','','0000-00-00 00:00:00','0000-00-00 00:00:00','MLO','ACT','agg',60,'02.01.04','','','','',0,0),('ZPV040','02.01.05.01','Einarbeitung WS 3','','0000-00-00 00:00:00','0000-00-00 00:00:00','AWA','ACT','barzpv',100,'','','','','',0,0),('ZPV040','02.01.05.02','Analyse Workshop 4','','0000-00-00 00:00:00','0000-00-00 00:00:00','MLO','COMPL','barall',100,'02.01.05.01','02.01.05','','','',0,0),('ZPV040','02.01.05.03','Einarbeitung WS 4 Ergebnisse','','0000-00-00 00:00:00','0000-00-00 00:00:00','AWA','ACT','barzpv',2,'02.01.05.02','02.01.05','','','',0,0),('ZPV040','02.01.05.04','Erstellung formale Ergebnisse Anforderungsanalyse','','0000-00-00 00:00:00','0000-00-00 00:00:00','AWA','ACT','barzpv',2,'02.01.05.02','02.01.05','','','',0,0),('ZPV040','ZPV040AAQS','AA bereit zur QS durch SV-Träger','MDMA2012 Meilensteine#ZPV040AAQS','0000-00-00 00:00:00','0000-00-00 00:00:00','MLO','PEND','mst',0,'02.01.05','02.01.05','','','',0,0),('ZPV040','02.01.05.06','Fertigstellung Anwendungsfallmodell','MDMA2012 Arbeitspakete#Arbeitspaket 02.01.05.06 - Fertigstellung Anwendungsfallmodell','0000-00-00 00:00:00','0000-00-00 00:00:00','WH','ACT','barhvb',0,'','02.01.05','','','',0,0),('ZPV040','02.01.05.07','QS ZPV 4.0 Anforderungsanalyse','MDMA2012 Arbeitspakete#Arbeitspaket 02.01.05.07 - QS der Anforderungsanalyse','0000-00-00 00:00:00','0000-00-00 00:00:00','PRI','PEND','barsvt',1,'ZPV040AAQS','','','','',0,0),('ZPV040','02.01.05.08','Konsolidierung Befundungen ZPV 4.0 Anforderungsanalyse','MDMA2012 Arbeitspakete#Arbeitspaket 02.03.05.08 - Konsolidierung der QS der AA von ZPV 4.0','0000-00-00 00:00:00','0000-00-00 00:00:00','PRI','PEND','barhvb',0,'02.01.05.07','','','','',0,0),('ZPV040','ZPVPLA201301','ZPV PLA 19 - 2013.01','ZPV PLA 2013.01','0000-00-00 00:00:00','0000-00-00 00:00:00','PRI','PEND','mst',0,'','','','','',0,0),('ZPV040','ZPV040AAAC','ZPV 4.0 AA abgenommen','MDMA2012 Meilensteine#ZPV040AAAC','0000-00-00 00:00:00','0000-00-00 00:00:00','WSC','PEND','mst',0,'02.01.05.08, ZPVPLA201301','','','','',0,0),('ZPV040','02.02','ZPV 4.0 technischer Anwendungsentwurf','MDMA2012 Arbeitspakete#Arbeitspaket 02.02 - technischer Anwendungsentwurf','0000-00-00 00:00:00','0000-00-00 00:00:00','MLO','ACT','barzpv',10,'MDMA2012PDEF','','','','',0,0),('ZPV040','ZPV040AETF','ZPV 4.0 AE-T abgeschlossen','MDMA2012 Meilensteine#ZPV040AETF','0000-00-00 00:00:00','0000-00-00 00:00:00','MLO','PEND','mst',0,'02.02','','','','',0,0),('ZPV040','02.03','Umsetzung ZPV 4.0','MDMA2012 Arbeitspakete#Arbeitspaket 02.03 - Umsetzung ZPV 4.0','0000-00-00 00:00:00','0000-00-00 00:00:00','MLO','ACT','agg',4,'ZPV040AETF','','','','',0,0),('ZPV040','02.03.01','Implementierung Verwaltungs-Funktionen','MDMA2012 Arbeitspakete#Arbeitspaket 02.03.02 - Implementierung Verwaltungs-Funktionen','0000-00-00 00:00:00','0000-00-00 00:00:00','MLO','ACT','barzpv',0,'','','','','',0,0),('ZPV040','ZPV040TTREL','ZPV 4.0 zum Trägertest freigegeben','MDMA2012 Meilensteine#ZPV040TTREL','0000-00-00 00:00:00','0000-00-00 00:00:00','MLO','PEND','mst',0,'02.03.01','','','','',0,0),('ZPV040','02.03.03','Implementierung Zusatz-Funktionen','MDMA2012 Arbeitspakete#Arbeitspaket 02.03.02 - Implementierung Zusatz-Funktionen','0000-00-00 00:00:00','0000-00-00 00:00:00','MLO','PEND','barzpv',0,'02.03.01','','','','',0,0),('ZPV040','02.03.04','Trägertest ZPV 4.0','MDMA2012 Arbeitspakete','0000-00-00 00:00:00','0000-00-00 00:00:00','PRI','PEND','barsvt',0,'ZPV040TTREL','02.03','','','',0,0),('ZPV040','02.04','Rollout ZPV 4.0','MDMA2012 Arbeitspakete#Arbeitspaket 02.04 - Rollout','0000-00-00 00:00:00','0000-00-00 00:00:00','MLO','PEND','barzpv',0,'','','','','',0,0),('ZPV040','ZPV040PROD','ZPV 4.0 ist produktiv','MDMA2012 Meilensteine#ZPV040PROD','0000-00-00 00:00:00','0000-00-00 00:00:00','MLO','PEND','mst',0,'02.04','','','','',0,0),('ZPV040','02.05','Unterstützung Anbindung Nutzsysteme','MDMA2012 Arbeitspakete#Arbeitspaket 02.05 - Unterstützung Anbindung Nutzsysteme','0000-00-00 00:00:00','0000-00-00 00:00:00','MLO','PEND','barzpv',0,'ZPV040PROD','','','','',0,0),('ZPV040','02.06','Anbindung VP-Nutzsysteme an ZPV/LEA','MDMA2012 Arbeitspakete#Arbeitspaket 02.06','0000-00-00 00:00:00','0000-00-00 00:00:00','MLO','PEND','barzpv',0,'','','','','',0,0),('ZPV040','03','B2E','MDMA2012 Arbeitspakete#Teilpropjekt B2E','0000-00-00 00:00:00','0000-00-00 00:00:00','JFA','PEND','agg',0,'','','','','',0,0),('ZPV040','03.00','Analyse B2E','MDMA2012 Arbeitspakete','0000-00-00 00:00:00','0000-00-00 00:00:00','JFA','PEND','barsvc',0,'ZPV040AETF','03','','','',0,0),('ZPV040','03.01','Anbindung e-card-system an ZPV 4.0','MDMA2012 Arbeitspakete#Arbeitspaket 03.01 - Anbindung e-card-system an ZPV 4.0','0000-00-00 00:00:00','0000-00-00 00:00:00','JFA','PEND','barsvc',0,'ZPV040AETF','03','','','',0,0),('ZPV040','MDMA2012EZWC','Anbindung ECS an ZPV 4.0 erfolgt','MDMA2012 Meilensteine#MDMA2012EZWC','0000-00-00 00:00:00','0000-00-00 00:00:00','JFA','PEND','mst',0,'03.01','03','','','',0,0),('ZPV040','03.02','Integrationstest ECS mit ZPV 4.0','MDMA2012 Arbeitspakete#Arbeitspaket 03.02 - Integrationstests e-card-system mit ZPV 4.0','0000-00-00 00:00:00','0000-00-00 00:00:00','JFA','PEND','barsvc',0,'MDMA2012EZWC','03','','','',0,0),('ZPV040','ZPV040TTAC','Integrationstest ZPV 4.0 abgeschlossen','MDMA2012 Meilensteine#ZPV040TTAC','0000-00-00 00:00:00','0000-00-00 00:00:00','WSC','PEND','mst',0,'03.02','03','','','',0,0),('ZPV040','MDMA2012VPOF','VPDB nicht mehr produktiv','MDMA2012 Meilensteine#MDMA2012VPOF','0000-00-00 00:00:00','0000-00-00 00:00:00','WSC','PEND','mst',0,'03.04,02.06','03','','','',0,0),('ZPV040','98.91','Parallelwartung ZPV3+VPDB-LEA','','0000-00-00 00:00:00','0000-00-00 00:00:00','','ACT','baroper',0,'','','','','',0,0),('ZPV040','98.92','Parallelwartung ZPV3+ecVPwC+LEA','','0000-00-00 00:00:00','0000-00-00 00:00:00','','PEND','baroper',0,'','','','','',0,0),('ZPV040','98.93','Parallelwartung ZPV040+LEA','','0000-00-00 00:00:00','0000-00-00 00:00:00','','PEND','baroper',0,'MDMA2012EAVP,ZPV040TTAC','','','','',0,0),('ZPV040','98.94','LE-Stammdaten ZPV040-only','','0000-00-00 00:00:00','0000-00-00 00:00:00','','PEND','baroper',0,'','','','','',0,0),('ZPV040','04.01','Migration eCS','MDMA2012 Arbeitspakete#Arbeitspaket 04.01 - Migration eCS','0000-00-00 00:00:00','0000-00-00 00:00:00','PRI','PEND','barhvb',0,'','','','','',0,0),('ZPV040','04.02','Migration Trägerdaten','MDMA2012 Arbeitspakete#Arbeitspaket 04.02 - Migration Trägerdaten','0000-00-00 00:00:00','0000-00-00 00:00:00','PRI','PEND','barhvb',0,'','','','','',0,0),('ZPV040','04.00.07','Datenkorekturen während der Migration','MDMA2012 Arbeitspakete#Arbeitspaket 04.00.07 - Datenkorrekturen während der Migration','0000-00-00 00:00:00','0000-00-00 00:00:00','PRI','PEND','barsvt',0,'','','','','',0,0),('ZPV040','DATSYNMIGC','Datenabgleich abgeschlossen','MDMA2012 Meilensteine#DATSYNMIGC','0000-00-00 00:00:00','0000-00-00 00:00:00','PRI','PEND','mst',0,'','','','','',0,0),('ZPV040','ZPV040GEN','Datenmigration nach ZPV040 abgeschlossen','MDMA2012 Meilensteine#ZPV040GEN','0000-00-00 00:00:00','0000-00-00 00:00:00','MLO','PEND','mst',0,'','','','','',0,0),('ZPV040','05.01','Schulung ZPV 4.0','MDMA2012 Arbeitspakete#Arbeitspaket 05.01 - Schulung ZPV 4.0','0000-00-00 00:00:00','0000-00-00 00:00:00','PRI','PEND','barsvt',0,'','','','','',0,0),('ZPV040','ZPV040SVTLE','Schulung abgeschlossen','MDMA2012 Meilensteine#ZPV040SVTLE','0000-00-00 00:00:00','0000-00-00 00:00:00','PRI','PEND','mst',0,'','','','','',0,0),('ZPV040','98.89','Stabilisierung','','0000-00-00 00:00:00','0000-00-00 00:00:00','WSC','PEND','baroper',0,'','','','','',0,0),('ZPV040','MDMA2012PCOMP','Projekt MDMA2012 abgeschlossen','MDMA2012 Meilensteine#MDMA2012PCOMP','0000-00-00 00:00:00','0000-00-00 00:00:00','WSC','PEND','mst',0,'ZPV040GEN,04.02','','','','',0,0),('SVMWAP','SVMWAP','Projekt SV-Middleware-Architektur','Projekt SV-Middleware-Architektur','0000-00-00 00:00:00','0000-00-00 00:00:00','WSC','ACT','agg',0,'','','','','',0,0),('SVMWAP','SVMWAPSTART','Projekt SVMWA gestartet','Projekt SV-Middleware-Architektur Meilensteine#SVMWAPSTART','0000-00-00 00:00:00','0000-00-00 00:00:00','WSC','COMPL','mst',100,'','SVMWAP','','','',0,0),('SVMWAP','01','Definition und Abgrenzung','Projekt SV-Middleware-Architektur Definition und Abgrenzung','0000-00-00 00:00:00','0000-00-00 00:00:00','WSC','ACT','barwsc',0,'SVMWAPSTART','SVMWAP','','','',0,0),('SVMWAP','02','Anforderungsdefinition','Projekt SV-Middleware-Architektur Anforderungsdefinition','0000-00-00 00:00:00','0000-00-00 00:00:00','WSC','PEND','barwsc',0,'SVMWAPSTART','SVMWAP','','','',0,0),('SVMWAP','03','Erfassung Ist-Stand','Projekt SV-Middleware-Architektur Erfassung Ist-Stand','0000-00-00 00:00:00','0000-00-00 00:00:00','GNO','ACT','bargno',0,'SVMWAPSTART','SVMWAP','','','',0,0),('SVMWAP','04','Erstellung funktionales Konzept','Projekt SV-Middleware-Architektur Erstellung funktionales Konzept','0000-00-00 00:00:00','0000-00-00 00:00:00','WSC','PEND','barwsc',0,'02','SVMWAP','','','',0,0),('SVMWAP','05','Erstellung Management-Konzept','Projekt SV-Middleware-Architektur Erstellung Management-Konzept','0000-00-00 00:00:00','0000-00-00 00:00:00','GNO','PEND','bargno',0,'02','SVMWAP','','','',0,0),('SVMWAP','06','Produkt-Identifikation und Vorauswahl','Projekt SV-Middleware-Architektur Produkt-Identifikation und Vorauswahl','0000-00-00 00:00:00','0000-00-00 00:00:00','WSC','PEND','barwsc',0,'04,05','SVMWAP','','','',0,0),('SVMWAP','07','Formulierung Auftrag PoC','Projekt SV-Middleware-Architektur Formulierung Auftrag PoC','0000-00-00 00:00:00','0000-00-00 00:00:00','WSC','PEND','barwsc',0,'04,05,06','SVMWAP','','','',0,0),('SVMWAP','SVMWAPCOMP','Projekt SVMWAP abgeschlossen','Projekt SV-Middleware-Architektur Meilensteine#SVMWAPCOMP','0000-00-00 00:00:00','0000-00-00 00:00:00','WSC','PEND','mst',0,'04,05,06,07','SVMWAP','','','',0,0),('ZPV040','03.03','Entwicklung EC-Admin(VP)neu','MDMA2012 Arbeitspakete#Arbeitspaket 03.03 - Umsetzung EC-Admin(VP)4.0','0000-00-00 00:00:00','0000-00-00 00:00:00','JFA','PEND','barsvc',0,'ZPV040AETF','03','','','',0,0),('ZPV040','MDMA2012EAVP','Inbetriebnahme EC-Admin(VP)neu erfolgt','MDMA2012 Meilensteine#MDMA2012EAVP','0000-00-00 00:00:00','0000-00-00 00:00:00','JFA','PEND','mst',0,'03.03','03','','','',0,0),('ZPV040','03.04','Entwicklung ECS-VP-Client','MDMA2012 Arbeitspakete#Arbeitspaket 03.04','0000-00-00 00:00:00','0000-00-00 00:00:00','JFA','PEND','barsvc',0,'','03','','','',0,0);

--
-- Table structure for table `CCXFITAB`
--

CREATE TABLE `CCXFITAB` (
  `XFNUM` varchar(128) DEFAULT NULL,
  `ERFNR` varchar(128) DEFAULT NULL,
  `LIEFERANT` varchar(128) DEFAULT NULL,
  `RECHNR` varchar(128) DEFAULT NULL,
  `JAHR` decimal(22,0) DEFAULT NULL,
  `MONAT` decimal(22,0) DEFAULT NULL,
  `USKURZZ` varchar(128) DEFAULT NULL,
  `ME` varchar(128) DEFAULT NULL,
  `MENGE` decimal(22,0) DEFAULT NULL,
  `NETTO` decimal(22,0) DEFAULT NULL,
  `BRUTTO` decimal(22,0) DEFAULT NULL
) ENGINE=InnoDB DEFAULT CHARSET=utf8;

--
-- Dumping data for table `CCXFITAB`
--

INSERT INTO `CCXFITAB` VALUES ('ZPVINV2015043','V3202141','Ebcont','EG-AR15-0710',2015,5,'THC','PT',18,8316,9979),('ZPVINV2015044','V3202142','Ebcont','EG-AR15-0709',2015,5,'PCE','PT',17,8123,9747),('ZPVINV2015045','V3202143','Ebcont','EG-AR15-0708',2015,5,'MPO','PT',20,12818,15381),('ZPVINV2015046','V3202144','Ebcont','EG-AR15-0707',2015,5,'LHU','PT',19,9080,10896),('ZPVINV2015047','V3202147','Ebcont','EG-AR15-0704',2015,5,'MCE','PT',20,12353,14824),('ZPVINV2015048','V3202148','Ebcont','EG-AR15-0703',2015,5,'AWA','PT',12,7564,9077);

--
-- Table structure for table `CCXLVTAB`
--

CREATE TABLE `CCXLVTAB` (
  `PSP_ELEMENT` varchar(128) DEFAULT NULL,
  `NACHNAME` varchar(128) DEFAULT NULL,
  `VORNAME` varchar(128) DEFAULT NULL,
  `STUNDEN` varchar(128) DEFAULT NULL,
  `TARIFGRUPPE` varchar(128) DEFAULT NULL,
  `TARIF` varchar(128) DEFAULT NULL,
  `GESAMT` varchar(128) DEFAULT NULL
) ENGINE=InnoDB DEFAULT CHARSET=utf8;

--
-- Dumping data for table `CCXLVTAB`
--


--
-- Table structure for table `CCZPIUELINTASKS`
--

CREATE TABLE `CCZPIUELINTASKS` (
  `NR` decimal(5,0) DEFAULT NULL,
  `KATEGORIE` varchar(70) DEFAULT NULL,
  `VON` varchar(32) DEFAULT NULL,
  `AN` varchar(32) DEFAULT NULL,
  `THEMA` varchar(2048) DEFAULT NULL,
  `ERW_ERGEBNIS` varchar(2048) DEFAULT NULL,
  `LINK` varchar(2048) DEFAULT NULL,
  `TERMIN_PLAN` date DEFAULT NULL,
  `TERMIN_IST` date DEFAULT NULL,
  `KRITERIUM_ABSCHLUSS` varchar(2048) DEFAULT NULL,
  `STATUS` varchar(32) DEFAULT NULL,
  `ANMERKUNG` varchar(2048) DEFAULT NULL
) ENGINE=InnoDB DEFAULT CHARSET=latin1;

--
-- Dumping data for table `CCZPIUELINTASKS`
--

INSERT INTO `CCZPIUELINTASKS` VALUES (1,'PM','DOS','WSC','Budgetplanung 2017','Gemeinsam erstellte Planung für das Jahr 2017 und Ablageort wo jeder drauf zugreifen kann; alle Dokumente sind zu diesem Thema abgelegt und ggf. archiviert.','\\\\epm.sv-services.at@SSL\\DavWWWRoot\\PWA\\Z-PI\\Freigegebene%20Dokumente\\2016\\15_Projektmanagement%20Intern\\13_Planung Folgejahr',NULL,NULL,'WSC weiß wo die Unterlagen liegen und weiß diese zu benützen ','fertig','28.11.16: Die Budgetplanung wurde gemeinsam erarbeitet und mit der Linie abgestimmt; zu diesem Thema sollte es keine Rückfragen mehr geben '),(2,'PM','DOS','WSC','ELGA-Projektstatusbericht','Vorstellung des Prozesses;  Tipps und Tricks für die Befüllung des Statuisberichts; Information über den Ablageort; Dokumentation des Besprochenen als Zusammenfassung der Paramater (Was? Wann? An Wen? Wie oft?); keine Ausfüllanleitung.','\\\\epm.sv-services.at@SSL\\DavWWWRoot\\PWA\\Z-PI\\Freigegebene%20Dokumente\\2016\\15_Projektmanagement%20Intern\\07_Gremien\\Statusberichte\r\n\r\n{{EPM-ZPI|2016\\15_Projektmanagement%20Intern\\07_Gremien\\Statusberichte}}',NULL,NULL,'ELGA Projektreport wurde erklärt und die wichtigsten Fakten dokumentiert \r\n','fertig','12.12.16: Die Befüllung und die Ablage des Reports wurde genauestens erklärt; Dokumentation der wichtigsten Fakten noch offen '),(3,'PM','DOS','WSC','Erklärung der EPM-Dokumentenablage','DOS hat WSC die einzelnen Ordner erklärt und Wolfgang, weiß wo welche Informationen zu finden sind\r\nDie Datenablage wurde vorgestellt und detailiert erklärt ;','',NULL,NULL,' 1 Version des Dokumentencockpits steht zur Verfügung','fertig','12.12.16: Stuktur von EPM wurde erklärt, Dokumentation der wichtigsten Fakten noch offen \r\n\r\nDOS: Dokumentencockpit befüllen'),(4,'PM','DOS','WSC','Erklärung EPM','DOS hat WSC EPM vorgestellt und erklärt welche Möglichkeiten es bietet und was alles zu tun ist ','C:\\Users\\31100689\\AppData\\Roaming\\Microsoft\\Windows\\Network Shortcuts\\_Z-PI\r\nLink ändern\r\n',NULL,NULL,'WSC weiß welche Funktionen EPM bietet und kann dieses anwenden','fertig','12.12.16: Stuktur von EPM wurde erklärt, Dokumentation der wichtigsten Fakten noch offen '),(5,'PM','DOS','WSC','Einmeldung von Benutzern in EPM','WSC kennt den Prozess und weiß diesen anzuwenden','\\\\epm.sv-services.at@SSL\\DavWWWRoot\\PWA\\Z-PI\\Freigegebene%20Dokumente\\2016\\15_Projektmanagement%20Intern\\03_Projektorganisation\\01_EPM',NULL,NULL,'WSC weiß wo die Informationen zu finden sind','fertig','1900-11-30 00:00:00.000'),(6,'PM','DOS','WSC','EPM-Projektstatusbericht','WSC kennt sich mit der Erstellung des Berichtes aus','EPM',NULL,NULL,'WSC weiß wie der EPM-Projektstatusbericht zu befüllen ist und kann diesen Prozess  it Jahreswechselö übernehmen','fertig','12.12.16: Die Befüllung und die Ablage des Reports wurde genauestens erklärt; Dokumentation der wichtigsten Fakten noch offen '),(7,'PM','DOS','WSC','EPM-Twitter','Vorstellung des Prozesses;  Tipps und Tricks für die Befüllung des Statuisberichts; Information über den Ablageort; Dokumentation des Besprochenen als Zusammenfassung der Paramater (Was? Wann? An Wen? Wie oft?); keine Ausfüllanleitung.','EPM',NULL,NULL,'WSC weiß wie der EPM-Twitter zu befüllen ist und kann diesen Prozess  it Jahreswechselö übernehmen','fertig','1900-11-30 00:00:00.000'),(8,'PM','DOS','WSC','EPM-Projektplan, Leistungsfortschritt ','Ergänzung des Projektplanes durch Änderung des Projektfortschritts ','EPM',NULL,NULL,'WSC kann den Projektplan ändern und um den Leisdtungsfortschritt ergänzen','fertig','16.12.16: , Doku offen '),(9,'PM','JHE, RDI','WSC','Erklärung des Z-PI Team Wikis (Anbindungscockpit, Kontaktdaten ELGA Bereiche, PSP-Elemente, Umgebungen, Release Notes, ...)','Diese Seite gezeigt \r\nWelche Tool? Wer ist der Administrator? Wer verwaltet das WIKI? \r\n','WIKI',NULL,NULL,'WSC weiß wo die Informationen zu finden sind und kann WIKI pflegen','in Arbeit','Hannes kennt das Wiki'),(10,'PM','ABS','WSC','ILV-Controlling (Ablage, Check, …)','WSC kennt die Ordner des ILV-Controllings und weiß, wo etwas abgelegt werden muss.','\\\\epm.sv-services.at@SSL\\DavWWWRoot\\PWA\\Z-PI\\Freigegebene%20Dokumente\\2016\\15_Projektmanagement%20Intern\\12_Projektcontrolling\\40_ILV',NULL,NULL,'WSC weiß über den Prozess bescheid und kann diesen anwenden ','fertig','Termin versendet für 22.12.'),(11,'PM','DOS','WSC','Ablage der SAP-Berichte','Von wem kommen sie?\r\nWann sie kommen müssen?\r\nWas tut man damit?\r\nBis wann´?','\\\\epm.sv-services.at@SSL\\DavWWWRoot\\PWA\\Z-PI\\Freigegebene%20Dokumente\\2016\\15_Projektmanagement%20Intern\\12_Projektcontrolling\\01_SAP Berichte',NULL,NULL,'WSC weiß über den Prozess bescheid und kann diesen anwenden ','fertig','Termin für 19.12.16 vereinbart'),(12,'PM','ABS','WSC','Pflege des Mastersheets und Forecastsheets','WSC kennt die beiden Sheets und weiß, wie sie gepflegt werden ','\\\\epm.sv-services.at@SSL\\DavWWWRoot\\PWA\\Z-PI\\Freigegebene%20Dokumente\\2016\\15_Projektmanagement%20Intern\\12_Projektcontrolling',NULL,NULL,'WSC kann die Dokumente befüllen','fertig','Termin versendet für 22.12.'),(13,'PM','DOS','WSC','Forecast inkl. Abstimmungen mit CuCC, Betrieb und Projekt-MA (in Form der AP-Verantwortung) inkl. Abstimmung mit Thomas','Vorstellung des Prozesses;  \"Über die Schultern schaun bei der Erstellung\" für den Deztember Forcast report; Dokumentation der wichtigsten Fakten zu diesem Thema, keine Ausfüllanleitung.','\\\\epm.sv-services.at@SSL\\DavWWWRoot\\PWA\\Z-PI\\Freigegebene%20Dokumente\\2016\\15_Projektmanagement%20Intern\\12_Projektcontrolling\\45_Forecast',NULL,NULL,'WSC kennt den Prozess, kann dieses anwenden und ist bereit den Forecast mit Anfang des Jahres zu erstellen','fertig','Termin für 19.12.16 vereinbart'),(14,'PM','DOS','WSC','Capacity-Sheet (GSU-Spezialität)','','',NULL,NULL,'','','Termin für 19.12.16 vereinbart'),(15,'PM','ABS','WSC','Johannes Hell-Abrechnungs-Controlling und Prozess inkl. Rechnungserstellung','WSC ist mit Jahreswechsel der Ressourcenmanager und koordiniert die Ressource JHE von der Bestellung bis zur Abrechunung','\\\\epm.sv-services.at@SSL\\DavWWWRoot\\PWA\\Z-PI\\Freigegebene%20Dokumente\\2016\\15_Projektmanagement%20Intern\\12_Projektcontrolling\\35_Leistungsaufstellung extern\r\n\r\n\\\\epm.sv-services.at@SSL\\DavWWWRoot\\PWA\\Z-PI\\Freigegebene%20Dokumente\\2016\\15_Projektmanagement%20Intern\\12_Projektcontrolling\\30_Rechnungen extern',NULL,NULL,'Bestellantrag ist vollständig abgeschlossen','fertig','Termin versendet für 22.12., WSC: bitte entsprechendes Word vorher lesen'),(16,'PM','DOS','WSC','SGL-Meeting','WSC kennt den Ablauf bei einem SGL-Meeting und weiß dien Status zu befüllen ','',NULL,NULL,'Teilnahme an dem Meeting; Bericht vorgestellt.','fertig','Rechte für den ELGA Masterplan vergeben'),(17,'PM','DOS','WSC','Durchführung des Projekt JF','WSC übernimmt die Projekt JF im Jahr 2017','',NULL,NULL,'Teilnahme an dem Meeting; Prozess  vorgestellt.','fertig','mit Jahreswechsel'),(18,'PM','ABS','WSC','Anlage von PSP-Elemente','Einmelde-Prozess wurde erklärt und PSP- Erstellungslogik erklärt','http://zpiwiki.sozvers.at/zpi/index.php/Kontierungselemente_2016',NULL,NULL,'PSP-Elemente sind gemeinsam definiert woirden und von WSC an Controlling übermittelt worden ','fertig','Zur Anlage eines PSP-Elementes einfach eine eMail an Controlling schicken, ich denke hier ist keine Übergabe notwendig'),(19,'PM','DOS','WSC','Obligoliste','Wer pflegt die Obligo Liste?','\\\\epm.sv-services.at@SSL\\DavWWWRoot\\PWA\\Z-PI\\Freigegebene%20Dokumente\\2016\\15_Projektmanagement%20Intern\\12_Projektcontrolling\\50_Obligo',NULL,NULL,'PMO ist informiert, dass WSC in der PL Rolle für 2017 die Obligos kontrolliert und freigibt','fertig',''),(20,'PM','DOS','WSC','Beauftragung der ITSV durch den HVB','Wo sind die Unterlagen abgelegt?\r\nWer ist der CRM-Kontakt?','\\\\epm.sv-services.at@SSL\\DavWWWRoot\\PWA\\Z-PI\\Freigegebene%20Dokumente\\2016\\15_Projektmanagement%20Intern\\12_Projektcontrolling\\25_Beauftragung HVB',NULL,NULL,'','fertig',''),(21,'PM','DOS','WSC','Beauftragung Hannes ','','\\\\epm.sv-services.at@SSL\\DavWWWRoot\\PWA\\Z-PI\\Freigegebene%20Dokumente\\2016\\15_Projektmanagement%20Intern\\12_Projektcontrolling\\20_Beauftragung extern',NULL,NULL,'estellantrag mit WSC beim PM Office aufgegeben ','fertig','Bestellung für 4 Monate; Thomas informiert Hannes über den Ablauf'),(22,'PM','DOS','WSC','KAUS Bericht ','KAUS Bericht Q2/2016 wo die Abnahmen für das Vorjahr erfolgen (Freigaben der Zahlungen)','\\\\epm.sv-services.at@SSL\\DavWWWRoot\\PWA\\Z-PI\\Freigegebene%20Dokumente\\2016\\15_Projektmanagement%20Intern\\07_Gremien\\KAUS',NULL,NULL,'','fertig',''),(23,'PM','DOS','WSC','Aufsichtsratbericht','','\\\\epm.sv-services.at@SSL\\DavWWWRoot\\PWA\\Z-PI\\Freigegebene%20Dokumente\\2016\\15_Projektmanagement%20Intern\\07_Gremien\\AR',NULL,NULL,'','fertig',''),(24,'PM','DOS','WSC','Prozess Arbeitspaketspezifikationen','Wo liegen diese AP-Spezifikationen? \r\nWas ist zu tun? ','',NULL,NULL,'AP für 2017 erstellt und abgenommen','in Arbeit',''),(25,'PM','DOS','WSC','Abnahmen der Arbeitspakete','','',NULL,NULL,'Abnahmeprotokolle vorhanden','in Arbeit',''),(26,'ELGA-Prozesse','DOS','WSC','DSG-Auskunft (BERE Zugriff erfolgt über RDI)','','\\\\epm.sv-services.at@SSL\\DavWWWRoot\\PWA\\Z-PI\\Freigegebene%20Dokumente\\2016\\15_Projektmanagement%20Intern\\04_Projektmarketing\\01_BrownBagSession',NULL,NULL,'Prozess übergeben','offen',''),(27,'Anbindungen','DOS','WSC','Anbindungen (L-PI Packages, Anbindungsfreigaben, Polarion Report, …)','Was? Wann? Wer verlangt?','\\\\epm.sv-services.at@SSL\\DavWWWRoot\\PWA\\Z-PI\\Freigegebene%20Dokumente\\2016\\30_Weiterentwicklung\\04_WE04_Systemanbindung',NULL,NULL,'','offen',''),(28,'PM','JHE','WSC','Erklärung des Anbindungsguide','','',NULL,NULL,'','offen',''),(29,'PM','DOS','WSC','ELGA SMEIS (Zugriff erfolgt über Anton Schator)','Wolfgang sieht noch  keine Dokumente der Steuerung Go-Live','',NULL,NULL,'Test durch WSC','in Arbeit','12.12.16: SMEIS im Bezug auf Change Requests vorgestellt\r\n21.12.16: bei Anton Schator beauftragt; ; Bestätigung durch WSC offen'),(30,'Betrieb','DOS ','WSC','Wöchtliche Fehlermeldungen, Tägliche, PIF, Jboss Nachrichten,  ELGA Wartungsmailboxen inkl. UMS Nachrichten ','Was macht man mit den Nachrichten auf dem Verteiler? \r\nWie kündigt man Wartungsfenster an wenn man sie braucht?','',NULL,NULL,'1.Andreas Boos muss den Verteiler ändern\r\n2. JHE /Application Management ','in Arbeit','22.12.16: Rückmeldung Michi: Wurde beauftragt bei der SEL; Bestätigung durch WSC offen'),(31,'PM','RDI','THS','IHE','','http://www.ihe.net/\r\nhttp://www.ihe.net/uploadedFiles/Documents/ITI/IHE_ITI_TF_Vol1.pdf',NULL,NULL,'Versionen übermittel und THS weiß wie der Prozess funktioniert und was zu prüfen ist','fertig',''),(32,'PM','DOS','WSC','Erklärung des ELGA Masterplan (Zugriff erfolgt über THL)','Erklärung der Datenablage und Zugriffsberechuntung vergeben ','https://epm.sv-services.at/PWA/Project%20Detail%20Pages/Schedule.aspx?ProjUid=c5ddc595-70b0-e411-80df-d6fbafcacdef&ret=0',NULL,NULL,'Erklärung der Datenablage und Zugriffsberechuntung vergeben ','fertig','12.12.16: ELGA Masterplan vorgestellt'),(33,'Datenqualität','ABS','THS','Tätigkeiten im Rahmen der Datenqualität','','Word Dokument',NULL,NULL,'','in Arbeit','Übergabetermin hat am 09.11. stattgefunden, zweiter Termin für 19.01. geplant, wird mit PLAN-Termin fertig sein'),(34,'Betrieb','ABS','WSC','Meetings ELGA: Problem-Management (2-wöchentlich), Release-Management (2-wöchentlich)','','',NULL,NULL,'Teilnahme an den Meetings','fertig','Bereits übergeben an WSC'),(35,'Clearing','ABS','THS','3rd-Level Support Clearing / monatliches Stabilisierungsmeeting / monatliche Ticketauswertung','','',NULL,NULL,'','in Arbeit','Übergabetermin hat am 09.11. stattgefunden, zweiter Termin für 19.01. geplant, wird mit PLAN-Termin fertig sein. Offizielle Übergabe mit CuCC für 14.02. geplant. '),(36,'Betrieb','RDI','WSC','Betriebshandbuch','','https://epm.sv-services.at/PWA/Z-PI/Freigegebene%20Dokumente/Forms/AllItems.aspx?RootFolder=%2fPWA%2fZ-PI%2fFreigegebene%20Dokumente%2f2009-2014%2f60_Wartung%2f2012%2fWA03_Betrieb_Help_Desk%2fZPI2RZ%2fBetriebshandbuch%20fortgef%C3%BChrt&FolderCTID=0x01200',NULL,NULL,'Link eingefügt ','fertig',''),(37,'Betrieb','RDI','WSC','SLA ','','https://share.elga.gv.at/Freigegebene%20Dokumente/ELGA%20Service%20Levels%20V1.6.pdf',NULL,NULL,'Link eingefügt ','fertig','es gibt keinen abgeschlossenen SLA; es gibt eine Messung über den CITRA Test'),(38,'PM','DOS ','WSC','Dokumentation Berichtswesen ','Dokument','',NULL,NULL,'Dokument erstellt, an WSC übermittelt und abgestimmt ','offen',''),(39,'PM','DOS ','WSC','Dokumentation Forcast (SAP Berichte, …)','','',NULL,NULL,'Dokument erstellt, an WSC übermittelt und abgestimmt ','offen',''),(40,'','JHE','NFR','Durchführungen von Anbindungen inkl Anbindungscockpit','','',NULL,NULL,'','',''),(41,'','ABS','WSC','CITRA Auswertungen','','https://epm.sv-services.at/PWA/Z-PI/default.aspx?RootFolder=%2FPWA%2FZ%2DPI%2FFreigegebene%20Dokumente%2F2016%2F40%5FBetrieb%2F02%5FSLA%2DReports&FolderCTID=0x012000FB39780D6BFDD5478A0F88E8D0FCB93A&View=%7B0E914D2D%2DFAA8%2D435B%2DA3D9%2D488A96B0F19C%7D',NULL,NULL,'','fertig','kein hart definierter SLA; Reports werden nicht gefordert'),(42,'','JHE','WSC','Ansprechpartner Betrieb','','',NULL,NULL,'Wolfgang kennt die wichtigsten Ansprechpartner','fertig','AM Markus Stütz; AIX Jörg Nader; DB Walter Oberngruber oder Alexander Flecker; Hauptansprechpartner Günter Kraxberger'),(43,'','DOS/ABS/RDI/JHE','WSC','Ansprechpartner BRZ ','','',NULL,NULL,'Wolfgang kennt die wichtigsten Ansprechpartner','fertig','Wolfgang Zemlyak (Servicemanager ELGA), Alexander Stromberger-Wissiak, Christian Gruber, ELGA Betriebsführung: Hannes Fröch, Change Managment: betrieblich Markus Wimmer, Problem Management Meeting Leitung: Matthias Soucek'),(44,'','DOS/ABS/RDI/JHE','WSC','Ansprechpartner SGL','','',NULL,NULL,'Wolfgang kennt die wichtigsten Ansprechpartner','fertig','Thomas Hladschik'),(45,'','DOS/ABS/RDI/JHE','WSC','Ansprechpartner ELGA','','',NULL,NULL,'Wolfgang kennt die wichtigsten Ansprechpartner','fertig','Anton Schator (PL), Martin Hurch (Betrieb), Uwe Kratzer (Change Management), Alexander Kollmann (Rollout), Fr. Philippi (Juristin), Hasan Beyazit (Release Mangement), Ahmed Hameed (Test)'),(46,'','DOS/ABS/RDI/JHE','WSC','Ansprechpartner Clearing ','','',NULL,NULL,'Wolfgang kennt die wichtigsten Ansprechpartner','fertig','Thomas Samson, Ljiljana Sisic, Eva Handl'),(47,'','DOS/ABS/RDI/JHE','WSC','Ansprechpartner SVC','','',NULL,NULL,'Wolfgang kennt die wichtigsten Ansprechpartner','fertig','Georg Stockinger (Gesundheitsportal), Yvonne Lang (eMed), Elvira Ziga (Test Management, Eigentümerin Labor 2), Martin Asenbaum (Entwicklung Bürgerportal, Release Manager), Heimo Schoof (Change Manager), Rainer Schügerl (SGL für SVC), Günter Bauer (PL Bürgerportal)'),(48,'','DOS/ABS/RDI/JHE','WSC','Ansprechpartner HVB','','',NULL,NULL,'Wolfgang kennt die wichtigsten Ansprechpartner','fertig',' Wacek (AG), Dr. Souhrada (Jurist)'),(49,'','DOS/ABS/RDI/JHE','WSC','Ansprechpartner KAV ','','',NULL,NULL,'Wolfgang kennt die wichtigsten Ansprechpartner','fertig','Konrad Hölzl (ehm. SGL)'),(50,'','DOS/ABS/RDI/JHE','WSC','Ansprechpartner KAGES ','','',NULL,NULL,'Wolfgang kennt die wichtigsten Ansprechpartner','fertig','Victor Grogger (ehm SGL )'),(51,'','DOS/ABS/RDI/JHE','WSC','Ansprechpartner NÖGUS','','',NULL,NULL,'Wolfgang kennt die wichtigsten Ansprechpartner','fertig','Alexander Schanner'),(52,'','DOS/ABS/RDI/JHE','WSC','Ansprechpartner  ADAS','','',NULL,NULL,'Wolfgang kennt die wichtigsten Ansprechpartner','fertig',' Heidrun Zink (ehm. SGL)'),(53,'','RDI','WSC','Issue Managment','','',NULL,NULL,'','in Arbeit',''),(54,'','JHE','NFR','Anbindung Vorarlberg','','',NULL,NULL,'','fertig',''),(55,'','JKR','WSC','Ticketeinmeldung SEL','','',NULL,NULL,'','in Arbeit',''),(56,'','','','Zugriff EAS (über SEL)','','',NULL,NULL,'','',''),(57,'','','','Wartungsmailbox','','',NULL,NULL,'','',''),(58,'','RDI','WSC','Supportdokument ','','https://epm.sv-services.at/PWA/Z-PI/Freigegebene%20Dokumente/Forms/AllItems.aspx?RootFolder=%2FPWA%2FZ%2DPI%2FFreigegebene%20Dokumente%2F2016%2F40%5FBetrieb%2F03%5FSupportdokument&FolderCTID=0x012000FB39780D6BFDD5478A0F88E8D0FCB93A&View=%7B09913E71%2DF904',NULL,NULL,'','fertig',''),(59,'','','','','','',NULL,NULL,'','',''),(60,'','','','','','',NULL,NULL,'','',''),(61,'','','','','','',NULL,NULL,'','',''),(62,'','','','','','',NULL,NULL,'','',''),(63,'','','','','','',NULL,NULL,'','',''),(64,'','','','','','',NULL,NULL,'','',''),(65,'','','','','','',NULL,NULL,'','',''),(66,'','','','','','',NULL,NULL,'','',''),(67,'','','','','','',NULL,NULL,'','',''),(68,'','','','','','',NULL,NULL,'','','');

--
-- Current Database: `mysql`
--

CREATE DATABASE /*!32312 IF NOT EXISTS*/ `mysql` /*!40100 DEFAULT CHARACTER SET latin1 */;

USE `mysql`;

--
-- Table structure for table `columns_priv`
--

CREATE TABLE `columns_priv` (
  `Host` char(60) COLLATE utf8_bin NOT NULL DEFAULT '',
  `Db` char(64) COLLATE utf8_bin NOT NULL DEFAULT '',
  `User` char(32) COLLATE utf8_bin NOT NULL DEFAULT '',
  `Table_name` char(64) COLLATE utf8_bin NOT NULL DEFAULT '',
  `Column_name` char(64) COLLATE utf8_bin NOT NULL DEFAULT '',
  `Timestamp` timestamp NOT NULL DEFAULT CURRENT_TIMESTAMP ON UPDATE CURRENT_TIMESTAMP,
  `Column_priv` set('Select','Insert','Update','References') CHARACTER SET utf8 NOT NULL DEFAULT '',
  PRIMARY KEY (`Host`,`Db`,`User`,`Table_name`,`Column_name`)
) ENGINE=MyISAM DEFAULT CHARSET=utf8 COLLATE=utf8_bin COMMENT='Column privileges';

--
-- Dumping data for table `columns_priv`
--


--
-- Table structure for table `db`
--

CREATE TABLE `db` (
  `Host` char(60) COLLATE utf8_bin NOT NULL DEFAULT '',
  `Db` char(64) COLLATE utf8_bin NOT NULL DEFAULT '',
  `User` char(32) COLLATE utf8_bin NOT NULL DEFAULT '',
  `Select_priv` enum('N','Y') CHARACTER SET utf8 NOT NULL DEFAULT 'N',
  `Insert_priv` enum('N','Y') CHARACTER SET utf8 NOT NULL DEFAULT 'N',
  `Update_priv` enum('N','Y') CHARACTER SET utf8 NOT NULL DEFAULT 'N',
  `Delete_priv` enum('N','Y') CHARACTER SET utf8 NOT NULL DEFAULT 'N',
  `Create_priv` enum('N','Y') CHARACTER SET utf8 NOT NULL DEFAULT 'N',
  `Drop_priv` enum('N','Y') CHARACTER SET utf8 NOT NULL DEFAULT 'N',
  `Grant_priv` enum('N','Y') CHARACTER SET utf8 NOT NULL DEFAULT 'N',
  `References_priv` enum('N','Y') CHARACTER SET utf8 NOT NULL DEFAULT 'N',
  `Index_priv` enum('N','Y') CHARACTER SET utf8 NOT NULL DEFAULT 'N',
  `Alter_priv` enum('N','Y') CHARACTER SET utf8 NOT NULL DEFAULT 'N',
  `Create_tmp_table_priv` enum('N','Y') CHARACTER SET utf8 NOT NULL DEFAULT 'N',
  `Lock_tables_priv` enum('N','Y') CHARACTER SET utf8 NOT NULL DEFAULT 'N',
  `Create_view_priv` enum('N','Y') CHARACTER SET utf8 NOT NULL DEFAULT 'N',
  `Show_view_priv` enum('N','Y') CHARACTER SET utf8 NOT NULL DEFAULT 'N',
  `Create_routine_priv` enum('N','Y') CHARACTER SET utf8 NOT NULL DEFAULT 'N',
  `Alter_routine_priv` enum('N','Y') CHARACTER SET utf8 NOT NULL DEFAULT 'N',
  `Execute_priv` enum('N','Y') CHARACTER SET utf8 NOT NULL DEFAULT 'N',
  `Event_priv` enum('N','Y') CHARACTER SET utf8 NOT NULL DEFAULT 'N',
  `Trigger_priv` enum('N','Y') CHARACTER SET utf8 NOT NULL DEFAULT 'N',
  PRIMARY KEY (`Host`,`Db`,`User`),
  KEY `User` (`User`)
) ENGINE=MyISAM DEFAULT CHARSET=utf8 COLLATE=utf8_bin COMMENT='Database privileges';

--
-- Dumping data for table `db`
--

INSERT INTO `db` VALUES ('localhost','sys','mysql.sys','N','N','N','N','N','N','N','N','N','N','N','N','N','N','N','N','N','N','Y');

--
-- Table structure for table `engine_cost`
--

CREATE TABLE `engine_cost` (
  `engine_name` varchar(64) NOT NULL,
  `device_type` int(11) NOT NULL,
  `cost_name` varchar(64) NOT NULL,
  `cost_value` float DEFAULT NULL,
  `last_update` timestamp NOT NULL DEFAULT CURRENT_TIMESTAMP ON UPDATE CURRENT_TIMESTAMP,
  `comment` varchar(1024) DEFAULT NULL,
  PRIMARY KEY (`cost_name`,`engine_name`,`device_type`)
) ENGINE=InnoDB DEFAULT CHARSET=utf8 STATS_PERSISTENT=0;

--
-- Dumping data for table `engine_cost`
--

INSERT INTO `engine_cost` VALUES ('default',0,'io_block_read_cost',NULL,'2016-05-11 13:52:22',NULL),('default',0,'memory_block_read_cost',NULL,'2016-05-11 13:52:22',NULL);

--
-- Table structure for table `event`
--

CREATE TABLE `event` (
  `db` char(64) CHARACTER SET utf8 COLLATE utf8_bin NOT NULL DEFAULT '',
  `name` char(64) NOT NULL DEFAULT '',
  `body` longblob NOT NULL,
  `definer` char(93) CHARACTER SET utf8 COLLATE utf8_bin NOT NULL DEFAULT '',
  `execute_at` datetime DEFAULT NULL,
  `interval_value` int(11) DEFAULT NULL,
  `interval_field` enum('YEAR','QUARTER','MONTH','DAY','HOUR','MINUTE','WEEK','SECOND','MICROSECOND','YEAR_MONTH','DAY_HOUR','DAY_MINUTE','DAY_SECOND','HOUR_MINUTE','HOUR_SECOND','MINUTE_SECOND','DAY_MICROSECOND','HOUR_MICROSECOND','MINUTE_MICROSECOND','SECOND_MICROSECOND') DEFAULT NULL,
  `created` timestamp NOT NULL DEFAULT CURRENT_TIMESTAMP ON UPDATE CURRENT_TIMESTAMP,
  `modified` timestamp NOT NULL DEFAULT '0000-00-00 00:00:00',
  `last_executed` datetime DEFAULT NULL,
  `starts` datetime DEFAULT NULL,
  `ends` datetime DEFAULT NULL,
  `status` enum('ENABLED','DISABLED','SLAVESIDE_DISABLED') NOT NULL DEFAULT 'ENABLED',
  `on_completion` enum('DROP','PRESERVE') NOT NULL DEFAULT 'DROP',
  `sql_mode` set('REAL_AS_FLOAT','PIPES_AS_CONCAT','ANSI_QUOTES','IGNORE_SPACE','NOT_USED','ONLY_FULL_GROUP_BY','NO_UNSIGNED_SUBTRACTION','NO_DIR_IN_CREATE','POSTGRESQL','ORACLE','MSSQL','DB2','MAXDB','NO_KEY_OPTIONS','NO_TABLE_OPTIONS','NO_FIELD_OPTIONS','MYSQL323','MYSQL40','ANSI','NO_AUTO_VALUE_ON_ZERO','NO_BACKSLASH_ESCAPES','STRICT_TRANS_TABLES','STRICT_ALL_TABLES','NO_ZERO_IN_DATE','NO_ZERO_DATE','INVALID_DATES','ERROR_FOR_DIVISION_BY_ZERO','TRADITIONAL','NO_AUTO_CREATE_USER','HIGH_NOT_PRECEDENCE','NO_ENGINE_SUBSTITUTION','PAD_CHAR_TO_FULL_LENGTH') NOT NULL DEFAULT '',
  `comment` char(64) CHARACTER SET utf8 COLLATE utf8_bin NOT NULL DEFAULT '',
  `originator` int(10) unsigned NOT NULL,
  `time_zone` char(64) CHARACTER SET latin1 NOT NULL DEFAULT 'SYSTEM',
  `character_set_client` char(32) CHARACTER SET utf8 COLLATE utf8_bin DEFAULT NULL,
  `collation_connection` char(32) CHARACTER SET utf8 COLLATE utf8_bin DEFAULT NULL,
  `db_collation` char(32) CHARACTER SET utf8 COLLATE utf8_bin DEFAULT NULL,
  `body_utf8` longblob,
  PRIMARY KEY (`db`,`name`)
) ENGINE=MyISAM DEFAULT CHARSET=utf8 COMMENT='Events';

--
-- Dumping data for table `event`
--


--
-- Table structure for table `func`
--

CREATE TABLE `func` (
  `name` char(64) COLLATE utf8_bin NOT NULL DEFAULT '',
  `ret` tinyint(1) NOT NULL DEFAULT '0',
  `dl` char(128) COLLATE utf8_bin NOT NULL DEFAULT '',
  `type` enum('function','aggregate') CHARACTER SET utf8 NOT NULL,
  PRIMARY KEY (`name`)
) ENGINE=MyISAM DEFAULT CHARSET=utf8 COLLATE=utf8_bin COMMENT='User defined functions';

--
-- Dumping data for table `func`
--


--
-- Table structure for table `gtid_executed`
--

CREATE TABLE `gtid_executed` (
  `source_uuid` char(36) NOT NULL COMMENT 'uuid of the source where the transaction was originally executed.',
  `interval_start` bigint(20) NOT NULL COMMENT 'First number of interval.',
  `interval_end` bigint(20) NOT NULL COMMENT 'Last number of interval.',
  PRIMARY KEY (`source_uuid`,`interval_start`)
) ENGINE=InnoDB DEFAULT CHARSET=latin1 STATS_PERSISTENT=0;

--
-- Dumping data for table `gtid_executed`
--


--
-- Table structure for table `help_category`
--

CREATE TABLE `help_category` (
  `help_category_id` smallint(5) unsigned NOT NULL,
  `name` char(64) NOT NULL,
  `parent_category_id` smallint(5) unsigned DEFAULT NULL,
  `url` text NOT NULL,
  PRIMARY KEY (`help_category_id`),
  UNIQUE KEY `name` (`name`)
) ENGINE=InnoDB DEFAULT CHARSET=utf8 STATS_PERSISTENT=0 COMMENT='help categories';

--
-- Dumping data for table `help_category`
--

INSERT INTO `help_category` VALUES (1,'Geographic',0,''),(2,'Polygon properties',35,''),(3,'Numeric Functions',39,''),(4,'WKT',35,''),(5,'Plugins',36,''),(6,'Control flow functions',39,''),(7,'MBR',35,''),(8,'Transactions',36,''),(9,'Help Metadata',36,''),(10,'Account Management',36,''),(11,'Point properties',35,''),(12,'Encryption Functions',39,''),(13,'LineString properties',35,''),(14,'Miscellaneous Functions',39,''),(15,'Logical operators',39,''),(16,'Functions and Modifiers for Use with GROUP BY',36,''),(17,'Information Functions',39,''),(18,'Storage Engines',36,''),(19,'Bit Functions',39,''),(20,'Comparison operators',39,''),(21,'Table Maintenance',36,''),(22,'User-Defined Functions',36,''),(23,'Data Types',36,''),(24,'Compound Statements',36,''),(25,'Geometry constructors',35,''),(26,'GeometryCollection properties',1,''),(27,'Administration',36,''),(28,'Data Manipulation',36,''),(29,'Utility',36,''),(30,'Language Structure',36,''),(31,'Geometry relations',35,''),(32,'Date and Time Functions',39,''),(33,'WKB',35,''),(34,'Procedures',36,''),(35,'Geographic Features',36,''),(36,'Contents',0,''),(37,'Geometry properties',35,''),(38,'String Functions',39,''),(39,'Functions',36,''),(40,'Data Definition',36,'');

--
-- Table structure for table `help_keyword`
--

CREATE TABLE `help_keyword` (
  `help_keyword_id` int(10) unsigned NOT NULL,
  `name` char(64) NOT NULL,
  PRIMARY KEY (`help_keyword_id`),
  UNIQUE KEY `name` (`name`)
) ENGINE=InnoDB DEFAULT CHARSET=utf8 STATS_PERSISTENT=0 COMMENT='help keywords';

--
-- Dumping data for table `help_keyword`
--



--
-- Table structure for table `help_relation`
--

CREATE TABLE `help_relation` (
  `help_topic_id` int(10) unsigned NOT NULL,
  `help_keyword_id` int(10) unsigned NOT NULL,
  PRIMARY KEY (`help_keyword_id`,`help_topic_id`)
) ENGINE=InnoDB DEFAULT CHARSET=utf8 STATS_PERSISTENT=0 COMMENT='keyword-topic relation';

--
-- Dumping data for table `help_relation`
--

INSERT INTO `help_relation` VALUES (0,0),(529,0),(292,1),(275,2),(2,3),(3,4),(365,5),(365,6),(560,6),(64,7),(427,8),(264,9),(275,10),(405,10),(581,10),(6,11),(7,12),(405,13),(14,14),(69,14),(397,14),(522,14),(15,15),(236,16),(78,17),(107,17),(261,17),(233,18),(52,19),(21,20),(375,21),(23,22),(125,23),(325,23),(29,24),(359,24),(553,24),(290,25),(290,26),(522,26),(325,27),(233,28),(26,29),(28,30),(455,30),(581,30),(29,31),(359,31),(529,31),(553,31),(604,31),(310,32),(31,33),(233,34),(530,35),(35,36),(290,36),(611,36),(36,37),(0,38),(365,38),(560,38),(611,38),(111,39),(161,39),(290,39),(37,40),(69,40),(427,41),(0,42),(39,42),(121,42),(120,43),(125,43),(156,43),(130,44),(604,44),(529,45),(125,46),(121,47),(47,48),(294,49),(275,50),(30,51),(142,51),(171,51),(365,52),(560,52),(233,53),(53,54),(375,54),(529,54),(611,54),(365,55),(560,55),(55,56),(319,57),(375,57),(491,57),(529,57),(60,58),(503,59),(391,60),(405,61),(581,61),(599,61),(65,62),(428,62),(572,63),(604,63),(247,64),(290,64),(24,65),(40,65),(54,65),(477,66),(522,66),(69,67),(497,67),(233,68),(70,69),(328,70),(364,70),(73,71),(74,72),(422,72),(75,73),(197,74),(229,74),(598,74),(79,75),(80,76),(81,77),(365,77),(560,77),(622,77),(83,78),(142,78),(233,78),(467,78),(130,79),(290,79),(604,79),(121,80),(130,80),(290,80),(365,80),(560,80),(84,81),(427,82),(85,83),(427,84),(498,85),(125,86),(359,86),(553,86),(84,87),(481,88),(161,89),(125,90),(156,90),(604,91),(40,92),(54,92),(90,93),(91,94),(290,95),(35,96),(78,96),(261,96),(522,96),(529,96),(596,96),(93,97),(0,98),(24,99),(95,100),(290,101),(441,102),(161,103),(207,103),(424,103),(497,103),(522,103),(529,103),(571,103),(505,104),(522,104),(102,105),(193,106),(64,107),(424,108),(572,109),(64,110),(197,111),(522,112),(572,112),(108,113),(109,114),(111,115),(112,116),(121,117),(257,117),(604,117),(114,118),(393,119),(572,119),(116,120),(118,121),(35,122),(53,122),(529,122),(530,122),(604,122),(427,123),(122,124),(0,125),(35,125),(56,125),(325,126),(158,127),(125,128),(156,128),(126,129),(129,130),(132,131),(133,132),(564,133),(503,134),(290,135),(292,135),(604,135),(611,135),(67,136),(96,136),(491,136),(197,137),(229,137),(598,137),(104,138),(522,138),(596,139),(197,140),(229,140),(598,140),(142,141),(540,141),(290,142),(144,143),(551,144),(148,145),(149,146),(529,147),(572,148),(125,149),(151,150),(405,151),(155,152),(156,153),(159,154),(161,155),(290,156),(572,156),(529,157),(29,158),(35,158),(53,158),(319,158),(375,158),(393,158),(572,158),(125,159),(169,160),(121,161),(131,162),(407,162),(429,162),(495,162),(522,162),(173,163),(176,164),(253,165),(178,166),(603,167),(262,168),(161,169),(286,169),(0,170),(121,171),(529,171),(164,172),(264,172),(182,173),(575,174),(183,175),(427,176),(427,177),(187,178),(188,179),(453,180),(192,181),(292,182),(240,183),(131,184),(164,184),(211,184),(264,184),(290,184),(393,184),(407,184),(522,184),(529,184),(572,184),(197,185),(229,185),(598,185),(44,186),(71,186),(135,186),(177,186),(247,186),(258,186),(286,186),(290,186),(382,186),(475,186),(502,186),(522,186),(604,186),(608,186),(193,187),(290,188),(331,188),(475,188),(611,188),(427,189),(187,190),(199,191),(200,192),(604,193),(364,194),(427,195),(529,196),(202,197),(571,198),(205,199),(204,200),(461,201),(405,202),(96,203),(207,203),(13,204),(17,204),(44,204),(64,204),(121,204),(130,204),(177,204),(196,204),(221,204),(243,204),(288,204),(290,204),(292,204),(359,204),(365,204),(407,204),(442,204),(495,204),(522,204),(595,204),(161,205),(522,206),(592,206),(604,207),(541,208),(290,209),(378,210),(212,211),(258,212),(197,213),(325,214),(213,215),(164,216),(171,217),(125,218),(156,218),(336,218),(492,218),(529,218),(290,219),(207,220),(290,221),(24,222),(40,222),(54,222),(143,222),(208,222),(213,222),(581,222),(622,222),(215,223),(233,224),(498,225),(69,226),(218,227),(222,228),(125,229),(359,229),(393,229),(553,229),(224,230),(427,231),(115,232),(596,233),(233,234),(604,235),(20,236),(522,236),(229,237),(231,238),(427,239),(233,240),(234,241),(235,242),(522,243),(541,243),(186,244),(522,244),(570,244),(237,245),(239,246),(241,247),(604,248),(125,249),(529,250),(432,251),(96,252),(111,252),(364,252),(244,253),(246,254),(393,255),(572,255),(503,256),(344,257),(503,257),(249,258),(248,259),(325,260),(125,261),(359,261),(553,261),(253,262),(275,263),(405,263),(254,264),(328,265),(0,266),(290,267),(44,268),(103,268),(125,268),(131,268),(228,268),(269,268),(454,268),(553,268),(560,268),(604,268),(0,269),(260,270),(522,271),(523,271),(572,272),(290,273),(262,274),(142,275),(605,275),(131,276),(258,276),(604,276),(233,277),(359,277),(365,277),(553,277),(131,278),(271,279),(125,280),(290,280),(611,280),(272,281),(273,282),(477,283),(275,284),(365,285),(388,286),(277,287),(278,288),(331,289),(475,289),(611,289),(279,290),(275,291),(346,292),(127,293),(227,293),(281,293),(363,293),(283,294),(127,295),(359,295),(363,295),(365,295),(407,295),(496,295),(325,296),(121,297),(117,298),(207,299),(290,300),(405,301),(503,301),(581,301),(604,302),(5,303),(24,303),(300,303),(331,303),(359,303),(365,303),(407,303),(429,303),(475,303),(489,303),(507,303),(553,303),(393,304),(171,305),(288,306),(292,306),(359,306),(448,306),(503,306),(507,306),(553,306),(497,307),(606,308),(290,309),(289,310),(529,311),(513,312),(319,313),(375,313),(616,313),(293,314),(294,315),(29,316),(275,316),(405,316),(581,316),(298,317),(359,318),(553,318),(131,319),(292,319),(407,319),(429,319),(495,319),(522,319),(227,320),(363,320),(611,320),(302,321),(301,322),(286,323),(572,324),(164,325),(306,326),(131,327),(290,327),(308,328),(311,329),(125,330),(312,330),(313,331),(314,332),(197,333),(229,333),(598,333),(121,334),(290,335),(441,335),(315,336),(436,337),(143,338),(319,339),(393,339),(572,339),(321,340),(365,341),(401,342),(365,343),(560,343),(290,344),(327,344),(522,344),(572,344),(604,344),(142,345),(364,346),(529,346),(64,347),(142,347),(310,347),(229,348),(319,348),(375,348),(459,348),(598,348),(423,349),(427,350),(379,351),(5,352),(57,352),(166,352),(252,352),(257,352),(331,352),(333,352),(429,352),(455,352),(475,352),(489,352),(507,352),(567,352),(604,352),(529,353),(125,354),(359,354),(553,354),(427,355),(334,356),(258,357),(290,357),(604,357),(189,358),(290,358),(327,358),(522,358),(592,358),(35,359),(53,359),(125,359),(290,359),(359,359),(393,359),(529,359),(530,359),(553,359),(572,359),(604,359),(337,360),(290,361),(611,361),(233,362),(131,363),(290,363),(292,363),(572,363),(0,364),(35,364),(290,364),(319,364),(375,364),(529,364),(572,364),(604,364),(64,365),(498,365),(529,366),(340,367),(197,368),(229,368),(598,368),(427,369),(197,370),(229,370),(598,370),(125,371),(359,371),(553,371),(346,372),(197,373),(229,373),(598,373),(35,374),(53,374),(69,374),(221,375),(365,375),(489,375),(560,375),(125,376),(0,377),(53,377),(375,377),(393,377),(529,377),(572,377),(604,377),(351,378),(35,379),(258,379),(286,379),(142,380),(357,381),(240,382),(60,383),(0,384),(325,385),(427,385),(604,385),(171,386),(427,386),(599,386),(360,387),(362,388),(197,389),(229,389),(598,389),(164,390),(290,391),(121,392),(233,393),(367,394),(161,395),(368,396),(357,397),(370,398),(13,399),(117,399),(196,399),(209,399),(269,399),(522,399),(529,399),(567,399),(617,399),(364,400),(529,401),(373,402),(503,403),(374,404),(481,405),(123,406),(195,406),(375,406),(616,406),(265,407),(354,407),(505,407),(377,408),(292,409),(378,410),(5,411),(331,411),(359,411),(365,411),(407,411),(429,411),(475,411),(489,411),(507,411),(553,411),(522,412),(533,412),(379,413),(405,414),(581,414),(599,414),(131,415),(290,415),(319,415),(359,415),(375,415),(407,415),(435,415),(459,415),(553,415),(604,415),(604,416),(207,417),(286,417),(382,417),(608,417),(384,418),(382,419),(604,419),(229,420),(598,420),(96,421),(167,421),(336,421),(386,421),(570,422),(137,423),(390,424),(53,425),(115,425),(131,425),(211,425),(229,425),(290,425),(297,425),(307,425),(319,425),(375,425),(391,425),(393,425),(405,425),(407,425),(522,425),(529,425),(572,425),(598,425),(604,425),(611,425),(392,426),(125,427),(359,427),(553,427),(395,428),(41,429),(135,429),(138,429),(209,429),(400,429),(510,429),(522,429),(533,429),(0,430),(261,431),(344,432),(290,433),(596,434),(161,435),(401,436),(402,437),(455,438),(344,439),(503,439),(40,440),(54,440),(125,441),(359,441),(553,441),(497,442),(29,443),(69,443),(275,443),(405,443),(581,443),(233,444),(395,445),(290,446),(197,447),(64,448),(196,448),(243,448),(252,448),(333,448),(353,448),(442,448),(454,448),(510,448),(522,448),(567,448),(574,449),(158,450),(420,451),(44,452),(121,452),(604,452),(290,453),(604,453),(290,454),(416,455),(423,456),(426,457),(604,458),(103,459),(331,459),(595,459),(275,460),(431,461),(432,462),(197,463),(229,463),(598,463),(434,464),(436,465),(142,466),(310,466),(328,466),(388,466),(416,466),(441,466),(498,466),(64,467),(100,467),(142,467),(522,468),(447,469),(404,470),(522,470),(405,471),(581,471),(405,472),(581,472),(424,473),(435,473),(497,473),(571,473),(449,474),(491,475),(572,475),(529,476),(453,477),(131,478),(290,478),(407,478),(122,479),(605,480),(593,481),(115,482),(275,482),(391,482),(400,482),(523,482),(40,483),(54,483),(457,484),(458,485),(0,486),(29,486),(359,486),(529,486),(553,486),(506,487),(461,488),(462,489),(430,490),(522,490),(325,491),(0,492),(197,493),(229,493),(598,493),(359,494),(553,494),(503,495),(137,496),(125,497),(130,497),(290,497),(359,497),(364,497),(553,497),(604,497),(466,498),(604,499),(365,500),(560,500),(604,500),(186,501),(470,502),(64,503),(474,504),(0,505),(44,505),(57,505),(67,505),(130,505),(290,505),(491,505),(494,505),(522,505),(604,505),(365,506),(560,506),(427,507),(604,508),(176,509),(478,510),(479,511),(359,512),(553,512),(482,513),(497,514),(485,515),(310,516),(328,516),(388,516),(416,516),(441,516),(498,516),(125,517),(427,518),(427,519),(427,520),(488,521),(121,522),(257,522),(290,522),(522,522),(533,522),(604,522),(290,523),(529,524),(492,525),(290,526),(161,527),(529,527),(530,527),(142,528),(232,528),(499,528),(364,529),(441,530),(353,531),(617,531),(504,532),(121,533),(121,534),(506,535),(125,536),(359,536),(553,536),(145,537),(365,538),(30,539),(171,539),(522,539),(581,540),(509,541),(290,542),(197,543),(604,544),(92,545),(512,546),(286,547),(604,547),(513,548),(514,549),(516,550),(319,551),(375,551),(519,552),(502,553),(604,553),(13,554),(20,554),(27,554),(30,554),(41,554),(52,554),(78,554),(104,554),(107,554),(120,554),(135,554),(138,554),(177,554),(189,554),(209,554),(211,554),(221,554),(243,554),(261,554),(288,554),(304,554),(327,554),(353,554),(354,554),(397,554),(400,554),(404,554),(430,554),(477,554),(494,554),(495,554),(505,554),(510,554),(522,554),(523,554),(533,554),(592,554),(617,554),(619,554),(78,555),(524,555),(525,556),(92,557),(527,557),(233,558),(161,559),(195,559),(319,559),(375,559),(529,559),(104,560),(522,560),(292,561),(72,562),(328,562),(427,563),(393,564),(572,564),(76,565),(547,565),(125,566),(228,567),(292,567),(405,568),(581,568),(125,569),(359,569),(553,569),(78,570),(261,570),(364,570),(529,570),(197,571),(548,572),(529,573),(551,574),(56,575),(125,575),(552,576),(142,577),(161,577),(555,578),(188,579),(427,580),(559,581),(5,582),(228,582),(292,582),(427,583),(79,584),(233,585),(233,586),(325,587),(604,588),(91,589),(564,590),(71,591),(448,591),(560,591),(604,591),(130,592),(290,592),(604,592),(370,593),(292,594),(568,595),(569,596),(0,597),(529,597),(7,598),(574,599),(575,600),(125,601),(292,601),(297,601),(359,601),(503,601),(553,601),(529,602),(69,603),(354,604),(522,604),(307,605),(475,606),(275,607),(579,608),(529,609),(129,610),(325,611),(581,612),(582,613),(290,614),(208,615),(405,615),(581,615),(304,616),(258,617),(583,618),(125,619),(359,619),(553,619),(233,620),(586,621),(591,622),(593,623),(594,624),(290,625),(598,626),(27,627),(600,628),(599,629),(604,630),(601,631),(69,632),(603,633),(494,634),(522,634),(604,634),(35,635),(53,635),(69,635),(78,635),(261,635),(529,635),(44,636),(290,636),(375,636),(604,636),(611,636),(143,637),(606,638),(197,639),(229,639),(598,639),(609,640),(604,641),(608,641),(290,642),(604,642),(290,643),(459,643),(290,644),(611,644),(121,645),(275,646),(391,646),(400,646),(523,646),(138,647),(336,647),(344,647),(365,647),(404,647),(503,647),(560,647),(529,648),(530,648),(365,649),(560,649),(604,649),(572,650),(125,651),(359,651),(553,651),(622,652),(63,653),(265,653),(318,653),(484,653),(492,653),(529,653),(530,653),(543,653),(29,654),(207,654),(286,654),(382,654),(393,654),(572,654),(608,654),(427,655),(623,656),(624,657),(125,658),(29,659),(189,659),(397,659),(522,659),(621,660),(207,661),(22,662),(17,663),(166,663),(522,663),(522,664),(619,664),(375,665),(529,665),(130,666),(69,667),(290,667),(604,667),(604,668),(121,669),(30,670),(41,670),(167,670),(171,670),(427,670),(290,671),(453,672);

--
-- Table structure for table `help_topic`
--

CREATE TABLE `help_topic` (
  `help_topic_id` int(10) unsigned NOT NULL,
  `name` char(64) NOT NULL,
  `help_category_id` smallint(5) unsigned NOT NULL,
  `description` text NOT NULL,
  `example` text NOT NULL,
  `url` text NOT NULL,
  PRIMARY KEY (`help_topic_id`),
  UNIQUE KEY `name` (`name`)
) ENGINE=InnoDB DEFAULT CHARSET=utf8 STATS_PERSISTENT=0 COMMENT='help topics';

--
-- Dumping data for table `help_topic`
--



--
-- Table structure for table `innodb_index_stats`
--

CREATE TABLE `innodb_index_stats` (
  `database_name` varchar(64) COLLATE utf8_bin NOT NULL,
  `table_name` varchar(64) COLLATE utf8_bin NOT NULL,
  `index_name` varchar(64) COLLATE utf8_bin NOT NULL,
  `last_update` timestamp NOT NULL DEFAULT CURRENT_TIMESTAMP ON UPDATE CURRENT_TIMESTAMP,
  `stat_name` varchar(64) COLLATE utf8_bin NOT NULL,
  `stat_value` bigint(20) unsigned NOT NULL,
  `sample_size` bigint(20) unsigned DEFAULT NULL,
  `stat_description` varchar(1024) COLLATE utf8_bin NOT NULL,
  PRIMARY KEY (`database_name`,`table_name`,`index_name`,`stat_name`)
) ENGINE=InnoDB DEFAULT CHARSET=utf8 COLLATE=utf8_bin STATS_PERSISTENT=0;

--
-- Dumping data for table `innodb_index_stats`
--

INSERT INTO `innodb_index_stats` VALUES ('CCDB','BOATTRIBS','GEN_CLUST_INDEX','2017-01-30 14:45:29','n_diff_pfx01',24,1,'DB_ROW_ID'),('CCDB','BOATTRIBS','GEN_CLUST_INDEX','2017-01-30 14:45:29','n_leaf_pages',1,NULL,'Number of leaf pages in the index'),('CCDB','BOATTRIBS','GEN_CLUST_INDEX','2017-01-30 14:45:29','size',1,NULL,'Number of pages in the index'),('CCDB','BOBOBJS','PRIMARY','2017-02-02 16:22:59','n_diff_pfx01',132,8,'BOID'),('CCDB','BOBOBJS','PRIMARY','2017-02-02 16:22:59','n_leaf_pages',8,NULL,'Number of leaf pages in the index'),('CCDB','BOBOBJS','PRIMARY','2017-02-02 16:22:59','size',9,NULL,'Number of pages in the index'),('CCDB','BOCIP','GEN_CLUST_INDEX','2016-06-02 13:02:45','n_diff_pfx01',0,1,'DB_ROW_ID'),('CCDB','BOCIP','GEN_CLUST_INDEX','2016-06-02 13:02:45','n_leaf_pages',1,NULL,'Number of leaf pages in the index'),('CCDB','BOCIP','GEN_CLUST_INDEX','2016-06-02 13:02:45','size',1,NULL,'Number of pages in the index'),('CCDB','BOCIPAS','GEN_CLUST_INDEX','2016-06-02 13:02:45','n_diff_pfx01',0,1,'DB_ROW_ID'),('CCDB','BOCIPAS','GEN_CLUST_INDEX','2016-06-02 13:02:45','n_leaf_pages',1,NULL,'Number of leaf pages in the index'),('CCDB','BOCIPAS','GEN_CLUST_INDEX','2016-06-02 13:02:45','size',1,NULL,'Number of pages in the index'),('CCDB','BOCIPCLUSTER','GEN_CLUST_INDEX','2016-06-02 13:02:45','n_diff_pfx01',0,1,'DB_ROW_ID'),('CCDB','BOCIPCLUSTER','GEN_CLUST_INDEX','2016-06-02 13:02:45','n_leaf_pages',1,NULL,'Number of leaf pages in the index'),('CCDB','BOCIPCLUSTER','GEN_CLUST_INDEX','2016-06-02 13:02:45','size',1,NULL,'Number of pages in the index'),('CCDB','BOCOE','GEN_CLUST_INDEX','2016-06-02 13:02:45','n_diff_pfx01',0,1,'DB_ROW_ID'),('CCDB','BOCOE','GEN_CLUST_INDEX','2016-06-02 13:02:45','n_leaf_pages',1,NULL,'Number of leaf pages in the index'),('CCDB','BOCOE','GEN_CLUST_INDEX','2016-06-02 13:02:45','size',1,NULL,'Number of pages in the index'),('CCDB','BOCTASK','GEN_CLUST_INDEX','2016-06-02 13:02:45','n_diff_pfx01',0,1,'DB_ROW_ID'),('CCDB','BOCTASK','GEN_CLUST_INDEX','2016-06-02 13:02:45','n_leaf_pages',1,NULL,'Number of leaf pages in the index'),('CCDB','BOCTASK','GEN_CLUST_INDEX','2016-06-02 13:02:45','size',1,NULL,'Number of pages in the index'),('CCDB','BOSTAGEOBJS','GEN_CLUST_INDEX','2017-02-01 14:32:37','n_diff_pfx01',57,6,'DB_ROW_ID'),('CCDB','BOSTAGEOBJS','GEN_CLUST_INDEX','2017-02-01 14:32:37','n_leaf_pages',6,NULL,'Number of leaf pages in the index'),('CCDB','BOSTAGEOBJS','GEN_CLUST_INDEX','2017-02-01 14:32:37','size',7,NULL,'Number of pages in the index'),('CCDB','CASI','GEN_CLUST_INDEX','2016-06-02 13:02:45','n_diff_pfx01',237,2,'DB_ROW_ID'),('CCDB','CASI','GEN_CLUST_INDEX','2016-06-02 13:02:45','n_leaf_pages',2,NULL,'Number of leaf pages in the index'),('CCDB','CASI','GEN_CLUST_INDEX','2016-06-02 13:02:45','size',3,NULL,'Number of pages in the index'),('CCDB','CAST','GEN_CLUST_INDEX','2016-06-02 13:02:45','n_diff_pfx01',129,2,'DB_ROW_ID'),('CCDB','CAST','GEN_CLUST_INDEX','2016-06-02 13:02:45','n_leaf_pages',2,NULL,'Number of leaf pages in the index'),('CCDB','CAST','GEN_CLUST_INDEX','2016-06-02 13:02:45','size',3,NULL,'Number of pages in the index'),('CCDB','CASU','GEN_CLUST_INDEX','2016-06-02 13:02:45','n_diff_pfx01',97,1,'DB_ROW_ID'),('CCDB','CASU','GEN_CLUST_INDEX','2016-06-02 13:02:45','n_leaf_pages',1,NULL,'Number of leaf pages in the index'),('CCDB','CASU','GEN_CLUST_INDEX','2016-06-02 13:02:45','size',1,NULL,'Number of pages in the index'),('CCDB','CASV','GEN_CLUST_INDEX','2016-06-02 13:02:45','n_diff_pfx01',95,1,'DB_ROW_ID'),('CCDB','CASV','GEN_CLUST_INDEX','2016-06-02 13:02:45','n_leaf_pages',1,NULL,'Number of leaf pages in the index'),('CCDB','CASV','GEN_CLUST_INDEX','2016-06-02 13:02:45','size',1,NULL,'Number of pages in the index'),('CCDB','CAZPSNFS','GEN_CLUST_INDEX','2016-06-02 13:02:45','n_diff_pfx01',0,1,'DB_ROW_ID'),('CCDB','CAZPSNFS','GEN_CLUST_INDEX','2016-06-02 13:02:45','n_leaf_pages',1,NULL,'Number of leaf pages in the index'),('CCDB','CAZPSNFS','GEN_CLUST_INDEX','2016-06-02 13:02:45','size',1,NULL,'Number of pages in the index'),('CCDB','CAZPSNPR','GEN_CLUST_INDEX','2016-06-02 13:02:45','n_diff_pfx01',179,6,'DB_ROW_ID'),('CCDB','CAZPSNPR','GEN_CLUST_INDEX','2016-06-02 13:02:45','n_leaf_pages',6,NULL,'Number of leaf pages in the index'),('CCDB','CAZPSNPR','GEN_CLUST_INDEX','2016-06-02 13:02:45','size',7,NULL,'Number of pages in the index'),('CCDB','CCATT','PRIMARY','2017-03-06 12:29:40','n_diff_pfx01',12,3,'ATTARCHTYP'),('CCDB','CCATT','PRIMARY','2017-03-06 12:29:40','n_diff_pfx02',14,3,'ATTARCHTYP,ATTPARTYPE'),('CCDB','CCATT','PRIMARY','2017-03-06 12:29:40','n_diff_pfx03',469,3,'ATTARCHTYP,ATTPARTYPE,ATTPARKURZ'),('CCDB','CCATT','PRIMARY','2017-03-06 12:29:40','n_diff_pfx04',614,3,'ATTARCHTYP,ATTPARTYPE,ATTPARKURZ,ATTNAME'),('CCDB','CCATT','PRIMARY','2017-03-06 12:29:40','n_leaf_pages',3,NULL,'Number of leaf pages in the index'),('CCDB','CCATT','PRIMARY','2017-03-06 12:29:40','size',4,NULL,'Number of pages in the index'),('CCDB','CCCAL','GEN_CLUST_INDEX','2017-01-17 12:06:15','n_diff_pfx01',55,1,'DB_ROW_ID'),('CCDB','CCCAL','GEN_CLUST_INDEX','2017-01-17 12:06:15','n_leaf_pages',1,NULL,'Number of leaf pages in the index'),('CCDB','CCCAL','GEN_CLUST_INDEX','2017-01-17 12:06:15','size',1,NULL,'Number of pages in the index'),('CCDB','CCDCENV','GEN_CLUST_INDEX','2016-06-02 13:02:49','n_diff_pfx01',33,1,'DB_ROW_ID'),('CCDB','CCDCENV','GEN_CLUST_INDEX','2016-06-02 13:02:49','n_leaf_pages',1,NULL,'Number of leaf pages in the index'),('CCDB','CCDCENV','GEN_CLUST_INDEX','2016-06-02 13:02:49','size',1,NULL,'Number of pages in the index'),('CCDB','CCDCHOST','GEN_CLUST_INDEX','2016-06-02 13:02:50','n_diff_pfx01',170,1,'DB_ROW_ID'),('CCDB','CCDCHOST','GEN_CLUST_INDEX','2016-06-02 13:02:50','n_leaf_pages',1,NULL,'Number of leaf pages in the index'),('CCDB','CCDCHOST','GEN_CLUST_INDEX','2016-06-02 13:02:50','size',1,NULL,'Number of pages in the index'),('CCDB','CCDCRES','GEN_CLUST_INDEX','2016-06-13 12:50:50','n_diff_pfx01',134439,20,'DB_ROW_ID'),('CCDB','CCDCRES','GEN_CLUST_INDEX','2016-06-13 12:50:50','n_leaf_pages',820,NULL,'Number of leaf pages in the index'),('CCDB','CCDCRES','GEN_CLUST_INDEX','2016-06-13 12:50:50','size',865,NULL,'Number of pages in the index'),('CCDB','CCDCRESA','GEN_CLUST_INDEX','2017-03-08 22:57:17','n_diff_pfx01',32549,20,'DB_ROW_ID'),('CCDB','CCDCRESA','GEN_CLUST_INDEX','2017-03-08 22:57:17','n_leaf_pages',243,NULL,'Number of leaf pages in the index'),('CCDB','CCDCRESA','GEN_CLUST_INDEX','2017-03-08 22:57:17','size',289,NULL,'Number of pages in the index'),('CCDB','CCDCRESL','GEN_CLUST_INDEX','2017-03-06 09:24:32','n_diff_pfx01',937,9,'DB_ROW_ID'),('CCDB','CCDCRESL','GEN_CLUST_INDEX','2017-03-06 09:24:32','n_leaf_pages',9,NULL,'Number of leaf pages in the index'),('CCDB','CCDCRESL','GEN_CLUST_INDEX','2017-03-06 09:24:32','size',10,NULL,'Number of pages in the index'),('CCDB','CCDCRESLP','GEN_CLUST_INDEX','2016-06-02 13:02:50','n_diff_pfx01',24189,20,'DB_ROW_ID'),('CCDB','CCDCRESLP','GEN_CLUST_INDEX','2016-06-02 13:02:50','n_leaf_pages',220,NULL,'Number of leaf pages in the index'),('CCDB','CCDCRESLP','GEN_CLUST_INDEX','2016-06-02 13:02:50','size',225,NULL,'Number of pages in the index'),('CCDB','CCDOCS','GEN_CLUST_INDEX','2016-06-02 13:02:50','n_diff_pfx01',0,1,'DB_ROW_ID'),('CCDB','CCDOCS','GEN_CLUST_INDEX','2016-06-02 13:02:50','n_leaf_pages',1,NULL,'Number of leaf pages in the index'),('CCDB','CCDOCS','GEN_CLUST_INDEX','2016-06-02 13:02:50','size',1,NULL,'Number of pages in the index'),('CCDB','CCDSYS','GEN_CLUST_INDEX','2016-06-02 13:02:50','n_diff_pfx01',0,1,'DB_ROW_ID'),('CCDB','CCDSYS','GEN_CLUST_INDEX','2016-06-02 13:02:50','n_leaf_pages',1,NULL,'Number of leaf pages in the index'),('CCDB','CCDSYS','GEN_CLUST_INDEX','2016-06-02 13:02:50','size',1,NULL,'Number of pages in the index'),('CCDB','CCDWP','GEN_CLUST_INDEX','2016-06-02 13:02:50','n_diff_pfx01',358,5,'DB_ROW_ID'),('CCDB','CCDWP','GEN_CLUST_INDEX','2016-06-02 13:02:50','n_leaf_pages',5,NULL,'Number of leaf pages in the index'),('CCDB','CCDWP','GEN_CLUST_INDEX','2016-06-02 13:02:50','size',6,NULL,'Number of pages in the index'),('CCDB','CCDYSYAS','GEN_CLUST_INDEX','2016-06-02 13:02:50','n_diff_pfx01',0,1,'DB_ROW_ID'),('CCDB','CCDYSYAS','GEN_CLUST_INDEX','2016-06-02 13:02:50','n_leaf_pages',1,NULL,'Number of leaf pages in the index'),('CCDB','CCDYSYAS','GEN_CLUST_INDEX','2016-06-02 13:02:50','size',1,NULL,'Number of pages in the index'),('CCDB','CCELVTAB','GEN_CLUST_INDEX','2016-06-02 13:02:50','n_diff_pfx01',11,1,'DB_ROW_ID'),('CCDB','CCELVTAB','GEN_CLUST_INDEX','2016-06-02 13:02:50','n_leaf_pages',1,NULL,'Number of leaf pages in the index'),('CCDB','CCELVTAB','GEN_CLUST_INDEX','2016-06-02 13:02:50','size',1,NULL,'Number of pages in the index'),('CCDB','CCERPACCT','GEN_CLUST_INDEX','2017-03-03 15:53:43','n_diff_pfx01',0,1,'DB_ROW_ID'),('CCDB','CCERPACCT','GEN_CLUST_INDEX','2017-03-03 15:53:43','n_leaf_pages',1,NULL,'Number of leaf pages in the index'),('CCDB','CCERPACCT','GEN_CLUST_INDEX','2017-03-03 15:53:43','size',1,NULL,'Number of pages in the index'),('CCDB','CCGRP','GEN_CLUST_INDEX','2016-06-02 13:02:50','n_diff_pfx01',14,1,'DB_ROW_ID'),('CCDB','CCGRP','GEN_CLUST_INDEX','2016-06-02 13:02:50','n_leaf_pages',1,NULL,'Number of leaf pages in the index'),('CCDB','CCGRP','GEN_CLUST_INDEX','2016-06-02 13:02:50','size',1,NULL,'Number of pages in the index'),('CCDB','CCILKST','GEN_CLUST_INDEX','2016-06-02 13:02:50','n_diff_pfx01',5,1,'DB_ROW_ID'),('CCDB','CCILKST','GEN_CLUST_INDEX','2016-06-02 13:02:50','n_leaf_pages',1,NULL,'Number of leaf pages in the index'),('CCDB','CCILKST','GEN_CLUST_INDEX','2016-06-02 13:02:50','size',1,NULL,'Number of pages in the index'),('CCDB','CCILPSP','GEN_CLUST_INDEX','2017-02-03 18:05:37','n_diff_pfx01',125,3,'DB_ROW_ID'),('CCDB','CCILPSP','GEN_CLUST_INDEX','2017-02-03 18:05:37','n_leaf_pages',3,NULL,'Number of leaf pages in the index'),('CCDB','CCILPSP','GEN_CLUST_INDEX','2017-02-03 18:05:37','size',4,NULL,'Number of pages in the index'),('CCDB','CCILV','GEN_CLUST_INDEX','2017-03-13 17:53:15','n_diff_pfx01',1894,13,'DB_ROW_ID'),('CCDB','CCILV','GEN_CLUST_INDEX','2017-03-13 17:53:15','n_leaf_pages',13,NULL,'Number of leaf pages in the index'),('CCDB','CCILV','GEN_CLUST_INDEX','2017-03-13 17:53:15','size',14,NULL,'Number of pages in the index'),('CCDB','CCILVACC','GEN_CLUST_INDEX','2017-03-07 16:53:24','n_diff_pfx01',159,1,'DB_ROW_ID'),('CCDB','CCILVACC','GEN_CLUST_INDEX','2017-03-07 16:53:24','n_leaf_pages',1,NULL,'Number of leaf pages in the index'),('CCDB','CCILVACC','GEN_CLUST_INDEX','2017-03-07 16:53:24','size',1,NULL,'Number of pages in the index'),('CCDB','CCILVD','GEN_CLUST_INDEX','2017-03-08 15:33:11','n_diff_pfx01',748,7,'DB_ROW_ID'),('CCDB','CCILVD','GEN_CLUST_INDEX','2017-03-08 15:33:11','n_leaf_pages',7,NULL,'Number of leaf pages in the index'),('CCDB','CCILVD','GEN_CLUST_INDEX','2017-03-08 15:33:11','size',8,NULL,'Number of pages in the index'),('CCDB','CCILVMTAB','GEN_CLUST_INDEX','2016-06-02 13:02:50','n_diff_pfx01',56,1,'DB_ROW_ID'),('CCDB','CCILVMTAB','GEN_CLUST_INDEX','2016-06-02 13:02:50','n_leaf_pages',1,NULL,'Number of leaf pages in the index'),('CCDB','CCILVMTAB','GEN_CLUST_INDEX','2016-06-02 13:02:50','size',1,NULL,'Number of pages in the index'),('CCDB','CCILVXTAB','GEN_CLUST_INDEX','2016-06-02 13:02:50','n_diff_pfx01',11,1,'DB_ROW_ID'),('CCDB','CCILVXTAB','GEN_CLUST_INDEX','2016-06-02 13:02:50','n_leaf_pages',1,NULL,'Number of leaf pages in the index'),('CCDB','CCILVXTAB','GEN_CLUST_INDEX','2016-06-02 13:02:50','size',1,NULL,'Number of pages in the index'),('CCDB','CCITM','GEN_CLUST_INDEX','2016-06-02 13:02:51','n_diff_pfx01',10,1,'DB_ROW_ID'),('CCDB','CCITM','GEN_CLUST_INDEX','2016-06-02 13:02:51','n_leaf_pages',1,NULL,'Number of leaf pages in the index'),('CCDB','CCITM','GEN_CLUST_INDEX','2016-06-02 13:02:51','size',1,NULL,'Number of pages in the index'),('CCDB','CCMFILES','GEN_CLUST_INDEX','2017-02-13 16:59:29','n_diff_pfx01',128,2,'DB_ROW_ID'),('CCDB','CCMFILES','GEN_CLUST_INDEX','2017-02-13 16:59:29','n_leaf_pages',2,NULL,'Number of leaf pages in the index'),('CCDB','CCMFILES','GEN_CLUST_INDEX','2017-02-13 16:59:29','size',3,NULL,'Number of pages in the index'),('CCDB','CCMPLAPART','GEN_CLUST_INDEX','2016-06-02 13:02:51','n_diff_pfx01',35,1,'DB_ROW_ID'),('CCDB','CCMPLAPART','GEN_CLUST_INDEX','2016-06-02 13:02:51','n_leaf_pages',1,NULL,'Number of leaf pages in the index'),('CCDB','CCMPLAPART','GEN_CLUST_INDEX','2016-06-02 13:02:51','size',1,NULL,'Number of pages in the index'),('CCDB','CCMUSTEMP','GEN_CLUST_INDEX','2016-06-02 13:02:51','n_diff_pfx01',8,1,'DB_ROW_ID'),('CCDB','CCMUSTEMP','GEN_CLUST_INDEX','2016-06-02 13:02:51','n_leaf_pages',1,NULL,'Number of leaf pages in the index'),('CCDB','CCMUSTEMP','GEN_CLUST_INDEX','2016-06-02 13:02:51','size',1,NULL,'Number of pages in the index'),('CCDB','CCMXFER','GEN_CLUST_INDEX','2016-06-02 13:02:51','n_diff_pfx01',233,3,'DB_ROW_ID'),('CCDB','CCMXFER','GEN_CLUST_INDEX','2016-06-02 13:02:51','n_leaf_pages',3,NULL,'Number of leaf pages in the index'),('CCDB','CCMXFER','GEN_CLUST_INDEX','2016-06-02 13:02:51','size',4,NULL,'Number of pages in the index'),('CCDB','CCMXREL','GEN_CLUST_INDEX','2016-06-02 13:02:51','n_diff_pfx01',2,1,'DB_ROW_ID'),('CCDB','CCMXREL','GEN_CLUST_INDEX','2016-06-02 13:02:51','n_leaf_pages',1,NULL,'Number of leaf pages in the index'),('CCDB','CCMXREL','GEN_CLUST_INDEX','2016-06-02 13:02:51','size',1,NULL,'Number of pages in the index'),('CCDB','CCNUM','GEN_CLUST_INDEX','2016-06-02 13:02:51','n_diff_pfx01',200,1,'DB_ROW_ID'),('CCDB','CCNUM','GEN_CLUST_INDEX','2016-06-02 13:02:51','n_leaf_pages',1,NULL,'Number of leaf pages in the index'),('CCDB','CCNUM','GEN_CLUST_INDEX','2016-06-02 13:02:51','size',1,NULL,'Number of pages in the index'),('CCDB','CCOE','GEN_CLUST_INDEX','2016-06-02 13:02:51','n_diff_pfx01',34,1,'DB_ROW_ID'),('CCDB','CCOE','GEN_CLUST_INDEX','2016-06-02 13:02:51','n_leaf_pages',1,NULL,'Number of leaf pages in the index'),('CCDB','CCOE','GEN_CLUST_INDEX','2016-06-02 13:02:51','size',1,NULL,'Number of pages in the index'),('CCDB','CCORD','GEN_CLUST_INDEX','2016-06-02 13:02:51','n_diff_pfx01',68,3,'DB_ROW_ID'),('CCDB','CCORD','GEN_CLUST_INDEX','2016-06-02 13:02:51','n_leaf_pages',3,NULL,'Number of leaf pages in the index'),('CCDB','CCORD','GEN_CLUST_INDEX','2016-06-02 13:02:51','size',4,NULL,'Number of pages in the index'),('CCDB','CCPAP','GEN_CLUST_INDEX','2016-06-02 13:02:51','n_diff_pfx01',19,1,'DB_ROW_ID'),('CCDB','CCPAP','GEN_CLUST_INDEX','2016-06-02 13:02:51','n_leaf_pages',1,NULL,'Number of leaf pages in the index'),('CCDB','CCPAP','GEN_CLUST_INDEX','2016-06-02 13:02:51','size',1,NULL,'Number of pages in the index'),('CCDB','CCPLAUS','GEN_CLUST_INDEX','2016-06-02 13:02:51','n_diff_pfx01',54,1,'DB_ROW_ID'),('CCDB','CCPLAUS','GEN_CLUST_INDEX','2016-06-02 13:02:51','n_leaf_pages',1,NULL,'Number of leaf pages in the index'),('CCDB','CCPLAUS','GEN_CLUST_INDEX','2016-06-02 13:02:51','size',1,NULL,'Number of pages in the index'),('CCDB','CCPLOG','GEN_CLUST_INDEX','2016-11-04 08:24:40','n_diff_pfx01',12,1,'DB_ROW_ID'),('CCDB','CCPLOG','GEN_CLUST_INDEX','2016-11-04 08:24:40','n_leaf_pages',1,NULL,'Number of leaf pages in the index'),('CCDB','CCPLOG','GEN_CLUST_INDEX','2016-11-04 08:24:40','size',1,NULL,'Number of pages in the index'),('CCDB','CCPROG','GEN_CLUST_INDEX','2016-06-02 13:02:51','n_diff_pfx01',8,1,'DB_ROW_ID'),('CCDB','CCPROG','GEN_CLUST_INDEX','2016-06-02 13:02:51','n_leaf_pages',1,NULL,'Number of leaf pages in the index'),('CCDB','CCPROG','GEN_CLUST_INDEX','2016-06-02 13:02:51','size',1,NULL,'Number of pages in the index'),('CCDB','CCPROJ','GEN_CLUST_INDEX','2016-06-02 13:02:51','n_diff_pfx01',4,1,'DB_ROW_ID'),('CCDB','CCPROJ','GEN_CLUST_INDEX','2016-06-02 13:02:51','n_leaf_pages',1,NULL,'Number of leaf pages in the index'),('CCDB','CCPROJ','GEN_CLUST_INDEX','2016-06-02 13:02:51','size',1,NULL,'Number of pages in the index'),('CCDB','CCREQ','GEN_CLUST_INDEX','2016-06-02 13:02:51','n_diff_pfx01',0,1,'DB_ROW_ID'),('CCDB','CCREQ','GEN_CLUST_INDEX','2016-06-02 13:02:51','n_leaf_pages',1,NULL,'Number of leaf pages in the index'),('CCDB','CCREQ','GEN_CLUST_INDEX','2016-06-02 13:02:51','size',1,NULL,'Number of pages in the index'),('CCDB','CCREQAS','GEN_CLUST_INDEX','2016-06-02 13:02:51','n_diff_pfx01',0,1,'DB_ROW_ID'),('CCDB','CCREQAS','GEN_CLUST_INDEX','2016-06-02 13:02:51','n_leaf_pages',1,NULL,'Number of leaf pages in the index'),('CCDB','CCREQAS','GEN_CLUST_INDEX','2016-06-02 13:02:51','size',1,NULL,'Number of pages in the index'),('CCDB','CCROLE','GEN_CLUST_INDEX','2016-06-02 13:02:51','n_diff_pfx01',11,1,'DB_ROW_ID'),('CCDB','CCROLE','GEN_CLUST_INDEX','2016-06-02 13:02:51','n_leaf_pages',1,NULL,'Number of leaf pages in the index'),('CCDB','CCROLE','GEN_CLUST_INDEX','2016-06-02 13:02:51','size',1,NULL,'Number of pages in the index'),('CCDB','CCROLTAB','GEN_CLUST_INDEX','2016-06-02 13:02:51','n_diff_pfx01',22,1,'DB_ROW_ID'),('CCDB','CCROLTAB','GEN_CLUST_INDEX','2016-06-02 13:02:51','n_leaf_pages',1,NULL,'Number of leaf pages in the index'),('CCDB','CCROLTAB','GEN_CLUST_INDEX','2016-06-02 13:02:51','size',1,NULL,'Number of pages in the index'),('CCDB','CCRW','GEN_CLUST_INDEX','2017-03-14 17:36:46','n_diff_pfx01',1354,12,'DB_ROW_ID'),('CCDB','CCRW','GEN_CLUST_INDEX','2017-03-14 17:36:46','n_leaf_pages',12,NULL,'Number of leaf pages in the index'),('CCDB','CCRW','GEN_CLUST_INDEX','2017-03-14 17:36:46','size',13,NULL,'Number of pages in the index'),('CCDB','CCSAI','GEN_CLUST_INDEX','2016-06-02 13:02:51','n_diff_pfx01',207,3,'DB_ROW_ID'),('CCDB','CCSAI','GEN_CLUST_INDEX','2016-06-02 13:02:51','n_leaf_pages',3,NULL,'Number of leaf pages in the index'),('CCDB','CCSAI','GEN_CLUST_INDEX','2016-06-02 13:02:51','size',4,NULL,'Number of pages in the index'),('CCDB','CCSPBOX','GEN_CLUST_INDEX','2016-06-02 13:02:51','n_diff_pfx01',33,1,'DB_ROW_ID'),('CCDB','CCSPBOX','GEN_CLUST_INDEX','2016-06-02 13:02:51','n_leaf_pages',1,NULL,'Number of leaf pages in the index'),('CCDB','CCSPBOX','GEN_CLUST_INDEX','2016-06-02 13:02:51','size',1,NULL,'Number of pages in the index'),('CCDB','CCSPCAP','GEN_CLUST_INDEX','2016-06-02 13:02:51','n_diff_pfx01',68,1,'DB_ROW_ID'),('CCDB','CCSPCAP','GEN_CLUST_INDEX','2016-06-02 13:02:51','n_leaf_pages',1,NULL,'Number of leaf pages in the index'),('CCDB','CCSPCAP','GEN_CLUST_INDEX','2016-06-02 13:02:51','size',1,NULL,'Number of pages in the index'),('CCDB','CCSPRINT','GEN_CLUST_INDEX','2016-06-02 13:02:51','n_diff_pfx01',25,1,'DB_ROW_ID'),('CCDB','CCSPRINT','GEN_CLUST_INDEX','2016-06-02 13:02:51','n_leaf_pages',1,NULL,'Number of leaf pages in the index'),('CCDB','CCSPRINT','GEN_CLUST_INDEX','2016-06-02 13:02:51','size',1,NULL,'Number of pages in the index'),('CCDB','CCSYSCON','GEN_CLUST_INDEX','2016-06-02 13:02:51','n_diff_pfx01',0,1,'DB_ROW_ID'),('CCDB','CCSYSCON','GEN_CLUST_INDEX','2016-06-02 13:02:51','n_leaf_pages',1,NULL,'Number of leaf pages in the index'),('CCDB','CCSYSCON','GEN_CLUST_INDEX','2016-06-02 13:02:51','size',1,NULL,'Number of pages in the index'),('CCDB','CCSYSCONAS','GEN_CLUST_INDEX','2016-06-02 13:02:51','n_diff_pfx01',0,1,'DB_ROW_ID'),('CCDB','CCSYSCONAS','GEN_CLUST_INDEX','2016-06-02 13:02:51','n_leaf_pages',1,NULL,'Number of leaf pages in the index'),('CCDB','CCSYSCONAS','GEN_CLUST_INDEX','2016-06-02 13:02:51','size',1,NULL,'Number of pages in the index'),('CCDB','CCTASK','GEN_CLUST_INDEX','2017-03-13 17:42:45','n_diff_pfx01',175,4,'DB_ROW_ID'),('CCDB','CCTASK','GEN_CLUST_INDEX','2017-03-13 17:42:45','n_leaf_pages',4,NULL,'Number of leaf pages in the index'),('CCDB','CCTASK','GEN_CLUST_INDEX','2017-03-13 17:42:45','size',5,NULL,'Number of pages in the index'),('CCDB','CCTC','GEN_CLUST_INDEX','2016-06-02 13:02:51','n_diff_pfx01',0,1,'DB_ROW_ID'),('CCDB','CCTC','GEN_CLUST_INDEX','2016-06-02 13:02:51','n_leaf_pages',1,NULL,'Number of leaf pages in the index'),('CCDB','CCTC','GEN_CLUST_INDEX','2016-06-02 13:02:51','size',1,NULL,'Number of pages in the index'),('CCDB','CCTCP','GEN_CLUST_INDEX','2016-06-02 13:02:51','n_diff_pfx01',0,1,'DB_ROW_ID'),('CCDB','CCTCP','GEN_CLUST_INDEX','2016-06-02 13:02:51','n_leaf_pages',1,NULL,'Number of leaf pages in the index'),('CCDB','CCTCP','GEN_CLUST_INDEX','2016-06-02 13:02:51','size',1,NULL,'Number of pages in the index'),('CCDB','CCTISTAT','GEN_CLUST_INDEX','2016-06-02 13:03:01','n_diff_pfx01',227,3,'DB_ROW_ID'),('CCDB','CCTISTAT','GEN_CLUST_INDEX','2016-06-02 13:03:01','n_leaf_pages',3,NULL,'Number of leaf pages in the index'),('CCDB','CCTISTAT','GEN_CLUST_INDEX','2016-06-02 13:03:01','size',4,NULL,'Number of pages in the index'),('CCDB','CCTS','GEN_CLUST_INDEX','2016-06-02 13:02:51','n_diff_pfx01',0,1,'DB_ROW_ID'),('CCDB','CCTS','GEN_CLUST_INDEX','2016-06-02 13:02:51','n_leaf_pages',1,NULL,'Number of leaf pages in the index'),('CCDB','CCTS','GEN_CLUST_INDEX','2016-06-02 13:02:51','size',1,NULL,'Number of pages in the index'),('CCDB','CCTSAS','GEN_CLUST_INDEX','2016-06-02 13:02:51','n_diff_pfx01',0,1,'DB_ROW_ID'),('CCDB','CCTSAS','GEN_CLUST_INDEX','2016-06-02 13:02:51','n_leaf_pages',1,NULL,'Number of leaf pages in the index'),('CCDB','CCTSAS','GEN_CLUST_INDEX','2016-06-02 13:02:51','size',1,NULL,'Number of pages in the index'),('CCDB','CCTT','GEN_CLUST_INDEX','2016-06-02 13:03:11','n_diff_pfx01',334,3,'DB_ROW_ID'),('CCDB','CCTT','GEN_CLUST_INDEX','2016-06-02 13:03:11','n_leaf_pages',3,NULL,'Number of leaf pages in the index'),('CCDB','CCTT','GEN_CLUST_INDEX','2016-06-02 13:03:11','size',4,NULL,'Number of pages in the index'),('CCDB','CCTTAB','GEN_CLUST_INDEX','2017-02-13 15:46:36','n_diff_pfx01',0,1,'DB_ROW_ID'),('CCDB','CCTTAB','GEN_CLUST_INDEX','2017-02-13 15:46:36','n_leaf_pages',1,NULL,'Number of leaf pages in the index'),('CCDB','CCTTAB','GEN_CLUST_INDEX','2017-02-13 15:46:36','size',1,NULL,'Number of pages in the index'),('CCDB','CCUS','GEN_CLUST_INDEX','2016-06-02 13:03:41','n_diff_pfx01',175,1,'DB_ROW_ID'),('CCDB','CCUS','GEN_CLUST_INDEX','2016-06-02 13:03:41','n_leaf_pages',1,NULL,'Number of leaf pages in the index'),('CCDB','CCUS','GEN_CLUST_INDEX','2016-06-02 13:03:41','size',1,NULL,'Number of pages in the index'),('CCDB','CCUSAS','GEN_CLUST_INDEX','2016-06-02 13:03:51','n_diff_pfx01',270,3,'DB_ROW_ID'),('CCDB','CCUSAS','GEN_CLUST_INDEX','2016-06-02 13:03:51','n_leaf_pages',3,NULL,'Number of leaf pages in the index'),('CCDB','CCUSAS','GEN_CLUST_INDEX','2016-06-02 13:03:51','size',4,NULL,'Number of pages in the index'),('CCDB','CCWDDN','GEN_CLUST_INDEX','2016-06-02 13:04:11','n_diff_pfx01',7,1,'DB_ROW_ID'),('CCDB','CCWDDN','GEN_CLUST_INDEX','2016-06-02 13:04:11','n_leaf_pages',1,NULL,'Number of leaf pages in the index'),('CCDB','CCWDDN','GEN_CLUST_INDEX','2016-06-02 13:04:11','size',1,NULL,'Number of pages in the index'),('CCDB','CCWFACT','GEN_CLUST_INDEX','2016-06-02 13:02:51','n_diff_pfx01',0,1,'DB_ROW_ID'),('CCDB','CCWFACT','GEN_CLUST_INDEX','2016-06-02 13:02:51','n_leaf_pages',1,NULL,'Number of leaf pages in the index'),('CCDB','CCWFACT','GEN_CLUST_INDEX','2016-06-02 13:02:51','size',1,NULL,'Number of pages in the index'),('CCDB','CCWFDEF','GEN_CLUST_INDEX','2016-06-02 13:02:51','n_diff_pfx01',0,1,'DB_ROW_ID'),('CCDB','CCWFDEF','GEN_CLUST_INDEX','2016-06-02 13:02:51','n_leaf_pages',1,NULL,'Number of leaf pages in the index'),('CCDB','CCWFDEF','GEN_CLUST_INDEX','2016-06-02 13:02:51','size',1,NULL,'Number of pages in the index'),('CCDB','CCWFDOCAS','GEN_CLUST_INDEX','2016-06-02 13:02:51','n_diff_pfx01',0,1,'DB_ROW_ID'),('CCDB','CCWFDOCAS','GEN_CLUST_INDEX','2016-06-02 13:02:51','n_leaf_pages',1,NULL,'Number of leaf pages in the index'),('CCDB','CCWFDOCAS','GEN_CLUST_INDEX','2016-06-02 13:02:51','size',1,NULL,'Number of pages in the index'),('CCDB','CCWFINST','GEN_CLUST_INDEX','2016-06-02 13:02:51','n_diff_pfx01',0,1,'DB_ROW_ID'),('CCDB','CCWFINST','GEN_CLUST_INDEX','2016-06-02 13:02:51','n_leaf_pages',1,NULL,'Number of leaf pages in the index'),('CCDB','CCWFINST','GEN_CLUST_INDEX','2016-06-02 13:02:51','size',1,NULL,'Number of pages in the index'),('CCDB','CCWFQGA','GEN_CLUST_INDEX','2016-06-02 13:02:51','n_diff_pfx01',0,1,'DB_ROW_ID'),('CCDB','CCWFQGA','GEN_CLUST_INDEX','2016-06-02 13:02:51','n_leaf_pages',1,NULL,'Number of leaf pages in the index'),('CCDB','CCWFQGA','GEN_CLUST_INDEX','2016-06-02 13:02:51','size',1,NULL,'Number of pages in the index'),('CCDB','CCWFQUE','GEN_CLUST_INDEX','2016-06-02 13:02:51','n_diff_pfx01',0,1,'DB_ROW_ID'),('CCDB','CCWFQUE','GEN_CLUST_INDEX','2016-06-02 13:02:51','n_leaf_pages',1,NULL,'Number of leaf pages in the index'),('CCDB','CCWFQUE','GEN_CLUST_INDEX','2016-06-02 13:02:51','size',1,NULL,'Number of pages in the index'),('CCDB','CCWFSTA','GEN_CLUST_INDEX','2016-06-02 13:02:51','n_diff_pfx01',0,1,'DB_ROW_ID'),('CCDB','CCWFSTA','GEN_CLUST_INDEX','2016-06-02 13:02:51','n_leaf_pages',1,NULL,'Number of leaf pages in the index'),('CCDB','CCWFSTA','GEN_CLUST_INDEX','2016-06-02 13:02:51','size',1,NULL,'Number of pages in the index'),('CCDB','CCWFSTACT','GEN_CLUST_INDEX','2016-06-02 13:02:51','n_diff_pfx01',0,1,'DB_ROW_ID'),('CCDB','CCWFSTACT','GEN_CLUST_INDEX','2016-06-02 13:02:51','n_leaf_pages',1,NULL,'Number of leaf pages in the index'),('CCDB','CCWFSTACT','GEN_CLUST_INDEX','2016-06-02 13:02:51','size',1,NULL,'Number of pages in the index'),('CCDB','CCWFSTAQUE','GEN_CLUST_INDEX','2016-06-02 13:02:51','n_diff_pfx01',0,1,'DB_ROW_ID'),('CCDB','CCWFSTAQUE','GEN_CLUST_INDEX','2016-06-02 13:02:51','n_leaf_pages',1,NULL,'Number of leaf pages in the index'),('CCDB','CCWFSTAQUE','GEN_CLUST_INDEX','2016-06-02 13:02:51','size',1,NULL,'Number of pages in the index'),('CCDB','CCWFSTATRA','GEN_CLUST_INDEX','2016-06-02 13:02:51','n_diff_pfx01',0,1,'DB_ROW_ID'),('CCDB','CCWFSTATRA','GEN_CLUST_INDEX','2016-06-02 13:02:51','n_leaf_pages',1,NULL,'Number of leaf pages in the index'),('CCDB','CCWFSTATRA','GEN_CLUST_INDEX','2016-06-02 13:02:51','size',1,NULL,'Number of pages in the index'),('CCDB','CCWP','GEN_CLUST_INDEX','2016-06-02 13:04:21','n_diff_pfx01',82,1,'DB_ROW_ID'),('CCDB','CCWP','GEN_CLUST_INDEX','2016-06-02 13:04:21','n_leaf_pages',1,NULL,'Number of leaf pages in the index'),('CCDB','CCWP','GEN_CLUST_INDEX','2016-06-02 13:04:21','size',1,NULL,'Number of pages in the index'),('CCDB','CCXFITAB','GEN_CLUST_INDEX','2016-06-02 13:04:31','n_diff_pfx01',6,1,'DB_ROW_ID'),('CCDB','CCXFITAB','GEN_CLUST_INDEX','2016-06-02 13:04:31','n_leaf_pages',1,NULL,'Number of leaf pages in the index'),('CCDB','CCXFITAB','GEN_CLUST_INDEX','2016-06-02 13:04:31','size',1,NULL,'Number of pages in the index'),('CCDB','CCXLVTAB','GEN_CLUST_INDEX','2016-06-02 13:02:51','n_diff_pfx01',0,1,'DB_ROW_ID'),('CCDB','CCXLVTAB','GEN_CLUST_INDEX','2016-06-02 13:02:51','n_leaf_pages',1,NULL,'Number of leaf pages in the index'),('CCDB','CCXLVTAB','GEN_CLUST_INDEX','2016-06-02 13:02:51','size',1,NULL,'Number of pages in the index'),('CCDB','CCZPIUELINTASKS','GEN_CLUST_INDEX','2017-01-25 15:10:26','n_diff_pfx01',68,2,'DB_ROW_ID'),('CCDB','CCZPIUELINTASKS','GEN_CLUST_INDEX','2017-01-25 15:10:26','n_leaf_pages',2,NULL,'Number of leaf pages in the index'),('CCDB','CCZPIUELINTASKS','GEN_CLUST_INDEX','2017-01-25 15:10:26','size',3,NULL,'Number of pages in the index'),('mysql','gtid_executed','PRIMARY','2016-05-11 13:52:22','n_diff_pfx01',0,1,'source_uuid'),('mysql','gtid_executed','PRIMARY','2016-05-11 13:52:22','n_diff_pfx02',0,1,'source_uuid,interval_start'),('mysql','gtid_executed','PRIMARY','2016-05-11 13:52:22','n_leaf_pages',1,NULL,'Number of leaf pages in the index'),('mysql','gtid_executed','PRIMARY','2016-05-11 13:52:22','size',1,NULL,'Number of pages in the index'),('sys','sys_config','PRIMARY','2016-05-11 13:52:23','n_diff_pfx01',2,1,'variable'),('sys','sys_config','PRIMARY','2016-05-11 13:52:23','n_leaf_pages',1,NULL,'Number of leaf pages in the index'),('sys','sys_config','PRIMARY','2016-05-11 13:52:23','size',1,NULL,'Number of pages in the index');

--
-- Table structure for table `innodb_table_stats`
--

CREATE TABLE `innodb_table_stats` (
  `database_name` varchar(64) COLLATE utf8_bin NOT NULL,
  `table_name` varchar(64) COLLATE utf8_bin NOT NULL,
  `last_update` timestamp NOT NULL DEFAULT CURRENT_TIMESTAMP ON UPDATE CURRENT_TIMESTAMP,
  `n_rows` bigint(20) unsigned NOT NULL,
  `clustered_index_size` bigint(20) unsigned NOT NULL,
  `sum_of_other_index_sizes` bigint(20) unsigned NOT NULL,
  PRIMARY KEY (`database_name`,`table_name`)
) ENGINE=InnoDB DEFAULT CHARSET=utf8 COLLATE=utf8_bin STATS_PERSISTENT=0;

--
-- Dumping data for table `innodb_table_stats`
--

INSERT INTO `innodb_table_stats` VALUES ('CCDB','BOATTRIBS','2017-01-30 14:45:29',24,1,0),('CCDB','BOBOBJS','2017-02-02 16:22:59',132,9,0),('CCDB','BOCIP','2016-06-02 13:02:45',0,1,0),('CCDB','BOCIPAS','2016-06-02 13:02:45',0,1,0),('CCDB','BOCIPCLUSTER','2016-06-02 13:02:45',0,1,0),('CCDB','BOCOE','2016-06-02 13:02:45',0,1,0),('CCDB','BOCTASK','2016-06-02 13:02:45',0,1,0),('CCDB','BOSTAGEOBJS','2017-02-01 14:32:37',57,7,0),('CCDB','CASI','2016-06-02 13:02:45',237,3,0),('CCDB','CAST','2016-06-02 13:02:45',129,3,0),('CCDB','CASU','2016-06-02 13:02:45',97,1,0),('CCDB','CASV','2016-06-02 13:02:45',95,1,0),('CCDB','CAZPSNFS','2016-06-02 13:02:45',0,1,0),('CCDB','CAZPSNPR','2016-06-02 13:02:45',179,7,0),('CCDB','CCATT','2017-03-06 12:29:40',614,4,0),('CCDB','CCCAL','2017-01-17 12:06:15',55,1,0),('CCDB','CCDCENV','2016-06-02 13:02:49',33,1,0),('CCDB','CCDCHOST','2016-06-02 13:02:50',170,1,0),('CCDB','CCDCRES','2016-06-13 12:50:50',134439,865,0),('CCDB','CCDCRESA','2017-03-08 22:57:17',32549,289,0),('CCDB','CCDCRESL','2017-03-06 09:24:32',937,10,0),('CCDB','CCDCRESLP','2016-06-02 13:02:50',24189,225,0),('CCDB','CCDOCS','2016-06-02 13:02:50',0,1,0),('CCDB','CCDSYS','2016-06-02 13:02:50',0,1,0),('CCDB','CCDWP','2016-06-02 13:02:50',358,6,0),('CCDB','CCDYSYAS','2016-06-02 13:02:50',0,1,0),('CCDB','CCELVTAB','2016-06-02 13:02:50',11,1,0),('CCDB','CCERPACCT','2017-03-03 15:53:43',0,1,0),('CCDB','CCGRP','2016-06-02 13:02:50',14,1,0),('CCDB','CCILKST','2016-06-02 13:02:50',5,1,0),('CCDB','CCILPSP','2017-02-03 18:05:37',125,4,0),('CCDB','CCILV','2017-03-13 17:53:15',1894,14,0),('CCDB','CCILVACC','2017-03-07 16:53:24',159,1,0),('CCDB','CCILVD','2017-03-08 15:33:11',748,8,0),('CCDB','CCILVMTAB','2016-06-02 13:02:50',56,1,0),('CCDB','CCILVXTAB','2016-06-02 13:02:50',11,1,0),('CCDB','CCITM','2016-06-02 13:02:51',10,1,0),('CCDB','CCMFILES','2017-02-13 16:59:29',128,3,0),('CCDB','CCMPLAPART','2016-06-02 13:02:51',35,1,0),('CCDB','CCMUSTEMP','2016-06-02 13:02:51',8,1,0),('CCDB','CCMXFER','2016-06-02 13:02:51',233,4,0),('CCDB','CCMXREL','2016-06-02 13:02:51',2,1,0),('CCDB','CCNUM','2016-06-02 13:02:51',200,1,0),('CCDB','CCOE','2016-06-02 13:02:51',34,1,0),('CCDB','CCORD','2016-06-02 13:02:51',68,4,0),('CCDB','CCPAP','2016-06-02 13:02:51',19,1,0),('CCDB','CCPLAUS','2016-06-02 13:02:51',54,1,0),('CCDB','CCPLOG','2016-11-04 08:24:40',12,1,0),('CCDB','CCPROG','2016-06-02 13:02:51',8,1,0),('CCDB','CCPROJ','2016-06-02 13:02:51',4,1,0),('CCDB','CCREQ','2016-06-02 13:02:51',0,1,0),('CCDB','CCREQAS','2016-06-02 13:02:51',0,1,0),('CCDB','CCROLE','2016-06-02 13:02:51',11,1,0),('CCDB','CCROLTAB','2016-06-02 13:02:51',22,1,0),('CCDB','CCRW','2017-03-14 17:36:46',1354,13,0),('CCDB','CCSAI','2016-06-02 13:02:51',207,4,0),('CCDB','CCSPBOX','2016-06-02 13:02:51',33,1,0),('CCDB','CCSPCAP','2016-06-02 13:02:51',68,1,0),('CCDB','CCSPRINT','2016-06-02 13:02:51',25,1,0),('CCDB','CCSYSCON','2016-06-02 13:02:51',0,1,0),('CCDB','CCSYSCONAS','2016-06-02 13:02:51',0,1,0),('CCDB','CCTASK','2017-03-13 17:42:45',175,5,0),('CCDB','CCTC','2016-06-02 13:02:51',0,1,0),('CCDB','CCTCP','2016-06-02 13:02:51',0,1,0),('CCDB','CCTISTAT','2016-06-02 13:03:01',227,4,0),('CCDB','CCTS','2016-06-02 13:02:51',0,1,0),('CCDB','CCTSAS','2016-06-02 13:02:51',0,1,0),('CCDB','CCTT','2016-06-02 13:03:11',334,4,0),('CCDB','CCTTAB','2017-02-13 15:46:36',0,1,0),('CCDB','CCUS','2016-06-02 13:03:41',175,1,0),('CCDB','CCUSAS','2016-06-02 13:03:51',270,4,0),('CCDB','CCWDDN','2016-06-02 13:04:11',7,1,0),('CCDB','CCWFACT','2016-06-02 13:02:51',0,1,0),('CCDB','CCWFDEF','2016-06-02 13:02:51',0,1,0),('CCDB','CCWFDOCAS','2016-06-02 13:02:51',0,1,0),('CCDB','CCWFINST','2016-06-02 13:02:51',0,1,0),('CCDB','CCWFQGA','2016-06-02 13:02:51',0,1,0),('CCDB','CCWFQUE','2016-06-02 13:02:51',0,1,0),('CCDB','CCWFSTA','2016-06-02 13:02:51',0,1,0),('CCDB','CCWFSTACT','2016-06-02 13:02:51',0,1,0),('CCDB','CCWFSTAQUE','2016-06-02 13:02:51',0,1,0),('CCDB','CCWFSTATRA','2016-06-02 13:02:51',0,1,0),('CCDB','CCWP','2016-06-02 13:04:21',82,1,0),('CCDB','CCXFITAB','2016-06-02 13:04:31',6,1,0),('CCDB','CCXLVTAB','2016-06-02 13:02:51',0,1,0),('CCDB','CCZPIUELINTASKS','2017-01-25 15:10:26',68,3,0),('mysql','gtid_executed','2016-05-11 13:52:22',0,1,0),('sys','sys_config','2016-05-11 13:52:23',2,1,0);

--
-- Table structure for table `ndb_binlog_index`
--

CREATE TABLE `ndb_binlog_index` (
  `Position` bigint(20) unsigned NOT NULL,
  `File` varchar(255) NOT NULL,
  `epoch` bigint(20) unsigned NOT NULL,
  `inserts` int(10) unsigned NOT NULL,
  `updates` int(10) unsigned NOT NULL,
  `deletes` int(10) unsigned NOT NULL,
  `schemaops` int(10) unsigned NOT NULL,
  `orig_server_id` int(10) unsigned NOT NULL,
  `orig_epoch` bigint(20) unsigned NOT NULL,
  `gci` int(10) unsigned NOT NULL,
  `next_position` bigint(20) unsigned NOT NULL,
  `next_file` varchar(255) NOT NULL,
  PRIMARY KEY (`epoch`,`orig_server_id`,`orig_epoch`)
) ENGINE=MyISAM DEFAULT CHARSET=latin1;

--
-- Dumping data for table `ndb_binlog_index`
--


--
-- Table structure for table `plugin`
--

CREATE TABLE `plugin` (
  `name` varchar(64) NOT NULL DEFAULT '',
  `dl` varchar(128) NOT NULL DEFAULT '',
  PRIMARY KEY (`name`)
) ENGINE=InnoDB DEFAULT CHARSET=utf8 STATS_PERSISTENT=0 COMMENT='MySQL plugins';

--
-- Dumping data for table `plugin`
--


--
-- Table structure for table `proc`
--

CREATE TABLE `proc` (
  `db` char(64) CHARACTER SET utf8 COLLATE utf8_bin NOT NULL DEFAULT '',
  `name` char(64) NOT NULL DEFAULT '',
  `type` enum('FUNCTION','PROCEDURE') NOT NULL,
  `specific_name` char(64) NOT NULL DEFAULT '',
  `language` enum('SQL') NOT NULL DEFAULT 'SQL',
  `sql_data_access` enum('CONTAINS_SQL','NO_SQL','READS_SQL_DATA','MODIFIES_SQL_DATA') NOT NULL DEFAULT 'CONTAINS_SQL',
  `is_deterministic` enum('YES','NO') NOT NULL DEFAULT 'NO',
  `security_type` enum('INVOKER','DEFINER') NOT NULL DEFAULT 'DEFINER',
  `param_list` blob NOT NULL,
  `returns` longblob NOT NULL,
  `body` longblob NOT NULL,
  `definer` char(93) CHARACTER SET utf8 COLLATE utf8_bin NOT NULL DEFAULT '',
  `created` timestamp NOT NULL DEFAULT CURRENT_TIMESTAMP ON UPDATE CURRENT_TIMESTAMP,
  `modified` timestamp NOT NULL DEFAULT '0000-00-00 00:00:00',
  `sql_mode` set('REAL_AS_FLOAT','PIPES_AS_CONCAT','ANSI_QUOTES','IGNORE_SPACE','NOT_USED','ONLY_FULL_GROUP_BY','NO_UNSIGNED_SUBTRACTION','NO_DIR_IN_CREATE','POSTGRESQL','ORACLE','MSSQL','DB2','MAXDB','NO_KEY_OPTIONS','NO_TABLE_OPTIONS','NO_FIELD_OPTIONS','MYSQL323','MYSQL40','ANSI','NO_AUTO_VALUE_ON_ZERO','NO_BACKSLASH_ESCAPES','STRICT_TRANS_TABLES','STRICT_ALL_TABLES','NO_ZERO_IN_DATE','NO_ZERO_DATE','INVALID_DATES','ERROR_FOR_DIVISION_BY_ZERO','TRADITIONAL','NO_AUTO_CREATE_USER','HIGH_NOT_PRECEDENCE','NO_ENGINE_SUBSTITUTION','PAD_CHAR_TO_FULL_LENGTH') NOT NULL DEFAULT '',
  `comment` text CHARACTER SET utf8 COLLATE utf8_bin NOT NULL,
  `character_set_client` char(32) CHARACTER SET utf8 COLLATE utf8_bin DEFAULT NULL,
  `collation_connection` char(32) CHARACTER SET utf8 COLLATE utf8_bin DEFAULT NULL,
  `db_collation` char(32) CHARACTER SET utf8 COLLATE utf8_bin DEFAULT NULL,
  `body_utf8` longblob,
  PRIMARY KEY (`db`,`name`,`type`)
) ENGINE=MyISAM DEFAULT CHARSET=utf8 COMMENT='Stored Procedures';

--
-- Dumping data for table `proc`
--


--
-- Table structure for table `procs_priv`
--

CREATE TABLE `procs_priv` (
  `Host` char(60) COLLATE utf8_bin NOT NULL DEFAULT '',
  `Db` char(64) COLLATE utf8_bin NOT NULL DEFAULT '',
  `User` char(32) COLLATE utf8_bin NOT NULL DEFAULT '',
  `Routine_name` char(64) CHARACTER SET utf8 NOT NULL DEFAULT '',
  `Routine_type` enum('FUNCTION','PROCEDURE') COLLATE utf8_bin NOT NULL,
  `Grantor` char(93) COLLATE utf8_bin NOT NULL DEFAULT '',
  `Proc_priv` set('Execute','Alter Routine','Grant') CHARACTER SET utf8 NOT NULL DEFAULT '',
  `Timestamp` timestamp NOT NULL DEFAULT CURRENT_TIMESTAMP ON UPDATE CURRENT_TIMESTAMP,
  PRIMARY KEY (`Host`,`Db`,`User`,`Routine_name`,`Routine_type`),
  KEY `Grantor` (`Grantor`)
) ENGINE=MyISAM DEFAULT CHARSET=utf8 COLLATE=utf8_bin COMMENT='Procedure privileges';

--
-- Dumping data for table `procs_priv`
--


--
-- Table structure for table `proxies_priv`
--

CREATE TABLE `proxies_priv` (
  `Host` char(60) COLLATE utf8_bin NOT NULL DEFAULT '',
  `User` char(32) COLLATE utf8_bin NOT NULL DEFAULT '',
  `Proxied_host` char(60) COLLATE utf8_bin NOT NULL DEFAULT '',
  `Proxied_user` char(32) COLLATE utf8_bin NOT NULL DEFAULT '',
  `With_grant` tinyint(1) NOT NULL DEFAULT '0',
  `Grantor` char(93) COLLATE utf8_bin NOT NULL DEFAULT '',
  `Timestamp` timestamp NOT NULL DEFAULT CURRENT_TIMESTAMP ON UPDATE CURRENT_TIMESTAMP,
  PRIMARY KEY (`Host`,`User`,`Proxied_host`,`Proxied_user`),
  KEY `Grantor` (`Grantor`)
) ENGINE=MyISAM DEFAULT CHARSET=utf8 COLLATE=utf8_bin COMMENT='User proxy privileges';

--
-- Dumping data for table `proxies_priv`
--

INSERT INTO `proxies_priv` VALUES ('localhost','root','','',1,'boot@connecting host','0000-00-00 00:00:00');

--
-- Table structure for table `server_cost`
--

CREATE TABLE `server_cost` (
  `cost_name` varchar(64) NOT NULL,
  `cost_value` float DEFAULT NULL,
  `last_update` timestamp NOT NULL DEFAULT CURRENT_TIMESTAMP ON UPDATE CURRENT_TIMESTAMP,
  `comment` varchar(1024) DEFAULT NULL,
  PRIMARY KEY (`cost_name`)
) ENGINE=InnoDB DEFAULT CHARSET=utf8 STATS_PERSISTENT=0;

--
-- Dumping data for table `server_cost`
--

INSERT INTO `server_cost` VALUES ('disk_temptable_create_cost',NULL,'2016-05-11 13:52:22',NULL),('disk_temptable_row_cost',NULL,'2016-05-11 13:52:22',NULL),('key_compare_cost',NULL,'2016-05-11 13:52:22',NULL),('memory_temptable_create_cost',NULL,'2016-05-11 13:52:22',NULL),('memory_temptable_row_cost',NULL,'2016-05-11 13:52:22',NULL),('row_evaluate_cost',NULL,'2016-05-11 13:52:22',NULL);

--
-- Table structure for table `servers`
--

CREATE TABLE `servers` (
  `Server_name` char(64) NOT NULL DEFAULT '',
  `Host` char(64) NOT NULL DEFAULT '',
  `Db` char(64) NOT NULL DEFAULT '',
  `Username` char(64) NOT NULL DEFAULT '',
  `Password` char(64) NOT NULL DEFAULT '',
  `Port` int(4) NOT NULL DEFAULT '0',
  `Socket` char(64) NOT NULL DEFAULT '',
  `Wrapper` char(64) NOT NULL DEFAULT '',
  `Owner` char(64) NOT NULL DEFAULT '',
  PRIMARY KEY (`Server_name`)
) ENGINE=InnoDB DEFAULT CHARSET=utf8 STATS_PERSISTENT=0 COMMENT='MySQL Foreign Servers table';

--
-- Dumping data for table `servers`
--


--
-- Table structure for table `slave_master_info`
--

CREATE TABLE `slave_master_info` (
  `Number_of_lines` int(10) unsigned NOT NULL COMMENT 'Number of lines in the file.',
  `Master_log_name` text CHARACTER SET utf8 COLLATE utf8_bin NOT NULL COMMENT 'The name of the master binary log currently being read from the master.',
  `Master_log_pos` bigint(20) unsigned NOT NULL COMMENT 'The master log position of the last read event.',
  `Host` char(64) CHARACTER SET utf8 COLLATE utf8_bin DEFAULT NULL COMMENT 'The host name of the master.',
  `User_name` text CHARACTER SET utf8 COLLATE utf8_bin COMMENT 'The user name used to connect to the master.',
  `User_password` text CHARACTER SET utf8 COLLATE utf8_bin COMMENT 'The password used to connect to the master.',
  `Port` int(10) unsigned NOT NULL COMMENT 'The network port used to connect to the master.',
  `Connect_retry` int(10) unsigned NOT NULL COMMENT 'The period (in seconds) that the slave will wait before trying to reconnect to the master.',
  `Enabled_ssl` tinyint(1) NOT NULL COMMENT 'Indicates whether the server supports SSL connections.',
  `Ssl_ca` text CHARACTER SET utf8 COLLATE utf8_bin COMMENT 'The file used for the Certificate Authority (CA) certificate.',
  `Ssl_capath` text CHARACTER SET utf8 COLLATE utf8_bin COMMENT 'The path to the Certificate Authority (CA) certificates.',
  `Ssl_cert` text CHARACTER SET utf8 COLLATE utf8_bin COMMENT 'The name of the SSL certificate file.',
  `Ssl_cipher` text CHARACTER SET utf8 COLLATE utf8_bin COMMENT 'The name of the cipher in use for the SSL connection.',
  `Ssl_key` text CHARACTER SET utf8 COLLATE utf8_bin COMMENT 'The name of the SSL key file.',
  `Ssl_verify_server_cert` tinyint(1) NOT NULL COMMENT 'Whether to verify the server certificate.',
  `Heartbeat` float NOT NULL,
  `Bind` text CHARACTER SET utf8 COLLATE utf8_bin COMMENT 'Displays which interface is employed when connecting to the MySQL server',
  `Ignored_server_ids` text CHARACTER SET utf8 COLLATE utf8_bin COMMENT 'The number of server IDs to be ignored, followed by the actual server IDs',
  `Uuid` text CHARACTER SET utf8 COLLATE utf8_bin COMMENT 'The master server uuid.',
  `Retry_count` bigint(20) unsigned NOT NULL COMMENT 'Number of reconnect attempts, to the master, before giving up.',
  `Ssl_crl` text CHARACTER SET utf8 COLLATE utf8_bin COMMENT 'The file used for the Certificate Revocation List (CRL)',
  `Ssl_crlpath` text CHARACTER SET utf8 COLLATE utf8_bin COMMENT 'The path used for Certificate Revocation List (CRL) files',
  `Enabled_auto_position` tinyint(1) NOT NULL COMMENT 'Indicates whether GTIDs will be used to retrieve events from the master.',
  `Channel_name` char(64) NOT NULL COMMENT 'The channel on which the slave is connected to a source. Used in Multisource Replication',
  `Tls_version` text CHARACTER SET utf8 COLLATE utf8_bin COMMENT 'Tls version',
  PRIMARY KEY (`Channel_name`)
) ENGINE=InnoDB DEFAULT CHARSET=utf8 STATS_PERSISTENT=0 COMMENT='Master Information';

--
-- Dumping data for table `slave_master_info`
--


--
-- Table structure for table `slave_relay_log_info`
--

CREATE TABLE `slave_relay_log_info` (
  `Number_of_lines` int(10) unsigned NOT NULL COMMENT 'Number of lines in the file or rows in the table. Used to version table definitions.',
  `Relay_log_name` text CHARACTER SET utf8 COLLATE utf8_bin NOT NULL COMMENT 'The name of the current relay log file.',
  `Relay_log_pos` bigint(20) unsigned NOT NULL COMMENT 'The relay log position of the last executed event.',
  `Master_log_name` text CHARACTER SET utf8 COLLATE utf8_bin NOT NULL COMMENT 'The name of the master binary log file from which the events in the relay log file were read.',
  `Master_log_pos` bigint(20) unsigned NOT NULL COMMENT 'The master log position of the last executed event.',
  `Sql_delay` int(11) NOT NULL COMMENT 'The number of seconds that the slave must lag behind the master.',
  `Number_of_workers` int(10) unsigned NOT NULL,
  `Id` int(10) unsigned NOT NULL COMMENT 'Internal Id that uniquely identifies this record.',
  `Channel_name` char(64) NOT NULL COMMENT 'The channel on which the slave is connected to a source. Used in Multisource Replication',
  PRIMARY KEY (`Channel_name`)
) ENGINE=InnoDB DEFAULT CHARSET=utf8 STATS_PERSISTENT=0 COMMENT='Relay Log Information';

--
-- Dumping data for table `slave_relay_log_info`
--


--
-- Table structure for table `slave_worker_info`
--

CREATE TABLE `slave_worker_info` (
  `Id` int(10) unsigned NOT NULL,
  `Relay_log_name` text CHARACTER SET utf8 COLLATE utf8_bin NOT NULL,
  `Relay_log_pos` bigint(20) unsigned NOT NULL,
  `Master_log_name` text CHARACTER SET utf8 COLLATE utf8_bin NOT NULL,
  `Master_log_pos` bigint(20) unsigned NOT NULL,
  `Checkpoint_relay_log_name` text CHARACTER SET utf8 COLLATE utf8_bin NOT NULL,
  `Checkpoint_relay_log_pos` bigint(20) unsigned NOT NULL,
  `Checkpoint_master_log_name` text CHARACTER SET utf8 COLLATE utf8_bin NOT NULL,
  `Checkpoint_master_log_pos` bigint(20) unsigned NOT NULL,
  `Checkpoint_seqno` int(10) unsigned NOT NULL,
  `Checkpoint_group_size` int(10) unsigned NOT NULL,
  `Checkpoint_group_bitmap` blob NOT NULL,
  `Channel_name` char(64) NOT NULL COMMENT 'The channel on which the slave is connected to a source. Used in Multisource Replication',
  PRIMARY KEY (`Channel_name`,`Id`)
) ENGINE=InnoDB DEFAULT CHARSET=utf8 STATS_PERSISTENT=0 COMMENT='Worker Information';

--
-- Dumping data for table `slave_worker_info`
--


--
-- Table structure for table `tables_priv`
--

CREATE TABLE `tables_priv` (
  `Host` char(60) COLLATE utf8_bin NOT NULL DEFAULT '',
  `Db` char(64) COLLATE utf8_bin NOT NULL DEFAULT '',
  `User` char(32) COLLATE utf8_bin NOT NULL DEFAULT '',
  `Table_name` char(64) COLLATE utf8_bin NOT NULL DEFAULT '',
  `Grantor` char(93) COLLATE utf8_bin NOT NULL DEFAULT '',
  `Timestamp` timestamp NOT NULL DEFAULT CURRENT_TIMESTAMP ON UPDATE CURRENT_TIMESTAMP,
  `Table_priv` set('Select','Insert','Update','Delete','Create','Drop','Grant','References','Index','Alter','Create View','Show view','Trigger') CHARACTER SET utf8 NOT NULL DEFAULT '',
  `Column_priv` set('Select','Insert','Update','References') CHARACTER SET utf8 NOT NULL DEFAULT '',
  PRIMARY KEY (`Host`,`Db`,`User`,`Table_name`),
  KEY `Grantor` (`Grantor`)
) ENGINE=MyISAM DEFAULT CHARSET=utf8 COLLATE=utf8_bin COMMENT='Table privileges';

--
-- Dumping data for table `tables_priv`
--

INSERT INTO `tables_priv` VALUES ('localhost','sys','mysql.sys','sys_config','root@localhost','2016-11-04 15:32:21','Select','');

--
-- Table structure for table `time_zone`
--

CREATE TABLE `time_zone` (
  `Time_zone_id` int(10) unsigned NOT NULL AUTO_INCREMENT,
  `Use_leap_seconds` enum('Y','N') NOT NULL DEFAULT 'N',
  PRIMARY KEY (`Time_zone_id`)
) ENGINE=InnoDB DEFAULT CHARSET=utf8 STATS_PERSISTENT=0 COMMENT='Time zones';

--
-- Dumping data for table `time_zone`
--


--
-- Table structure for table `time_zone_leap_second`
--

CREATE TABLE `time_zone_leap_second` (
  `Transition_time` bigint(20) NOT NULL,
  `Correction` int(11) NOT NULL,
  PRIMARY KEY (`Transition_time`)
) ENGINE=InnoDB DEFAULT CHARSET=utf8 STATS_PERSISTENT=0 COMMENT='Leap seconds information for time zones';

--
-- Dumping data for table `time_zone_leap_second`
--


--
-- Table structure for table `time_zone_name`
--

CREATE TABLE `time_zone_name` (
  `Name` char(64) NOT NULL,
  `Time_zone_id` int(10) unsigned NOT NULL,
  PRIMARY KEY (`Name`)
) ENGINE=InnoDB DEFAULT CHARSET=utf8 STATS_PERSISTENT=0 COMMENT='Time zone names';

--
-- Dumping data for table `time_zone_name`
--


--
-- Table structure for table `time_zone_transition`
--

CREATE TABLE `time_zone_transition` (
  `Time_zone_id` int(10) unsigned NOT NULL,
  `Transition_time` bigint(20) NOT NULL,
  `Transition_type_id` int(10) unsigned NOT NULL,
  PRIMARY KEY (`Time_zone_id`,`Transition_time`)
) ENGINE=InnoDB DEFAULT CHARSET=utf8 STATS_PERSISTENT=0 COMMENT='Time zone transitions';

--
-- Dumping data for table `time_zone_transition`
--


--
-- Table structure for table `time_zone_transition_type`
--

CREATE TABLE `time_zone_transition_type` (
  `Time_zone_id` int(10) unsigned NOT NULL,
  `Transition_type_id` int(10) unsigned NOT NULL,
  `Offset` int(11) NOT NULL DEFAULT '0',
  `Is_DST` tinyint(3) unsigned NOT NULL DEFAULT '0',
  `Abbreviation` char(8) NOT NULL DEFAULT '',
  PRIMARY KEY (`Time_zone_id`,`Transition_type_id`)
) ENGINE=InnoDB DEFAULT CHARSET=utf8 STATS_PERSISTENT=0 COMMENT='Time zone transition types';

--
-- Dumping data for table `time_zone_transition_type`
--


--
-- Table structure for table `user`
--

CREATE TABLE `user` (
  `Host` char(60) COLLATE utf8_bin NOT NULL DEFAULT '',
  `User` char(32) COLLATE utf8_bin NOT NULL DEFAULT '',
  `Select_priv` enum('N','Y') CHARACTER SET utf8 NOT NULL DEFAULT 'N',
  `Insert_priv` enum('N','Y') CHARACTER SET utf8 NOT NULL DEFAULT 'N',
  `Update_priv` enum('N','Y') CHARACTER SET utf8 NOT NULL DEFAULT 'N',
  `Delete_priv` enum('N','Y') CHARACTER SET utf8 NOT NULL DEFAULT 'N',
  `Create_priv` enum('N','Y') CHARACTER SET utf8 NOT NULL DEFAULT 'N',
  `Drop_priv` enum('N','Y') CHARACTER SET utf8 NOT NULL DEFAULT 'N',
  `Reload_priv` enum('N','Y') CHARACTER SET utf8 NOT NULL DEFAULT 'N',
  `Shutdown_priv` enum('N','Y') CHARACTER SET utf8 NOT NULL DEFAULT 'N',
  `Process_priv` enum('N','Y') CHARACTER SET utf8 NOT NULL DEFAULT 'N',
  `File_priv` enum('N','Y') CHARACTER SET utf8 NOT NULL DEFAULT 'N',
  `Grant_priv` enum('N','Y') CHARACTER SET utf8 NOT NULL DEFAULT 'N',
  `References_priv` enum('N','Y') CHARACTER SET utf8 NOT NULL DEFAULT 'N',
  `Index_priv` enum('N','Y') CHARACTER SET utf8 NOT NULL DEFAULT 'N',
  `Alter_priv` enum('N','Y') CHARACTER SET utf8 NOT NULL DEFAULT 'N',
  `Show_db_priv` enum('N','Y') CHARACTER SET utf8 NOT NULL DEFAULT 'N',
  `Super_priv` enum('N','Y') CHARACTER SET utf8 NOT NULL DEFAULT 'N',
  `Create_tmp_table_priv` enum('N','Y') CHARACTER SET utf8 NOT NULL DEFAULT 'N',
  `Lock_tables_priv` enum('N','Y') CHARACTER SET utf8 NOT NULL DEFAULT 'N',
  `Execute_priv` enum('N','Y') CHARACTER SET utf8 NOT NULL DEFAULT 'N',
  `Repl_slave_priv` enum('N','Y') CHARACTER SET utf8 NOT NULL DEFAULT 'N',
  `Repl_client_priv` enum('N','Y') CHARACTER SET utf8 NOT NULL DEFAULT 'N',
  `Create_view_priv` enum('N','Y') CHARACTER SET utf8 NOT NULL DEFAULT 'N',
  `Show_view_priv` enum('N','Y') CHARACTER SET utf8 NOT NULL DEFAULT 'N',
  `Create_routine_priv` enum('N','Y') CHARACTER SET utf8 NOT NULL DEFAULT 'N',
  `Alter_routine_priv` enum('N','Y') CHARACTER SET utf8 NOT NULL DEFAULT 'N',
  `Create_user_priv` enum('N','Y') CHARACTER SET utf8 NOT NULL DEFAULT 'N',
  `Event_priv` enum('N','Y') CHARACTER SET utf8 NOT NULL DEFAULT 'N',
  `Trigger_priv` enum('N','Y') CHARACTER SET utf8 NOT NULL DEFAULT 'N',
  `Create_tablespace_priv` enum('N','Y') CHARACTER SET utf8 NOT NULL DEFAULT 'N',
  `ssl_type` enum('','ANY','X509','SPECIFIED') CHARACTER SET utf8 NOT NULL DEFAULT '',
  `ssl_cipher` blob NOT NULL,
  `x509_issuer` blob NOT NULL,
  `x509_subject` blob NOT NULL,
  `max_questions` int(11) unsigned NOT NULL DEFAULT '0',
  `max_updates` int(11) unsigned NOT NULL DEFAULT '0',
  `max_connections` int(11) unsigned NOT NULL DEFAULT '0',
  `max_user_connections` int(11) unsigned NOT NULL DEFAULT '0',
  `plugin` char(64) COLLATE utf8_bin NOT NULL DEFAULT 'mysql_native_password',
  `authentication_string` text COLLATE utf8_bin,
  `password_expired` enum('N','Y') CHARACTER SET utf8 NOT NULL DEFAULT 'N',
  `password_last_changed` timestamp NULL DEFAULT NULL,
  `password_lifetime` smallint(5) unsigned DEFAULT NULL,
  `account_locked` enum('N','Y') CHARACTER SET utf8 NOT NULL DEFAULT 'N',
  PRIMARY KEY (`Host`,`User`)
) ENGINE=MyISAM DEFAULT CHARSET=utf8 COLLATE=utf8_bin COMMENT='Users and global privileges';

--
-- Dumping data for table `user`
--

INSERT INTO `user` VALUES ('localhost','root','Y','Y','Y','Y','Y','Y','Y','Y','Y','Y','Y','Y','Y','Y','Y','Y','Y','Y','Y','Y','Y','Y','Y','Y','Y','Y','Y','Y','Y','','','','',0,0,0,0,'mysql_native_password','*54FA2C4C142B3E26EF8039547B3949D63757DE41','N','2016-05-11 13:52:23',NULL,'N'),('localhost','mysql.sys','N','N','N','N','N','N','N','N','N','N','N','N','N','N','N','N','N','N','N','N','N','N','N','N','N','N','N','N','N','','','','',0,0,0,0,'mysql_native_password','*THISISNOTAVALIDPASSWORDTHATCANBEUSEDHERE','N','2016-11-04 15:32:21',NULL,'Y'),('localhost','debian-sys-maint','Y','Y','Y','Y','Y','Y','Y','Y','Y','Y','Y','Y','Y','Y','Y','Y','Y','Y','Y','Y','Y','Y','Y','Y','Y','Y','Y','Y','Y','','','','',0,0,0,0,'mysql_native_password','*F5E26CC124F9F2F45DB70DA0CC33777B9862398D','N','2016-05-11 13:52:23',NULL,'N'),('%','root@10.0.2.2','Y','Y','Y','Y','Y','Y','Y','Y','Y','Y','N','Y','Y','Y','Y','Y','Y','Y','Y','Y','Y','Y','Y','Y','Y','Y','Y','Y','Y','','','','',0,0,0,0,'mysql_native_password','*54FA2C4C142B3E26EF8039547B3949D63757DE41','N','2016-06-03 10:17:04',NULL,'N'),('10.0.2.2','root','Y','Y','Y','Y','Y','Y','Y','Y','Y','Y','N','Y','Y','Y','Y','Y','Y','Y','Y','Y','Y','Y','Y','Y','Y','Y','Y','Y','Y','','','','',0,0,0,0,'mysql_native_password','*54FA2C4C142B3E26EF8039547B3949D63757DE41','N','2016-06-03 10:22:55',NULL,'N');

--
-- Table structure for table `general_log`
--

CREATE TABLE IF NOT EXISTS `general_log` (
  `event_time` timestamp(6) NOT NULL DEFAULT CURRENT_TIMESTAMP(6) ON UPDATE CURRENT_TIMESTAMP(6),
  `user_host` mediumtext NOT NULL,
  `thread_id` bigint(21) unsigned NOT NULL,
  `server_id` int(10) unsigned NOT NULL,
  `command_type` varchar(64) NOT NULL,
  `argument` mediumblob NOT NULL
) ENGINE=CSV DEFAULT CHARSET=utf8 COMMENT='General log';

--
-- Table structure for table `slow_log`
--

CREATE TABLE IF NOT EXISTS `slow_log` (
  `start_time` timestamp(6) NOT NULL DEFAULT CURRENT_TIMESTAMP(6) ON UPDATE CURRENT_TIMESTAMP(6),
  `user_host` mediumtext NOT NULL,
  `query_time` time(6) NOT NULL,
  `lock_time` time(6) NOT NULL,
  `rows_sent` int(11) NOT NULL,
  `rows_examined` int(11) NOT NULL,
  `db` varchar(512) NOT NULL,
  `last_insert_id` int(11) NOT NULL,
  `insert_id` int(11) NOT NULL,
  `server_id` int(10) unsigned NOT NULL,
  `sql_text` mediumblob NOT NULL,
  `thread_id` bigint(21) unsigned NOT NULL
) ENGINE=CSV DEFAULT CHARSET=utf8 COMMENT='Slow log';

--
-- Current Database: `CCDB`
--

USE `CCDB`;

--
-- Final view structure for view `BOISLEAF`
--

/*!50001 DROP VIEW IF EXISTS `BOISLEAF`*/;
/*!50001 CREATE ALGORITHM=UNDEFINED */
/*!50013 DEFINER=`root`@`10.0.2.2` SQL SECURITY DEFINER */
/*!50001 VIEW `BOISLEAF` AS select `bo`.`BOID` AS `BOID`,`bot`.`BOID` AS `TYPID`,`bota`.`BOATTNVAL` AS `ISLEAF` from ((`BOBOBJS` `bo` left join `BOBOBJS` `bot` on((`bot`.`BOID` = `bo`.`BOTYPEID`))) left join `BOATTRIBS` `bota` on(((`bota`.`BOATTBOID` = `bot`.`BOID`) and (`bota`.`BOATTNAME` = 'IS_LEAF')))) */;

--
-- Final view structure for view `BOVOBJS`
--

/*!50001 DROP VIEW IF EXISTS `BOVOBJS`*/;
/*!50001 CREATE ALGORITHM=UNDEFINED */
/*!50013 DEFINER=`root`@`10.0.2.2` SQL SECURITY DEFINER */
/*!50001 VIEW `BOVOBJS` AS select `bo`.`BOID` AS `BOID`,`bo`.`BONAME` AS `BONAME`,`bo`.`BODESC` AS `BODESC`,`bo`.`PARBOID` AS `PARBOID`,`bo`.`BOMTYP` AS `BOMTYP`,`bo`.`BOTYPEID` AS `BOTYPEID`,`bot`.`BONAME` AS `TYPENAME`,`bot`.`BODESC` AS `TYPEDESC`,(case `botaisleaf`.`BOATTNVAL` when 1 then 'TRUE' else 'FALSE' end) AS `TYPISLEAF`,`boa`.`BOATTID` AS `ATTID`,`boa`.`BOATTNAME` AS `ATTNAME`,`boa`.`BOATYPID` AS `ATTYPID`,`boa`.`BOATTDESC` AS `ATTDESC`,`boa`.`BOATTLINK` AS `ATTLINK`,`boa`.`BOATTSVAL` AS `ATTSVAL`,`boa`.`BOATTNVAL` AS `ATTNVAL`,`boa`.`BOATTBVAL` AS `ATTBVAL`,`boa`.`BOATTJVAL` AS `ATTJVAL`,`bota`.`BOATTID` AS `TYPATTID`,`bota`.`BOATTNAME` AS `TYPATTNAME`,`bota`.`BOATYPID` AS `TYPATTYPID`,`bota`.`BOATTDESC` AS `TYPATTDESC` from ((((`BOBOBJS` `bo` left join `BOBOBJS` `bot` on((`bot`.`BOID` = `bo`.`BOTYPEID`))) left join `BOATTRIBS` `boa` on((`boa`.`BOATTBOID` = `bo`.`BOID`))) left join `BOATTRIBS` `bota` on((`bota`.`BOATTBOID` = `bot`.`BOID`))) left join `BOATTRIBS` `botaisleaf` on(((`bota`.`BOATTBOID` = `bot`.`BOID`) and (`bota`.`BOATTNAME` = 'IS_LEAF')))) order by `bo`.`BOID` */;

--
-- Final view structure for view `CCILVRANGE`
--

/*!50001 DROP VIEW IF EXISTS `CCILVRANGE`*/;
/*!50001 CREATE ALGORITHM=UNDEFINED */
/*!50013 DEFINER=`root`@`10.0.2.2` SQL SECURITY DEFINER */
/*!50001 VIEW `CCILVRANGE` AS select min(((`mp`.`jahr` * 100) + `mp`.`monat`)) AS `minmonat`,max(((`mp`.`jahr` * 100) + `mp`.`monat`)) AS `maxmonat`,count(distinct ((`mp`.`jahr` * 100) + `mp`.`monat`)) AS `MONATANZ` from `CCVILVMP` `mp` */;

--
-- Final view structure for view `CCVATTINFO`
--

/*!50001 DROP VIEW IF EXISTS `CCVATTINFO`*/;
/*!50001 CREATE ALGORITHM=UNDEFINED */
/*!50013 DEFINER=`root`@`10.0.2.2` SQL SECURITY DEFINER */
/*!50001 VIEW `CCVATTINFO` AS select `aat`.`RWNAME` AS `ARCHETYPE`,`aat`.`RWVALUE` AS `ARCHETYPE_NAME`,`aat`.`RWDESC` AS `ARCHETYPE_DESC`,`att`.`RWNAME` AS `ATTRIBUTE`,`att`.`RWVALUE` AS `ATTRIBUTE_NAME`,`att`.`RWDESC` AS `ATTRIBUTE_DESC` from (`CCRW` `aat` left join `CCRW` `att` on((`att`.`RWPARENT` = `aat`.`RWNAME`))) where (`aat`.`RWTYP` = 'AATYP') */;

--
-- Final view structure for view `CCVBUDGET`
--

/*!50001 DROP VIEW IF EXISTS `CCVBUDGET`*/;
/*!50001 CREATE ALGORITHM=UNDEFINED */
/*!50013 DEFINER=`root`@`10.0.2.2` SQL SECURITY DEFINER */
/*!50001 VIEW `CCVBUDGET` AS select `psp`.`JAHR` AS `JAHR`,'ZPV 4.0' AS `TEILPROJEKT`,sum(`psp`.`PLANPT`) AS `PLANPT`,sum(`psp`.`PLANKOSTEN`) AS `PLANKOSTEN` from (`CCVJAHR` `jahr` left join `CCILPSP` `psp` on(((`psp`.`JAHR` = `jahr`.`JAHR`) and (substr(`psp`.`PSP`,-(3),3) between 300 and 499)))) where (`psp`.`JAHR` is not null) group by `psp`.`JAHR` union select `psp`.`JAHR` AS `JAHR`,'JAP' AS `TEILPROJEKT`,sum(`psp`.`PLANPT`) AS `PLANPT`,sum(`psp`.`PLANKOSTEN`) AS `PLANKOSTEN` from (`CCVJAHR` `jahr` left join `CCILPSP` `psp` on(((`psp`.`JAHR` = `jahr`.`JAHR`) and (substr(`psp`.`PSP`,-(3),3) not between 300 and 499)))) where (`psp`.`JAHR` is not null) group by `psp`.`JAHR` union select `psp`.`JAHR` AS `JAHR`,'TOTAL' AS `TEILPROJEKT`,sum(`psp`.`PLANPT`) AS `PLANPT`,sum(`psp`.`PLANKOSTEN`) AS `PLANKOSTEN` from (`CCVJAHR` `jahr` left join `CCILPSP` `psp` on((`psp`.`JAHR` = `jahr`.`JAHR`))) where (`psp`.`JAHR` is not null) group by `psp`.`JAHR` */;

--
-- Final view structure for view `CCVCAL`
--

/*!50001 DROP VIEW IF EXISTS `CCVCAL`*/;
/*!50001 CREATE ALGORITHM=UNDEFINED */
/*!50013 DEFINER=`root`@`10.0.2.2` SQL SECURITY DEFINER */
/*!50001 VIEW `CCVCAL` AS select `cal`.`JAHR` AS `JAHR`,`cal`.`MONAT` AS `MONAT`,str_to_date(concat(`cal`.`JAHR`,'-',`cal`.`MONAT`,'-01'),'%Y-%m-%d') AS `MONATSANFANG`,last_day(str_to_date(concat(`cal`.`JAHR`,'-',`cal`.`MONAT`,'-01'),'%Y-%m-%d')) AS `MONATSENDE`,date_format(last_day(str_to_date(concat(`cal`.`JAHR`,'-',`cal`.`MONAT`,'-01'),'%Y-%m-%d')),'%d') AS `TAGEIMMONAT` from `CCCAL` `cal` */;

--
-- Final view structure for view `CCVCASTWIKI`
--

/*!50001 DROP VIEW IF EXISTS `CCVCASTWIKI`*/;
/*!50001 CREATE ALGORITHM=UNDEFINED */
/*!50013 DEFINER=`root`@`10.0.2.2` SQL SECURITY DEFINER */
/*!50001 VIEW `CCVCASTWIKI` AS select `st`.`SYSTYPKURZ` AS `SYSTYPKURZ`,`st`.`SYSTYPNAME` AS `SYSTYPNAME`,`st`.`SYSTYP` AS `SYSTYP`,(case when isnull(`st`.`SYSTYPWIKIPAGE`) then '' else ('[[' or `st`.`SYSTYPWIKIPAGE` or ']]') end) AS `SYSTYPWIKIPAGE`,(case when isnull(`st`.`ITMAPURL`) then '' else ('[' or `st`.`ITMAPURL` or ' ' or `st`.`SYSTYPKURZ` or ']') end) AS `ITMAPURL`,`st`.`SOURCE` AS `SOURCE`,`st`.`UK` AS `UK`,`st`.`REMARK` AS `REMARK` from `CAST` `st` */;

--
-- Final view structure for view `CCVCNT1K`
--

/*!50001 DROP VIEW IF EXISTS `CCVCNT1K`*/;
/*!50001 CREATE ALGORITHM=UNDEFINED */
/*!50013 DEFINER=`root`@`10.0.2.2` SQL SECURITY DEFINER */
/*!50001 VIEW `CCVCNT1K` AS select (((`n2`.`C` * 100) + (`n1`.`C` * 10)) + `n0`.`C`) AS `CNT` from ((`CCVDECCNT` `n0` left join `CCVDECCNT` `n1` on((1 = 1))) left join `CCVDECCNT` `n2` on((1 = 1))) order by (((`n2`.`C` * 100) + (`n1`.`C` * 10)) + `n0`.`C`) */;

--
-- Final view structure for view `CCVDBQUERIES`
--

/*!50001 DROP VIEW IF EXISTS `CCVDBQUERIES`*/;
/*!50001 CREATE ALGORITHM=UNDEFINED */
/*!50013 DEFINER=`root`@`10.0.2.2` SQL SECURITY DEFINER */
/*!50001 VIEW `CCVDBQUERIES` AS select `qt`.`RWNAME` AS `ABFRAGENAME`,`qg`.`RWVALUE` AS `GRUPPE`,`gi`.`RWVALUE` AS `GRUPPENTITEL`,`gi`.`RWDESC` AS `GRUPPENBESCHREIBUNG`,`qp`.`RWTYP` AS `RWTYP`,`qp`.`RWPARENT` AS `RWPARENT`,`qp`.`RWNAME` AS `RWNAME`,`qp`.`RWVALUE` AS `RWVALUE`,`qp`.`RWDESC` AS `RWDESC` from (((`CCRW` `qt` left join `CCRW` `qp` on((((`qp`.`RWTYP` = 'DQUERYPARAM') and (`qp`.`RWPARENT` = `qt`.`RWNAME`)) or ((`qp`.`RWTYP` = 'DQUERY') and (`qp`.`RWPARENT` = 'QUERIES') and (`qp`.`RWNAME` = `qt`.`RWNAME`))))) left join `CCRW` `qg` on(((`qg`.`RWTYP` = 'DQUERYPARAM') and (`qg`.`RWPARENT` = `qt`.`RWNAME`) and (`qg`.`RWNAME` = 'group')))) left join `CCRW` `gi` on(((`gi`.`RWTYP` = 'QUERYGROUP') and (`gi`.`RWPARENT` = 'QUERYGROUPS') and (`gi`.`RWNAME` = `qg`.`RWVALUE`)))) where ((`qt`.`RWTYP` = 'DQUERY') and (`qt`.`RWPARENT` = 'QUERIES')) */;

--
-- Final view structure for view `CCVDCLOADSIZES`
--

/*!50001 DROP VIEW IF EXISTS `CCVDCLOADSIZES`*/;
/*!50001 CREATE ALGORITHM=UNDEFINED */
/*!50013 DEFINER=`root`@`10.0.2.2` SQL SECURITY DEFINER */
/*!50001 VIEW `CCVDCLOADSIZES` AS select `d`.`JAHR` AS `JAHR`,`d`.`KW` AS `KW`,`d`.`LOADNAME` AS `LOADNAME`,count(0) AS `LOADSIZE` from `CCDCRESA` `d` group by `d`.`JAHR`,`d`.`KW`,`d`.`LOADNAME` */;

--
-- Final view structure for view `CCVDCRESA`
--

/*!50001 DROP VIEW IF EXISTS `CCVDCRESA`*/;
/*!50001 CREATE ALGORITHM=UNDEFINED */
/*!50013 DEFINER=`root`@`10.0.2.2` SQL SECURITY DEFINER */
/*!50001 VIEW `CCVDCRESA` AS select `resr`.`LOADNAME` AS `LOADNAME`,`resr`.`JAHR` AS `JAHR`,`resr`.`KW` AS `KW`,`resr`.`NODE` AS `NODE`,`resr`.`RESTYPE` AS `RESTYPE`,`resr`.`AMOUNT` AS `AMOUNT`,`resr`.`RZ_NODE_NAME` AS `RZ_NODE_NAME`,`resr`.`ENV` AS `ENV`,`resr`.`MAX_LOADNAME` AS `MAX_LOADNAME` from `CCVDCRESR` `resr` where (`resr`.`LOADNAME` = `resr`.`MAX_LOADNAME`) */;

--
-- Final view structure for view `CCVDCRESM`
--

/*!50001 DROP VIEW IF EXISTS `CCVDCRESM`*/;
/*!50001 CREATE ALGORITHM=UNDEFINED */
/*!50013 DEFINER=`root`@`10.0.2.2` SQL SECURITY DEFINER */
/*!50001 VIEW `CCVDCRESM` AS select `rcal`.`JAHR` AS `JAHR`,`rcal`.`MONAT` AS `MONAT`,`resa`.`ENV` AS `ENV`,`resa`.`RESTYPE` AS `RESTYPE`,sum((case when (`resa`.`KW` = `rcal`.`ERSTEWOCHE`) then (`resa`.`AMOUNT` * (`rcal`.`TAGEINERSTERWOCHE` / 7)) when (`resa`.`KW` = `rcal`.`LETZTEWOCHE`) then (`resa`.`AMOUNT` * (`rcal`.`TAGEINLETZTERWOCHE` / 7)) else `resa`.`AMOUNT` end)) AS `AMOUNT` from (`CCVRCAL` `rcal` left join `CCDCRESA` `resa` on(((`resa`.`JAHR` = `rcal`.`JAHR`) and (`resa`.`KW` >= `rcal`.`ERSTEWOCHE`) and (`resa`.`KW` <= `rcal`.`LETZTEWOCHE`)))) group by `rcal`.`JAHR`,`rcal`.`MONAT`,`resa`.`ENV`,`resa`.`RESTYPE` order by `rcal`.`JAHR`,`rcal`.`MONAT`,`resa`.`ENV`,`resa`.`RESTYPE` */;

--
-- Final view structure for view `CCVDCRESR`
--

/*!50001 DROP VIEW IF EXISTS `CCVDCRESR`*/;
/*!50001 CREATE ALGORITHM=UNDEFINED */
/*!50013 DEFINER=`root`@`10.0.2.2` SQL SECURITY DEFINER */
/*!50001 VIEW `CCVDCRESR` AS select `res`.`LOADNAME` AS `LOADNAME`,`res`.`JAHR` AS `JAHR`,`res`.`KW` AS `KW`,`res`.`NODE` AS `NODE`,`res`.`RESTYPE` AS `RESTYPE`,`res`.`AMOUNT` AS `AMOUNT`,`res`.`RZ_NODE_NAME` AS `RZ_NODE_NAME`,`h`.`ENV` AS `ENV`,(select max(`r`.`LOADNAME`) from `CCDCRES` `r` where ((`r`.`JAHR` = `res`.`JAHR`) and (`r`.`KW` = `res`.`KW`) and (`r`.`NODE` = `res`.`NODE`) and (`r`.`RESTYPE` = `res`.`RESTYPE`))) AS `MAX_LOADNAME` from (`CCDCRES` `res` left join `CCDCHOST` `h` on((`h`.`HOST` = `res`.`RZ_NODE_NAME`))) order by `res`.`JAHR`,`res`.`KW`,`res`.`NODE`,`res`.`RESTYPE` */;

--
-- Final view structure for view `CCVDCRLOADSIZES`
--

/*!50001 DROP VIEW IF EXISTS `CCVDCRLOADSIZES`*/;
/*!50001 CREATE ALGORITHM=UNDEFINED */
/*!50013 DEFINER=`root`@`10.0.2.2` SQL SECURITY DEFINER */
/*!50001 VIEW `CCVDCRLOADSIZES` AS select `d`.`JAHR` AS `JAHR`,`d`.`KW` AS `KW`,`d`.`LOADNAME` AS `LOADNAME`,count(0) AS `LOADSIZE` from `CCDCRES` `d` group by `d`.`JAHR`,`d`.`KW`,`d`.`LOADNAME` */;

--
-- Final view structure for view `CCVDCRTYP`
--

/*!50001 DROP VIEW IF EXISTS `CCVDCRTYP`*/;
/*!50001 CREATE ALGORITHM=UNDEFINED */
/*!50013 DEFINER=`root`@`10.0.2.2` SQL SECURITY DEFINER */
/*!50001 VIEW `CCVDCRTYP` AS select `rw`.`RWNAME` AS `RESTYPE`,`rw`.`RWVALUE` AS `RESNAME`,`rw`.`RWDESC` AS `RESDESC` from `CCRW` `rw` where ((`rw`.`RWTYP` = 'DCRTYP') and (`rw`.`RWPARENT` = 'DCR')) */;

--
-- Final view structure for view `CCVDECCNT`
--

/*!50001 DROP VIEW IF EXISTS `CCVDECCNT`*/;
/*!50001 CREATE ALGORITHM=UNDEFINED */
/*!50013 DEFINER=`root`@`10.0.2.2` SQL SECURITY DEFINER */
/*!50001 VIEW `CCVDECCNT` AS select 0 AS `C` union all select 1 AS `C` union all select 2 AS `C` union all select 3 AS `C` union all select 4 AS `C` union all select 5 AS `C` union all select 6 AS `C` union all select 7 AS `C` union all select 8 AS `C` union all select 9 AS `C` */;

--
-- Final view structure for view `CCVGRPLIST`
--

/*!50001 DROP VIEW IF EXISTS `CCVGRPLIST`*/;
/*!50001 CREATE ALGORITHM=UNDEFINED */
/*!50013 DEFINER=`root`@`10.0.2.2` SQL SECURITY DEFINER */
/*!50001 VIEW `CCVGRPLIST` AS select `grp`.`GRPID` AS `GRPID`,`ua`.`USKURZZ` AS `USKURZZ`,`us`.`USVORNAME` AS `VORNAME`,`us`.`USFAMILIENNAME` AS `FAMILIENNAME`,`ua`.`ROLE` AS `ROLE`,`ua`.`OE` AS `OE`,`eml`.`ATTVALUE` AS `EMAIL` from (((`CCGRP` `grp` left join `CCUSAS` `ua` on((`ua`.`GRP` = `grp`.`GRPID`))) left join `CCUS` `us` on((`ua`.`USKURZZ` = `us`.`USKURZZ`))) left join `CCATT` `eml` on(((`eml`.`ATTPARKURZ` = `us`.`USKURZZ`) and (`eml`.`ATTPARTYPE` = 'CCUS') and (`eml`.`ATTARCHTYP` = 'USEMAIL') and (`eml`.`ATTNAME` = 'EMAIL')))) order by `grp`.`GRPID`,`ua`.`OE`,`ua`.`ROLE`,`us`.`USFAMILIENNAME` */;

--
-- Final view structure for view `CCVILGKFACT`
--

/*!50001 DROP VIEW IF EXISTS `CCVILGKFACT`*/;
/*!50001 CREATE ALGORITHM=UNDEFINED */
/*!50013 DEFINER=`root`@`10.0.2.2` SQL SECURITY DEFINER */
/*!50001 VIEW `CCVILGKFACT` AS select `cal`.`JAHR` AS `JAHR`,`cal`.`MONAT` AS `MONAT`,`psp`.`PSP` AS `PSP`,(0 + ((case when (`rwm`.`RWVALUE` is not null) then `rwm`.`RWVALUE` when (`rwy`.`RWVALUE` is not null) then `rwy`.`RWVALUE` when (`rwd`.`RWVALUE` is not null) then `rwd`.`RWVALUE` else '1.075' end) * (0 + (case when isnull(`psp`.`PSP`) then '1' when (`rwpm`.`RWVALUE` is not null) then `rwpm`.`RWVALUE` when (`rwp`.`RWVALUE` is not null) then `rwp`.`RWVALUE` else '1' end)))) AS `GKFAKT` from ((((((`CCCAL` `cal` left join `CCILPSP` `psp` on((`psp`.`JAHR` = `cal`.`JAHR`))) left join `CCRW` `rwp` on(((`rwp`.`RWTYP` = 'EVFACT') and (convert(`rwp`.`RWNAME` using utf8) = `psp`.`PSP`)))) left join `CCRW` `rwpm` on(((`rwpm`.`RWTYP` = 'EVFACT') and (convert(`rwpm`.`RWNAME` using utf8) = concat(`psp`.`PSP`,'_',convert(substr(concat('00',`cal`.`MONAT`),-(2),2) using utf8)))))) left join `CCRW` `rwy` on(((`rwy`.`RWTYP` = 'GKFACT') and (convert(`rwy`.`RWNAME` using utf8) = convert(concat('GKF',`cal`.`JAHR`) using utf8))))) left join `CCRW` `rwm` on(((`rwm`.`RWTYP` = 'GKFACT') and (convert(`rwm`.`RWNAME` using utf8) = convert(concat('GKF',`cal`.`JAHR`,substr(concat('00',`cal`.`MONAT`),-(2),2)) using utf8))))) left join `CCRW` `rwd` on(((`rwd`.`RWTYP` = 'GKFACT') and (`rwd`.`RWNAME` = 'GKF')))) */;

--
-- Final view structure for view `CCVILRATE`
--

/*!50001 DROP VIEW IF EXISTS `CCVILRATE`*/;
/*!50001 CREATE ALGORITHM=UNDEFINED */
/*!50013 DEFINER=`root`@`10.0.2.2` SQL SECURITY DEFINER */
/*!50001 VIEW `CCVILRATE` AS select `cal`.`JAHR` AS `JAHR`,`cal`.`MONAT` AS `MONAT`,`cu`.`USKURZZ` AS `USKURZZ`,`tkum`.`ATTVALUE` AS `TKUMTK`,`tkuj`.`ATTVALUE` AS `TKUJTK`,`tkug`.`ATTVALUE` AS `TKUGTK`,`tkm`.`RWVALUE` AS `TKMTK`,`tkj`.`RWVALUE` AS `TKJTK`,`tkg`.`RWVALUE` AS `TKGTK`,(case when (`tkum`.`ATTVALUE` is not null) then `tkum`.`ATTVALUE` else (case when (`tkuj`.`ATTVALUE` is not null) then `tkuj`.`ATTVALUE` else (case when (`tkug`.`ATTVALUE` is not null) then `tkug`.`ATTVALUE` else convert((case when (`tkm`.`RWVALUE` is not null) then `tkm`.`RWVALUE` else (case when (`tkj`.`RWVALUE` is not null) then `tkj`.`RWVALUE` else `tkg`.`RWVALUE` end) end) using utf8) end) end) end) AS `TARKLASS`,((case when (`ram`.`RWVALUE` is not null) then `ram`.`RWVALUE` else (case when (`raj`.`RWVALUE` is not null) then `raj`.`RWVALUE` else `rag`.`RWVALUE` end) end) * 1.0) AS `RATE` from ((((((((((`CCCAL` `cal` left join `CCUS` `cu` on((1 = 1))) left join `CCVUILRATE` `tkum` on(((`tkum`.`USKURZZ` = `cu`.`USKURZZ`) and (`tkum`.`ATTNAME` = convert(concat('TARKLASS',substr(concat('0000',`cal`.`JAHR`),-(4),4),substr(concat('00',`cal`.`MONAT`),-(2),2)) using utf8))))) left join `CCVUILRATE` `tkuj` on(((`tkuj`.`USKURZZ` = `cu`.`USKURZZ`) and (`tkuj`.`ATTNAME` = convert(concat('TARKLASS',substr(concat('0000',`cal`.`JAHR`),-(4),4)) using utf8))))) left join `CCVUILRATE` `tkug` on(((`tkug`.`USKURZZ` = `cu`.`USKURZZ`) and (`tkug`.`ATTNAME` = 'TARKLASS')))) left join `CCRW` `tkm` on(((`tkm`.`RWTYP` = 'TKU') and (convert(`tkm`.`RWNAME` using utf8) = concat(`cu`.`USKURZZ`,convert(substr(concat('0000',`cal`.`JAHR`),-(4),4) using utf8),convert(substr(concat('00',`cal`.`MONAT`),-(2),2) using utf8)))))) left join `CCRW` `tkj` on(((`tkj`.`RWTYP` = 'TKU') and (convert(`tkj`.`RWNAME` using utf8) = concat(`cu`.`USKURZZ`,convert(substr(concat('0000',`cal`.`JAHR`),-(4),4) using utf8)))))) left join `CCRW` `tkg` on(((`tkg`.`RWTYP` = 'TKU') and (convert(`tkg`.`RWNAME` using utf8) = `cu`.`USKURZZ`)))) left join `CCRW` `ram` on(((`ram`.`RWTYP` = 'TARATE') and (convert(`ram`.`RWNAME` using utf8) = concat((case when (`tkum`.`ATTVALUE` is not null) then `tkum`.`ATTVALUE` else (case when (`tkuj`.`ATTVALUE` is not null) then `tkuj`.`ATTVALUE` else (case when (`tkug`.`ATTVALUE` is not null) then `tkug`.`ATTVALUE` else convert((case when (`tkm`.`RWVALUE` is not null) then `tkm`.`RWVALUE` else (case when (`tkj`.`RWVALUE` is not null) then `tkj`.`RWVALUE` else `tkg`.`RWVALUE` end) end) using utf8) end) end) end),convert(substr(concat('0000',`cal`.`JAHR`),-(4),4) using utf8),convert(substr(concat('00',`cal`.`MONAT`),-(2),2) using utf8)))))) left join `CCRW` `raj` on(((`raj`.`RWTYP` = 'TARATE') and (convert(`raj`.`RWNAME` using utf8) = concat((case when (`tkum`.`ATTVALUE` is not null) then `tkum`.`ATTVALUE` else (case when (`tkuj`.`ATTVALUE` is not null) then `tkuj`.`ATTVALUE` else (case when (`tkug`.`ATTVALUE` is not null) then `tkug`.`ATTVALUE` else convert((case when (`tkm`.`RWVALUE` is not null) then `tkm`.`RWVALUE` else (case when (`tkj`.`RWVALUE` is not null) then `tkj`.`RWVALUE` else `tkg`.`RWVALUE` end) end) using utf8) end) end) end),convert(substr(concat('0000',`cal`.`JAHR`),-(4),4) using utf8)))))) left join `CCRW` `rag` on(((`rag`.`RWTYP` = 'TARATE') and (convert(`rag`.`RWNAME` using utf8) = (case when (`tkum`.`ATTVALUE` is not null) then `tkum`.`ATTVALUE` else (case when (`tkuj`.`ATTVALUE` is not null) then `tkuj`.`ATTVALUE` else (case when (`tkug`.`ATTVALUE` is not null) then `tkug`.`ATTVALUE` else convert((case when (`tkm`.`RWVALUE` is not null) then `tkm`.`RWVALUE` else (case when (`tkj`.`RWVALUE` is not null) then `tkj`.`RWVALUE` else `tkg`.`RWVALUE` end) end) using utf8) end) end) end))))) */;

--
-- Final view structure for view `CCVILV`
--

/*!50001 DROP VIEW IF EXISTS `CCVILV`*/;
/*!50001 CREATE ALGORITHM=UNDEFINED */
/*!50013 DEFINER=`root`@`10.0.2.2` SQL SECURITY DEFINER */
/*!50001 VIEW `CCVILV` AS select `c`.`JAHR` AS `jahr`,`c`.`MONAT` AS `monat`,`c`.`PSP` AS `psp`,`psp`.`BEZPSP` AS `bezpsp`,`psp`.`PSPPAGE` AS `psppage`,`c`.`KST` AS `kst`,`kst`.`BEZKST` AS `bezkst`,`c`.`VORNAME` AS `VORNAME`,`c`.`NACHNAME` AS `NACHNAME`,`c`.`USKURZZ` AS `USKURZZ`,format(`c`.`STUNDEN`,2) AS `stunden`,format((`c`.`KOSTEN` * `gkf`.`GKFAKT`),2) AS `kosten`,`gkf`.`GKFAKT` AS `GKFAKT`,`c`.`STUNDEN` AS `NUM_STUNDEN`,(`c`.`KOSTEN` * `gkf`.`GKFAKT`) AS `NUM_KOSTEN`,concat(`c`.`JAHR`,'_',substr(concat('00',`c`.`MONAT`),-(2),2),'_',`c`.`PSP`,'_',substr(`c`.`USKURZZ`,1,3),'_',convert(substr(concat('00',round(`c`.`STUNDEN`,0)),-(2),2) using utf8)) AS `NOTIZKEY`,group_concat((case when (`ntz`.`ATTNAME` is not null) then concat(`ntz`.`ATTNAME`,'=',`ntz`.`ATTVALUE`) else NULL end) separator ',') AS `NOTIZEN` from ((((`CCILV` `c` left join `CCILPSP` `psp` on((`psp`.`PSP` = `c`.`PSP`))) left join `CCILKST` `kst` on((`kst`.`KST` = `c`.`KST`))) left join `CCVILGKFACT` `gkf` on(((`gkf`.`JAHR` = `c`.`JAHR`) and (`gkf`.`MONAT` = `c`.`MONAT`) and (`gkf`.`PSP` = `c`.`PSP`)))) left join `CCATT` `ntz` on(((`ntz`.`ATTARCHTYP` = 'ILVNOTIZ') and (`ntz`.`ATTPARTYPE` = 'CCILV') and (`ntz`.`ATTPARKURZ` = concat(`c`.`JAHR`,'_',substr(concat('00',`c`.`MONAT`),-(2),2),'_',`c`.`PSP`,'_',`c`.`USKURZZ`,'_',convert(substr(concat('00',round(`c`.`STUNDEN`,0)),-(2),2) using utf8)))))) group by `c`.`JAHR`,`c`.`MONAT`,`c`.`PSP`,`psp`.`BEZPSP`,`psp`.`PSPPAGE`,`c`.`KST`,`kst`.`BEZKST`,`c`.`VORNAME`,`c`.`NACHNAME`,`c`.`USKURZZ`,`c`.`STUNDEN`,`c`.`KOSTEN`,`gkf`.`GKFAKT` order by `c`.`PSP`,`c`.`MONAT` */;

--
-- Final view structure for view `CCVILVACC`
--

/*!50001 DROP VIEW IF EXISTS `CCVILVACC`*/;
/*!50001 CREATE ALGORITHM=UNDEFINED */
/*!50013 DEFINER=`root`@`10.0.2.2` SQL SECURITY DEFINER */
/*!50001 VIEW `CCVILVACC` AS select `a`.`JAHR` AS `JAHR`,`a`.`MONAT` AS `MONAT`,`a`.`TAG` AS `TAG`,`a`.`STUNDE_VON` AS `STUNDE_VON`,`a`.`MINUTE_VON` AS `MINUTE_VON`,`a`.`STUNDE_BIS` AS `STUNDE_BIS`,`a`.`MINUTE_BIS` AS `MINUTE_BIS`,`a`.`WPID` AS `PSP`,`a`.`REM` AS `PSPDETAIL`,`a`.`USKURZZ` AS `USKURZZ`,concat(substr(concat('0000',`a`.`JAHR`),-(4),4),'-',substr(concat('00',`a`.`MONAT`),-(2),2),'-',substr(concat('00',`a`.`TAG`),-(2),2)) AS `DATUM`,((`a`.`STUNDE_VON` * 60) + `a`.`MINUTE_VON`) AS `BEGINN_MINUTEN`,((`a`.`STUNDE_BIS` * 60) + `a`.`MINUTE_BIS`) AS `END_MINUTEN`,(((`a`.`STUNDE_BIS` * 60) + `a`.`MINUTE_BIS`) - ((`a`.`STUNDE_VON` * 60) + `a`.`MINUTE_VON`)) AS `MINUTEN_ARBEIT`,((((60 * `a`.`STUNDE_BIS`) + `a`.`MINUTE_BIS`) - ((60 * `a`.`STUNDE_VON`) + `a`.`MINUTE_VON`)) / 60) AS `STUNDEN_ARBEIT` from `CCILVACC` `a` order by `a`.`JAHR`,`a`.`MONAT`,`a`.`TAG` */;

--
-- Final view structure for view `CCVILVD`
--

/*!50001 DROP VIEW IF EXISTS `CCVILVD`*/;
/*!50001 CREATE ALGORITHM=UNDEFINED */
/*!50013 DEFINER=`root`@`10.0.2.2` SQL SECURITY DEFINER */
/*!50001 VIEW `CCVILVD` AS select `d`.`JAHR` AS `JAHR`,`d`.`MONAT` AS `MONAT`,`d`.`TAG` AS `TAG`,`t`.`TASKID` AS `TASKID`,`t`.`VORHABEN` AS `VORHABEN`,`d`.`PSP` AS `PSP`,`d`.`PSPDETAIL` AS `PSPDETAIL`,`d`.`USKURZZ` AS `USKURZZ`,`d`.`STUNDEN` AS `STUNDEN`,`d`.`KOSTEN` AS `KOSTEN` from (`CCILVD` `d` left join `CCVTASK` `t` on(((`t`.`PSPCODE` = `d`.`PSP`) and (`t`.`TASKTYPE` = 'JAPAP')))) */;

--
-- Final view structure for view `CCVILVDACC`
--

/*!50001 DROP VIEW IF EXISTS `CCVILVDACC`*/;
/*!50001 CREATE ALGORITHM=UNDEFINED */
/*!50013 DEFINER=`root`@`10.0.2.2` SQL SECURITY DEFINER */
/*!50001 VIEW `CCVILVDACC` AS select `wa`.`USKURZZ` AS `USKURZZ`,`wa`.`DATUM` AS `DATUM`,`wa`.`JAHR` AS `JAHR`,`wa`.`MONAT` AS `MONAT`,`wa`.`TAG` AS `TAG`,`wa`.`PSP` AS `PSP`,sum(`wa`.`STUNDEN_ARBEIT`) AS `STUNDEN` from `CCVILVACC` `wa` group by `wa`.`USKURZZ`,`wa`.`JAHR`,`wa`.`MONAT`,`wa`.`TAG`,`wa`.`DATUM`,`wa`.`PSP` */;

--
-- Final view structure for view `CCVILVMAM`
--

/*!50001 DROP VIEW IF EXISTS `CCVILVMAM`*/;
/*!50001 CREATE ALGORITHM=UNDEFINED */
/*!50013 DEFINER=`root`@`10.0.2.2` SQL SECURITY DEFINER */
/*!50001 VIEW `CCVILVMAM` AS select `c`.`JAHR` AS `JAHR`,`c`.`MONAT` AS `MONAT`,`c`.`VORNAME` AS `VORNAME`,`c`.`NACHNAME` AS `NACHNAME`,sum(`c`.`STUNDEN`) AS `STUNDEN`,sum(`c`.`KOSTEN`) AS `KOSTEN`,(sum(`c`.`KOSTEN`) * `gkf`.`RWVALUE`) AS `KOSTEN_INKL_GK`,`gkf`.`RWVALUE` AS `GK_FACTOR` from (`CCILV` `c` left join `CCRW` `gkf` on(((`gkf`.`RWTYP` = 'GKFACT') and (convert(`gkf`.`RWNAME` using utf8) = concat('GKF',`c`.`JAHR`))))) group by `c`.`JAHR`,`c`.`MONAT`,`c`.`VORNAME`,`c`.`NACHNAME`,`gkf`.`RWVALUE` */;

--
-- Final view structure for view `CCVILVMP`
--

/*!50001 DROP VIEW IF EXISTS `CCVILVMP`*/;
/*!50001 CREATE ALGORITHM=UNDEFINED */
/*!50013 DEFINER=`root`@`10.0.2.2` SQL SECURITY DEFINER */
/*!50001 VIEW `CCVILVMP` AS select `c`.`JAHR` AS `jahr`,`c`.`MONAT` AS `monat`,`c`.`PSP` AS `psp`,`psp`.`BEZPSP` AS `bezpsp`,`psp`.`PSPPAGE` AS `psppage`,sum(`c`.`STUNDEN`) AS `stunden`,sum((`c`.`KOSTEN` * `gkf`.`GKFAKT`)) AS `KOSTEN`,round(((8 * `psp`.`PLANPT`) / 12),0) AS `planstunden`,round((`psp`.`PLANKOSTEN` / 12),0) AS `plankosten` from ((`CCILV` `c` left join `CCILPSP` `psp` on((`psp`.`PSP` = `c`.`PSP`))) left join `CCVILGKFACT` `gkf` on(((`gkf`.`JAHR` = `c`.`JAHR`) and (`gkf`.`MONAT` = `c`.`MONAT`) and (`gkf`.`PSP` = `c`.`PSP`)))) group by `c`.`JAHR`,`c`.`MONAT`,`c`.`PSP`,`psp`.`BEZPSP`,`psp`.`PSPPAGE`,`psp`.`PLANPT`,`psp`.`PLANKOSTEN` order by `c`.`JAHR`,`c`.`MONAT`,`c`.`PSP` */;

--
-- Final view structure for view `CCVILVMY`
--

/*!50001 DROP VIEW IF EXISTS `CCVILVMY`*/;
/*!50001 CREATE ALGORITHM=UNDEFINED */
/*!50013 DEFINER=`root`@`10.0.2.2` SQL SECURITY DEFINER */
/*!50001 VIEW `CCVILVMY` AS select `c`.`JAHR` AS `JAHR`,`c`.`VORNAME` AS `VORNAME`,`c`.`NACHNAME` AS `NACHNAME`,(select `cm`.`STUNDEN` from `CCVILVMAM` `cm` where ((`cm`.`VORNAME` = `c`.`VORNAME`) and (`cm`.`NACHNAME` = `c`.`NACHNAME`) and (`cm`.`MONAT` = 1) and (`cm`.`JAHR` = `c`.`JAHR`))) AS `JAN`,(select `cm`.`STUNDEN` from `CCVILVMAM` `cm` where ((`cm`.`VORNAME` = `c`.`VORNAME`) and (`cm`.`NACHNAME` = `c`.`NACHNAME`) and (`cm`.`MONAT` = 2) and (`cm`.`JAHR` = `c`.`JAHR`))) AS `FEB`,(select `cm`.`STUNDEN` from `CCVILVMAM` `cm` where ((`cm`.`VORNAME` = `c`.`VORNAME`) and (`cm`.`NACHNAME` = `c`.`NACHNAME`) and (`cm`.`MONAT` = 3) and (`cm`.`JAHR` = `c`.`JAHR`))) AS `MAR`,(select `cm`.`STUNDEN` from `CCVILVMAM` `cm` where ((`cm`.`VORNAME` = `c`.`VORNAME`) and (`cm`.`NACHNAME` = `c`.`NACHNAME`) and (`cm`.`MONAT` = 4) and (`cm`.`JAHR` = `c`.`JAHR`))) AS `APR`,(select `cm`.`STUNDEN` from `CCVILVMAM` `cm` where ((`cm`.`VORNAME` = `c`.`VORNAME`) and (`cm`.`NACHNAME` = `c`.`NACHNAME`) and (`cm`.`MONAT` = 5) and (`cm`.`JAHR` = `c`.`JAHR`))) AS `MAY`,(select `cm`.`STUNDEN` from `CCVILVMAM` `cm` where ((`cm`.`VORNAME` = `c`.`VORNAME`) and (`cm`.`NACHNAME` = `c`.`NACHNAME`) and (`cm`.`MONAT` = 6) and (`cm`.`JAHR` = `c`.`JAHR`))) AS `JUN`,(select `cm`.`STUNDEN` from `CCVILVMAM` `cm` where ((`cm`.`VORNAME` = `c`.`VORNAME`) and (`cm`.`NACHNAME` = `c`.`NACHNAME`) and (`cm`.`MONAT` = 7) and (`cm`.`JAHR` = `c`.`JAHR`))) AS `JUL`,(select `cm`.`STUNDEN` from `CCVILVMAM` `cm` where ((`cm`.`VORNAME` = `c`.`VORNAME`) and (`cm`.`NACHNAME` = `c`.`NACHNAME`) and (`cm`.`MONAT` = 8) and (`cm`.`JAHR` = `c`.`JAHR`))) AS `AUG`,(select `cm`.`STUNDEN` from `CCVILVMAM` `cm` where ((`cm`.`VORNAME` = `c`.`VORNAME`) and (`cm`.`NACHNAME` = `c`.`NACHNAME`) and (`cm`.`MONAT` = 9) and (`cm`.`JAHR` = `c`.`JAHR`))) AS `SEP`,(select `cm`.`STUNDEN` from `CCVILVMAM` `cm` where ((`cm`.`VORNAME` = `c`.`VORNAME`) and (`cm`.`NACHNAME` = `c`.`NACHNAME`) and (`cm`.`MONAT` = 10) and (`cm`.`JAHR` = `c`.`JAHR`))) AS `OCT`,(select `cm`.`STUNDEN` from `CCVILVMAM` `cm` where ((`cm`.`VORNAME` = `c`.`VORNAME`) and (`cm`.`NACHNAME` = `c`.`NACHNAME`) and (`cm`.`MONAT` = 11) and (`cm`.`JAHR` = `c`.`JAHR`))) AS `NOV`,(select `cm`.`STUNDEN` from `CCVILVMAM` `cm` where ((`cm`.`VORNAME` = `c`.`VORNAME`) and (`cm`.`NACHNAME` = `c`.`NACHNAME`) and (`cm`.`MONAT` = 12) and (`cm`.`JAHR` = `c`.`JAHR`))) AS `DEZ` from `CCVILVMAM` `c` group by `c`.`JAHR`,`c`.`VORNAME`,`c`.`NACHNAME` order by `c`.`JAHR`,`c`.`NACHNAME`,`c`.`VORNAME` */;

--
-- Final view structure for view `CCVJAHR`
--

/*!50001 DROP VIEW IF EXISTS `CCVJAHR`*/;
/*!50001 CREATE ALGORITHM=UNDEFINED */
/*!50013 DEFINER=`root`@`10.0.2.2` SQL SECURITY DEFINER */
/*!50001 VIEW `CCVJAHR` AS select distinct `CCCAL`.`JAHR` AS `JAHR` from `CCCAL` */;

--
-- Final view structure for view `CCVJHE201701`
--

/*!50001 DROP VIEW IF EXISTS `CCVJHE201701`*/;
/*!50001 CREATE ALGORITHM=UNDEFINED */
/*!50013 DEFINER=`root`@`10.0.2.2` SQL SECURITY DEFINER */
/*!50001 VIEW `CCVJHE201701` AS select (case when (substr(`psp`.`VORHABEN`,1,2) = 'ZI') then 'Z-PI' when (substr(`psp`.`VORHABEN`,1,4) = 'WIST') then 'WIST' else 'Unbekannt' end) AS `Projekt`,concat(`us`.`USVORNAME`,' ',`us`.`USFAMILIENNAME`) AS `Name`,`r`.`RWVALUE` AS `Stundensatz`,round((sum(`ac`.`STUNDEN`) / 8),2) AS `AufwandPT`,round(sum(`ac`.`STUNDEN`),2) AS `AufwandStunden`,`ac`.`PSP` AS `Buchungselement`,`psp`.`TITEL` AS `Bezeichnung`,round((sum(`ac`.`STUNDEN`) * `r`.`RWVALUE`),2) AS `KostenExclUst`,round(((sum(`ac`.`STUNDEN`) * `r`.`RWVALUE`) * 1.2),2) AS `KostenInclUSt` from ((((`CCVILVDACC` `ac` left join `CCVUS` `us` on((convert(`ac`.`USKURZZ` using utf8) = `us`.`USKURZZ`))) left join `CCRW` `tk` on(((`tk`.`RWTYP` = 'TKU') and (`tk`.`RWNAME` = `ac`.`USKURZZ`)))) left join `CCRW` `r` on(((`r`.`RWTYP` = 'TARATE') and (`r`.`RWNAME` = `tk`.`RWVALUE`)))) left join `CCILPSP` `psp` on((`psp`.`PSP` = convert(`ac`.`PSP` using utf8)))) where ((`ac`.`USKURZZ` = 'JHE') and (`ac`.`JAHR` = 2017) and (`ac`.`MONAT` = 1) and (`ac`.`TAG` < 24) and (`ac`.`PSP` <> 'Pause')) group by `psp`.`VORHABEN`,`ac`.`PSP`,`us`.`USVORNAME`,`us`.`USFAMILIENNAME`,`r`.`RWVALUE`,`psp`.`TITEL` union select 'Summe' AS `Projekt`,concat(`us`.`USVORNAME`,' ',`us`.`USFAMILIENNAME`) AS `Name`,'--' AS `Stundensatz`,round((sum(`ac`.`STUNDEN`) / 8),2) AS `AufwandPT`,round(sum(`ac`.`STUNDEN`),2) AS `AufwandStunden`,'--' AS `Buchungselement`,'--' AS `Bezeichnung`,round((sum(`ac`.`STUNDEN`) * `r`.`RWVALUE`),2) AS `KostenExclUst`,round(((sum(`ac`.`STUNDEN`) * `r`.`RWVALUE`) * 1.2),2) AS `KostenInclUSt` from ((((`CCVILVDACC` `ac` left join `CCVUS` `us` on((convert(`ac`.`USKURZZ` using utf8) = `us`.`USKURZZ`))) left join `CCRW` `tk` on(((`tk`.`RWTYP` = 'TKU') and (`tk`.`RWNAME` = `ac`.`USKURZZ`)))) left join `CCRW` `r` on(((`r`.`RWTYP` = 'TARATE') and (`r`.`RWNAME` = `tk`.`RWVALUE`)))) left join `CCILPSP` `psp` on((`psp`.`PSP` = convert(`ac`.`PSP` using utf8)))) where ((`ac`.`USKURZZ` = 'JHE') and (`ac`.`JAHR` = 2017) and (`ac`.`MONAT` = 1) and (`ac`.`TAG` < 24) and (`ac`.`PSP` <> 'Pause')) group by `us`.`USVORNAME`,`us`.`USFAMILIENNAME`,`r`.`RWVALUE` */;

--
-- Final view structure for view `CCVJHE201702`
--

/*!50001 DROP VIEW IF EXISTS `CCVJHE201702`*/;
/*!50001 CREATE ALGORITHM=UNDEFINED */
/*!50013 DEFINER=`root`@`10.0.2.2` SQL SECURITY DEFINER */
/*!50001 VIEW `CCVJHE201702` AS select (case when (substr(`psp`.`VORHABEN`,1,2) = 'ZI') then 'Z-PI' when (substr(`psp`.`VORHABEN`,1,4) = 'WIST') then 'WIST' else 'Unbekannt' end) AS `Projekt`,concat(`us`.`USVORNAME`,' ',`us`.`USFAMILIENNAME`) AS `Name`,`r`.`RWVALUE` AS `Stundensatz`,round((sum(`ac`.`STUNDEN`) / 8),2) AS `AufwandPT`,round(sum(`ac`.`STUNDEN`),2) AS `AufwandStunden`,`ac`.`PSP` AS `Buchungselement`,`psp`.`TITEL` AS `Bezeichnung`,round((sum(`ac`.`STUNDEN`) * `r`.`RWVALUE`),2) AS `KostenExclUst`,round(((sum(`ac`.`STUNDEN`) * `r`.`RWVALUE`) * 1.2),2) AS `KostenInclUSt` from ((((`CCVILVDACC` `ac` left join `CCVUS` `us` on((convert(`ac`.`USKURZZ` using utf8) = `us`.`USKURZZ`))) left join `CCRW` `tk` on(((`tk`.`RWTYP` = 'TKU') and (`tk`.`RWNAME` = `ac`.`USKURZZ`)))) left join `CCRW` `r` on(((`r`.`RWTYP` = 'TARATE') and (`r`.`RWNAME` = `tk`.`RWVALUE`)))) left join `CCILPSP` `psp` on((`psp`.`PSP` = convert(`ac`.`PSP` using utf8)))) where ((`ac`.`USKURZZ` = 'JHE') and (`ac`.`JAHR` = 2017) and (`ac`.`MONAT` = 1) and (`ac`.`TAG` < 24) and (`ac`.`PSP` <> 'Pause')) group by `psp`.`VORHABEN`,`ac`.`PSP`,`us`.`USVORNAME`,`us`.`USFAMILIENNAME`,`r`.`RWVALUE`,`psp`.`TITEL` union select 'Summe' AS `Projekt`,concat(`us`.`USVORNAME`,' ',`us`.`USFAMILIENNAME`) AS `Name`,'--' AS `Stundensatz`,round((sum(`ac`.`STUNDEN`) / 8),2) AS `AufwandPT`,round(sum(`ac`.`STUNDEN`),2) AS `AufwandStunden`,'--' AS `Buchungselement`,'--' AS `Bezeichnung`,round((sum(`ac`.`STUNDEN`) * `r`.`RWVALUE`),2) AS `KostenExclUst`,round(((sum(`ac`.`STUNDEN`) * `r`.`RWVALUE`) * 1.2),2) AS `KostenInclUSt` from ((((`CCVILVDACC` `ac` left join `CCVUS` `us` on((convert(`ac`.`USKURZZ` using utf8) = `us`.`USKURZZ`))) left join `CCRW` `tk` on(((`tk`.`RWTYP` = 'TKU') and (`tk`.`RWNAME` = `ac`.`USKURZZ`)))) left join `CCRW` `r` on(((`r`.`RWTYP` = 'TARATE') and (`r`.`RWNAME` = `tk`.`RWVALUE`)))) left join `CCILPSP` `psp` on((`psp`.`PSP` = convert(`ac`.`PSP` using utf8)))) where ((`ac`.`USKURZZ` = 'JHE') and (`ac`.`JAHR` = 2017) and (((`ac`.`MONAT` = 1) and (`ac`.`TAG` >= 24)) or ((`ac`.`MONAT` = 2) and (`ac`.`TAG` < 21))) and (`ac`.`PSP` <> 'Pause')) group by `us`.`USVORNAME`,`us`.`USFAMILIENNAME`,`r`.`RWVALUE` */;

--
-- Final view structure for view `CCVJHECF2017WM01`
--

/*!50001 DROP VIEW IF EXISTS `CCVJHECF2017WM01`*/;
/*!50001 CREATE ALGORITHM=UNDEFINED */
/*!50013 DEFINER=`root`@`10.0.2.2` SQL SECURITY DEFINER */
/*!50001 VIEW `CCVJHECF2017WM01` AS select `CCVILVACC`.`DATUM` AS `Datum`,sum(`CCVILVACC`.`STUNDEN_ARBEIT`) AS `Stunden`,group_concat(`CCVILVACC`.`PSPDETAIL` separator ',') AS `Leistung` from `CCVILVACC` where ((`CCVILVACC`.`USKURZZ` = 'JHE') and (`CCVILVACC`.`JAHR` = 2017) and (((`CCVILVACC`.`MONAT` = 1) and (`CCVILVACC`.`TAG` >= 1)) or ((`CCVILVACC`.`MONAT` = 1) and (`CCVILVACC`.`TAG` < 24))) and (`CCVILVACC`.`PSP` <> 'Pause')) group by `CCVILVACC`.`DATUM`,`CCVILVACC`.`PSP`,`CCVILVACC`.`PSPDETAIL` union select 'vom 01.01.2017 bis 23.01.2017' AS `Datum`,sum(`CCVILVACC`.`STUNDEN_ARBEIT`) AS `Stunden`,'Summe' AS `Leistung` from `CCVILVACC` where ((`CCVILVACC`.`USKURZZ` = 'JHE') and (`CCVILVACC`.`JAHR` = 2017) and (((`CCVILVACC`.`MONAT` = 1) and (`CCVILVACC`.`TAG` >= 1)) or ((`CCVILVACC`.`MONAT` = 1) and (`CCVILVACC`.`TAG` < 24))) and (`CCVILVACC`.`PSP` <> 'Pause')) order by `Datum` */;

--
-- Final view structure for view `CCVJHECF2017WM02`
--

/*!50001 DROP VIEW IF EXISTS `CCVJHECF2017WM02`*/;
/*!50001 CREATE ALGORITHM=UNDEFINED */
/*!50013 DEFINER=`root`@`10.0.2.2` SQL SECURITY DEFINER */
/*!50001 VIEW `CCVJHECF2017WM02` AS select `CCVILVACC`.`DATUM` AS `Datum`,sum(`CCVILVACC`.`STUNDEN_ARBEIT`) AS `Stunden`,group_concat(`CCVILVACC`.`PSPDETAIL` separator ',') AS `Leistung` from `CCVILVACC` where ((`CCVILVACC`.`USKURZZ` = 'JHE') and (`CCVILVACC`.`JAHR` = 2017) and (((`CCVILVACC`.`MONAT` = 1) and (`CCVILVACC`.`TAG` >= 24)) or ((`CCVILVACC`.`MONAT` = 2) and (`CCVILVACC`.`TAG` < 21))) and (`CCVILVACC`.`PSP` <> 'Pause')) group by `CCVILVACC`.`DATUM`,`CCVILVACC`.`PSP`,`CCVILVACC`.`PSPDETAIL` union select 'vom 24.01.2017 bis 20.02.2017' AS `Datum`,sum(`CCVILVACC`.`STUNDEN_ARBEIT`) AS `Stunden`,'Summe' AS `Leistung` from `CCVILVACC` where ((`CCVILVACC`.`USKURZZ` = 'JHE') and (`CCVILVACC`.`JAHR` = 2017) and (((`CCVILVACC`.`MONAT` = 1) and (`CCVILVACC`.`TAG` >= 24)) or ((`CCVILVACC`.`MONAT` = 2) and (`CCVILVACC`.`TAG` < 21))) and (`CCVILVACC`.`PSP` <> 'Pause')) order by `Datum` */;

--
-- Final view structure for view `CCVRCAL`
--

/*!50001 DROP VIEW IF EXISTS `CCVRCAL`*/;
/*!50001 CREATE ALGORITHM=UNDEFINED */
/*!50013 DEFINER=`root`@`10.0.2.2` SQL SECURITY DEFINER */
/*!50001 VIEW `CCVRCAL` AS select `vcal`.`JAHR` AS `JAHR`,`vcal`.`MONAT` AS `MONAT`,`vcal`.`MONATSANFANG` AS `MONATSANFANG`,`vcal`.`MONATSENDE` AS `MONATSENDE`,`vcal`.`TAGEIMMONAT` AS `TAGEIMMONAT`,week(`vcal`.`MONATSANFANG`,3) AS `ERSTEWOCHE`,week(`vcal`.`MONATSENDE`,3) AS `LETZTEWOCHE`,`mat`.`TAGEINERSTERWOCHE` AS `TAGEINERSTERWOCHE`,`met`.`TAGEINLETZTERWOCHE` AS `TAGEINLETZTERWOCHE` from ((`CCVCAL` `vcal` left join `CCWDDN` `mat` on((`mat`.`WOCHENTAG` = dayofweek(`vcal`.`MONATSANFANG`)))) left join `CCWDDN` `met` on((`met`.`WOCHENTAG` = dayofweek(`vcal`.`MONATSENDE`)))) order by `vcal`.`JAHR`,`vcal`.`MONAT` */;

--
-- Final view structure for view `CCVSPINFO`
--

/*!50001 DROP VIEW IF EXISTS `CCVSPINFO`*/;
/*!50001 CREATE ALGORITHM=UNDEFINED */
/*!50013 DEFINER=`root`@`10.0.2.2` SQL SECURITY DEFINER */
/*!50001 VIEW `CCVSPINFO` AS select (select `sbb`.`SPNAME` from `CCSPBOX` `sbb` where (`sbb`.`SPEND` = (select max(`sb`.`SPEND`) from `CCSPBOX` `sb` where (`sb`.`SPEND` <= curdate())))) AS `ABGSPRINT`,(select `sb`.`SPNAME` from `CCSPBOX` `sb` where ((`sb`.`SPBEGIN` <= curdate()) and (`sb`.`SPEND` >= curdate()))) AS `AKTSPRINT`,(select `sbb`.`SPNAME` from `CCSPBOX` `sbb` where (`sbb`.`SPBEGIN` = (select min(`sb`.`SPBEGIN`) from `CCSPBOX` `sb` where (`sb`.`SPBEGIN` >= curdate())))) AS `NXTSPRINT` */;

--
-- Final view structure for view `CCVTARKLASS`
--

/*!50001 DROP VIEW IF EXISTS `CCVTARKLASS`*/;
/*!50001 CREATE ALGORITHM=UNDEFINED */
/*!50013 DEFINER=`root`@`10.0.2.2` SQL SECURITY DEFINER */
/*!50001 VIEW `CCVTARKLASS` AS select `cal`.`JAHR` AS `JAHR`,`cal`.`MONAT` AS `MONAT`,`cu`.`USKURZZ` AS `USKURZZ`,(case when ((select `ua`.`ATTVALUE` from `CCATT` `ua` where ((`ua`.`ATTARCHTYP` = 'RATE') and (`ua`.`ATTPARTYPE` = 'CCUS') and (`ua`.`ATTNAME` = convert(concat('TARKLASS',substr(concat('0000',`cal`.`JAHR`),-(4),4),substr(concat('00',`cal`.`MONAT`),-(2),2)) using utf8)) and (`ua`.`ATTPARKURZ` = `cu`.`USKURZZ`))) is not null) then (select `ua`.`ATTVALUE` from `CCATT` `ua` where ((`ua`.`ATTARCHTYP` = 'RATE') and (`ua`.`ATTPARTYPE` = 'CCUS') and (`ua`.`ATTNAME` = convert(concat('TARKLASS',substr(concat('0000',`cal`.`JAHR`),-(4),4),substr(concat('00',`cal`.`MONAT`),-(2),2)) using utf8)) and (`ua`.`ATTPARKURZ` = `cu`.`USKURZZ`))) else (case when ((select `ua`.`ATTVALUE` from `CCATT` `ua` where ((`ua`.`ATTARCHTYP` = 'RATE') and (`ua`.`ATTPARTYPE` = 'CCUS') and (`ua`.`ATTNAME` = convert(concat('TARKLASS',substr(concat('0000',`cal`.`JAHR`),-(4),4)) using utf8)) and (`ua`.`ATTPARKURZ` = `cu`.`USKURZZ`))) is not null) then (select `ua`.`ATTVALUE` from `CCATT` `ua` where ((`ua`.`ATTARCHTYP` = 'RATE') and (`ua`.`ATTPARTYPE` = 'CCUS') and (`ua`.`ATTNAME` = convert(concat('TARKLASS',substr(concat('0000',`cal`.`JAHR`),-(4),4)) using utf8)) and (`ua`.`ATTPARKURZ` = `cu`.`USKURZZ`))) else (case when ((select `ua`.`ATTVALUE` from `CCATT` `ua` where ((`ua`.`ATTARCHTYP` = 'RATE') and (`ua`.`ATTPARTYPE` = 'CCUS') and (`ua`.`ATTNAME` = 'TARKLASS') and (`ua`.`ATTPARKURZ` = `cu`.`USKURZZ`))) is not null) then (select `ua`.`ATTVALUE` from `CCATT` `ua` where ((`ua`.`ATTARCHTYP` = 'RATE') and (`ua`.`ATTPARTYPE` = 'CCUS') and (`ua`.`ATTNAME` = 'TARKLASS') and (`ua`.`ATTPARKURZ` = `cu`.`USKURZZ`))) else convert((case when ((select `ur`.`RWVALUE` from `CCRW` `ur` where ((`ur`.`RWTYP` = 'TKU') and (`ur`.`RWPARENT` = 'TARKLASS') and (convert(`ur`.`RWNAME` using utf8) = concat(`cu`.`USKURZZ`,convert(substr(concat('0000',`cal`.`JAHR`),-(4),4) using utf8),convert(substr(concat('00',`cal`.`MONAT`),-(2),2) using utf8))))) is not null) then (select `ur`.`RWVALUE` from `CCRW` `ur` where ((`ur`.`RWTYP` = 'TKU') and (`ur`.`RWPARENT` = 'TARKLASS') and (convert(`ur`.`RWNAME` using utf8) = concat(`cu`.`USKURZZ`,convert(substr(concat('0000',`cal`.`JAHR`),-(4),4) using utf8),convert(substr(concat('00',`cal`.`MONAT`),-(2),2) using utf8))))) else (case when ((select `ur`.`RWVALUE` from `CCRW` `ur` where ((`ur`.`RWTYP` = 'TKU') and (`ur`.`RWPARENT` = 'TARKLASS') and (convert(`ur`.`RWNAME` using utf8) = concat(`cu`.`USKURZZ`,convert(substr(concat('0000',`cal`.`JAHR`),-(4),4) using utf8))))) is not null) then (select `ur`.`RWVALUE` from `CCRW` `ur` where ((`ur`.`RWTYP` = 'TKU') and (`ur`.`RWPARENT` = 'TARKLASS') and (convert(`ur`.`RWNAME` using utf8) = concat(`cu`.`USKURZZ`,convert(substr(concat('0000',`cal`.`JAHR`),-(4),4) using utf8))))) else (case when ((select `ur`.`RWVALUE` from `CCRW` `ur` where ((`ur`.`RWTYP` = 'TKU') and (`ur`.`RWPARENT` = 'TARKLASS') and (convert(`ur`.`RWNAME` using utf8) = `cu`.`USKURZZ`))) is not null) then (select `ur`.`RWVALUE` from `CCRW` `ur` where ((`ur`.`RWTYP` = 'TKU') and (`ur`.`RWPARENT` = 'TARKLASS') and (convert(`ur`.`RWNAME` using utf8) = `cu`.`USKURZZ`))) else 'NO_TARIFF_CLASS' end) end) end) using utf8) end) end) end) AS `TARKLASS` from (`CCCAL` `cal` left join `CCUS` `cu` on((1 = 1))) */;

--
-- Final view structure for view `CCVTASK`
--

/*!50001 DROP VIEW IF EXISTS `CCVTASK`*/;
/*!50001 CREATE ALGORITHM=UNDEFINED */
/*!50013 DEFINER=`root`@`10.0.2.2` SQL SECURITY DEFINER */
/*!50001 VIEW `CCVTASK` AS select `t`.`PROJECT` AS `PROJECT`,`t`.`TASKID` AS `TASKID`,(case when (`t`.`TASKTYPE` = 'JAP') then '' when (`t`.`TASKTYPE` = 'JAPBEREICH') then '' when (`t`.`TASKTYPE` = 'JAPVORHABEN') then `t`.`TASKID` when (`t`.`TASKTYPE` = 'JAPAP') then (select `tt`.`TASKID` from `CCTASK` `tt` where (`tt`.`TASKID` = `t`.`PARENTID`)) when (`t`.`TASKTYPE` = 'TASK') then (select `ttt`.`TASKID` from `CCTASK` `ttt` where (`ttt`.`TASKID` = (select `tt`.`PARENTID` from `CCTASK` `tt` where (`tt`.`TASKID` = `t`.`PARENTID`)))) else '---UNBEKANNT---' end) AS `VORHABEN`,`t`.`PARENTID` AS `PARENTID`,`t`.`TASKNAME` AS `TASKNAME`,`t`.`TASKTYPE` AS `TASKTYPE`,`t`.`PSPCODE` AS `PSPCODE`,`t`.`TASKDESC` AS `TASKDESC`,`t`.`ESTEFFPH` AS `ESTEFFPH`,`t`.`RATEUR` AS `RATEUR`,`t`.`ESTEUR` AS `ESTEUR`,`t`.`STARTTIME` AS `STARTTIME`,`t`.`ENDTIME` AS `ENDTIME`,(to_days(`t`.`ENDTIME`) - to_days(`t`.`STARTTIME`)) AS `DAUER`,(`t`.`ESTEFFPH` / (to_days(`t`.`ENDTIME`) - to_days(`t`.`STARTTIME`))) AS `TAGESPH`,`t`.`TASKRESP` AS `TASKRESP`,`us`.`USKURZZ` AS `USKURZZ`,`us`.`USVORNAME` AS `USVORNAME`,`us`.`USFAMILIENNAME` AS `USFAMILIENNAME`,`us`.`USZPVFSART_CCFS` AS `USZPVFSART_CCFS`,`us`.`USZPVFS` AS `USZPVFS`,`us`.`USWIKIPAGENAME` AS `USWIKIPAGENAME`,`us`.`USWIKIPAGEURL` AS `USWIKIPAGEURL`,`us`.`USSTATUSCCUSTAT` AS `USSTATUSCCUSTAT`,`us`.`KST` AS `KST`,`us`.`INTEXT` AS `INTEXT`,`us`.`EMAIL` AS `EMAIL` from (`CCTASK` `t` left join `CCVUS` `us` on((`us`.`USKURZZ` = convert(`t`.`TASKRESP` using utf8)))) */;

--
-- Final view structure for view `CCVTASKPM`
--

/*!50001 DROP VIEW IF EXISTS `CCVTASKPM`*/;
/*!50001 CREATE ALGORITHM=UNDEFINED */
/*!50013 DEFINER=`root`@`10.0.2.2` SQL SECURITY DEFINER */
/*!50001 VIEW `CCVTASKPM` AS select `c`.`JAHR` AS `JAHR`,`c`.`MONAT` AS `MONAT`,`t`.`TASKID` AS `TASKID`,`t`.`TASKNAME` AS `TASKNAME`,`t`.`TASKRESP` AS `TASKRESP`,`t`.`STARTTIME` AS `STARTTIME`,`t`.`ENDTIME` AS `ENDTIME`,`t`.`ESTEFFPH` AS `ESTEFFPH`,`t`.`RATEUR` AS `RATEUR`,`t`.`ESTEUR` AS `ESTEUR`,`t`.`TAGESPH` AS `TAGESPH`,((case when ((`t`.`STARTTIME` <= `c`.`MONATSENDE`) and (`t`.`ENDTIME` >= `c`.`MONATSANFANG`)) then (to_days((case when (`t`.`ENDTIME` >= `c`.`MONATSENDE`) then `c`.`MONATSENDE` else `t`.`ENDTIME` end)) - to_days((case when (`t`.`STARTTIME` >= `c`.`MONATSANFANG`) then `t`.`STARTTIME` else `c`.`MONATSANFANG` end))) else 0 end) * `t`.`TAGESPH`) AS `PHIMMONAT` from (`CCVTASK` `t` left join `CCVCAL` `c` on((1 = 1))) where ((`c`.`JAHR` = 2017) and (`t`.`TASKRESP` <> '')) */;

--
-- Final view structure for view `CCVTASKPPM`
--

/*!50001 DROP VIEW IF EXISTS `CCVTASKPPM`*/;
/*!50001 CREATE ALGORITHM=UNDEFINED */
/*!50013 DEFINER=`root`@`10.0.2.2` SQL SECURITY DEFINER */
/*!50001 VIEW `CCVTASKPPM` AS select `pv`.`JAHR` AS `JAHR`,`pv`.`MONAT` AS `MONAT`,`pv`.`TASKRESP` AS `TASKRESP`,sum(`pv`.`PHIMMONAT`) AS `AUFWANDPHMONAT` from `CCVTASKPM` `pv` group by `pv`.`JAHR`,`pv`.`MONAT`,`pv`.`TASKRESP` */;

--
-- Final view structure for view `CCVTASKPPMT`
--

/*!50001 DROP VIEW IF EXISTS `CCVTASKPPMT`*/;
/*!50001 CREATE ALGORITHM=UNDEFINED */
/*!50013 DEFINER=`root`@`10.0.2.2` SQL SECURITY DEFINER */
/*!50001 VIEW `CCVTASKPPMT` AS select `CCVTASKPPM`.`JAHR` AS `JAHR`,`CCVTASKPPM`.`TASKRESP` AS `TASKRESP`,sum(`CCVTASKPPM`.`AUFWANDPHMONAT`) AS `AUFWANDPHJAHR` from `CCVTASKPPM` group by `CCVTASKPPM`.`JAHR`,`CCVTASKPPM`.`TASKRESP` */;

--
-- Final view structure for view `CCVTASKZPICONT201702`
--

/*!50001 DROP VIEW IF EXISTS `CCVTASKZPICONT201702`*/;
/*!50001 CREATE ALGORITHM=UNDEFINED */
/*!50013 DEFINER=`root`@`10.0.2.2` SQL SECURITY DEFINER */
/*!50001 VIEW `CCVTASKZPICONT201702` AS select `t`.`TASKTYPE` AS `TASKTYPE`,`t`.`TASKID` AS `TASKID`,`t`.`TASKNAME` AS `TASKNAME`,`t`.`TASKRESP` AS `TASKRESP`,`t`.`PSPCODE` AS `PSPCODE`,round(`t`.`ESTEFFPH`,0) AS `Planstunden01-12`,round(`t`.`ESTEUR`,0) AS `Plankosten01-12`,(case when (`t`.`TASKTYPE` = 'TASK') then ifnull((select sum(`d`.`STUNDEN`) from `CCILV` `d` where ((`d`.`JAHR` = 2017) and (`d`.`MONAT` = 1) and (`d`.`PSP` = convert(`t`.`PSPCODE` using utf8)) and (`d`.`USKURZZ` = convert(`t`.`TASKRESP` using utf8)))),0) when (`t`.`TASKTYPE` = 'JAPAP') then ifnull((select sum(`d`.`STUNDEN`) from `CCILV` `d` where ((`d`.`JAHR` = 2017) and (`d`.`MONAT` = 1) and (`d`.`PSP` = convert(`t`.`PSPCODE` using utf8)))),0) when (`t`.`TASKTYPE` = 'JAPVORHABEN') then ifnull((select sum(`d`.`STUNDEN`) from `CCILV` `d` where ((`d`.`JAHR` = 2017) and (`d`.`MONAT` = 1) and `d`.`PSP` in (select `tt`.`PSPCODE` from `CCTASK` `tt` where (`tt`.`PARENTID` = `t`.`TASKID`)))),0) when (`t`.`TASKTYPE` = 'JAPBEREICH') then ifnull((select sum(`d`.`STUNDEN`) from `CCILV` `d` where ((`d`.`JAHR` = 2017) and (`d`.`MONAT` = 1) and `d`.`PSP` in (select `tt`.`PSPCODE` from `CCTASK` `tt` where `tt`.`PARENTID` in (select `ttt`.`TASKID` from `CCTASK` `ttt` where (`ttt`.`PARENTID` = `t`.`TASKID`))))),0) when (`t`.`TASKTYPE` = 'JAP') then ifnull((select sum(`d`.`STUNDEN`) from `CCILV` `d` where ((`d`.`JAHR` = 2017) and (`d`.`MONAT` = 1) and (`d`.`PSP` like convert(concat(`t`.`PSPCODE`,'.%') using utf8)))),0) else 0 end) AS `IstStunden01`,(case when (`t`.`TASKTYPE` = 'TASK') then ifnull((select sum(`d`.`KOSTEN`) from `CCILV` `d` where ((`d`.`JAHR` = 2017) and (`d`.`MONAT` = 1) and (`d`.`PSP` = convert(`t`.`PSPCODE` using utf8)) and (`d`.`USKURZZ` = convert(`t`.`TASKRESP` using utf8)))),0) when (`t`.`TASKTYPE` = 'JAPAP') then ifnull((select sum(`d`.`KOSTEN`) from `CCILV` `d` where ((`d`.`JAHR` = 2017) and (`d`.`MONAT` = 1) and (`d`.`PSP` = convert(`t`.`PSPCODE` using utf8)))),0) when (`t`.`TASKTYPE` = 'JAPVORHABEN') then ifnull((select sum(`d`.`KOSTEN`) from `CCILV` `d` where ((`d`.`JAHR` = 2017) and (`d`.`MONAT` = 1) and `d`.`PSP` in (select `tt`.`PSPCODE` from `CCTASK` `tt` where (`tt`.`PARENTID` = `t`.`TASKID`)))),0) when (`t`.`TASKTYPE` = 'JAPBEREICH') then ifnull((select sum(`d`.`KOSTEN`) from `CCILV` `d` where ((`d`.`JAHR` = 2017) and (`d`.`MONAT` = 1) and `d`.`PSP` in (select `tt`.`PSPCODE` from `CCTASK` `tt` where `tt`.`PARENTID` in (select `ttt`.`TASKID` from `CCTASK` `ttt` where (`ttt`.`PARENTID` = `t`.`TASKID`))))),0) when (`t`.`TASKTYPE` = 'JAP') then ifnull((select sum(`d`.`KOSTEN`) from `CCILV` `d` where ((`d`.`JAHR` = 2017) and (`d`.`MONAT` = 1) and (`d`.`PSP` like convert(concat(`t`.`PSPCODE`,'.%') using utf8)))),0) else 0 end) AS `IstKosten01`,(case when (`t`.`TASKTYPE` = 'TASK') then ifnull((select sum(`d`.`STUNDEN`) from `CCILV` `d` where ((`d`.`JAHR` = 2017) and (`d`.`MONAT` = 2) and (`d`.`PSP` = convert(`t`.`PSPCODE` using utf8)) and (`d`.`USKURZZ` = convert(`t`.`TASKRESP` using utf8)))),0) when (`t`.`TASKTYPE` = 'JAPAP') then ifnull((select sum(`d`.`STUNDEN`) from `CCILV` `d` where ((`d`.`JAHR` = 2017) and (`d`.`MONAT` = 2) and (`d`.`PSP` = convert(`t`.`PSPCODE` using utf8)))),0) when (`t`.`TASKTYPE` = 'JAPVORHABEN') then ifnull((select sum(`d`.`STUNDEN`) from `CCILV` `d` where ((`d`.`JAHR` = 2017) and (`d`.`MONAT` = 2) and `d`.`PSP` in (select `tt`.`PSPCODE` from `CCTASK` `tt` where (`tt`.`PARENTID` = `t`.`TASKID`)))),0) when (`t`.`TASKTYPE` = 'JAPBEREICH') then ifnull((select sum(`d`.`STUNDEN`) from `CCILV` `d` where ((`d`.`JAHR` = 2017) and (`d`.`MONAT` = 2) and `d`.`PSP` in (select `tt`.`PSPCODE` from `CCTASK` `tt` where `tt`.`PARENTID` in (select `ttt`.`TASKID` from `CCTASK` `ttt` where (`ttt`.`PARENTID` = `t`.`TASKID`))))),0) when (`t`.`TASKTYPE` = 'JAP') then ifnull((select sum(`d`.`STUNDEN`) from `CCILV` `d` where ((`d`.`JAHR` = 2017) and (`d`.`MONAT` = 2) and (`d`.`PSP` like convert(concat(`t`.`PSPCODE`,'.%') using utf8)))),0) else 0 end) AS `IstStunden02`,(case when (`t`.`TASKTYPE` = 'TASK') then ifnull((select sum(`d`.`KOSTEN`) from `CCILV` `d` where ((`d`.`JAHR` = 2017) and (`d`.`MONAT` = 2) and (`d`.`PSP` = convert(`t`.`PSPCODE` using utf8)) and (`d`.`USKURZZ` = convert(`t`.`TASKRESP` using utf8)))),0) when (`t`.`TASKTYPE` = 'JAPAP') then ifnull((select sum(`d`.`KOSTEN`) from `CCILV` `d` where ((`d`.`JAHR` = 2017) and (`d`.`MONAT` = 2) and (`d`.`PSP` = convert(`t`.`PSPCODE` using utf8)))),0) when (`t`.`TASKTYPE` = 'JAPVORHABEN') then ifnull((select sum(`d`.`KOSTEN`) from `CCILV` `d` where ((`d`.`JAHR` = 2017) and (`d`.`MONAT` = 2) and `d`.`PSP` in (select `tt`.`PSPCODE` from `CCTASK` `tt` where (`tt`.`PARENTID` = `t`.`TASKID`)))),0) when (`t`.`TASKTYPE` = 'JAPBEREICH') then ifnull((select sum(`d`.`KOSTEN`) from `CCILV` `d` where ((`d`.`JAHR` = 2017) and (`d`.`MONAT` = 2) and `d`.`PSP` in (select `tt`.`PSPCODE` from `CCTASK` `tt` where `tt`.`PARENTID` in (select `ttt`.`TASKID` from `CCTASK` `ttt` where (`ttt`.`PARENTID` = `t`.`TASKID`))))),0) when (`t`.`TASKTYPE` = 'JAP') then ifnull((select sum(`d`.`KOSTEN`) from `CCILV` `d` where ((`d`.`JAHR` = 2017) and (`d`.`MONAT` = 2) and (`d`.`PSP` like convert(concat(`t`.`PSPCODE`,'.%') using utf8)))),0) else 0 end) AS `IstKosten02`,`t`.`TASKATTRIB` AS `Attribute` from `CCTASK` `t` where (`t`.`PROJECT` = 'ZPI2017') */;

--
-- Final view structure for view `CCVTKRG`
--

/*!50001 DROP VIEW IF EXISTS `CCVTKRG`*/;
/*!50001 CREATE ALGORITHM=UNDEFINED */
/*!50013 DEFINER=`root`@`10.0.2.2` SQL SECURITY DEFINER */
/*!50001 VIEW `CCVTKRG` AS select `cal`.`JAHR` AS `JAHR`,`cal`.`MONAT` AS `MONAT`,`cu`.`USKURZZ` AS `USKURZZ`,`tk`.`RWVALUE` AS `TKRG` from ((`CCCAL` `cal` left join `CCUS` `cu` on((1 = 1))) left join `CCRW` `tk` on(((`tk`.`RWTYP` = 'TKU') and (convert(`tk`.`RWNAME` using utf8) = `cu`.`USKURZZ`)))) */;

--
-- Final view structure for view `CCVTKRJ`
--

/*!50001 DROP VIEW IF EXISTS `CCVTKRJ`*/;
/*!50001 CREATE ALGORITHM=UNDEFINED */
/*!50013 DEFINER=`root`@`10.0.2.2` SQL SECURITY DEFINER */
/*!50001 VIEW `CCVTKRJ` AS select `cal`.`JAHR` AS `JAHR`,`cal`.`MONAT` AS `MONAT`,`cu`.`USKURZZ` AS `USKURZZ`,`tk`.`RWVALUE` AS `TKRJ` from ((`CCCAL` `cal` left join `CCUS` `cu` on((1 = 1))) left join `CCRW` `tk` on(((`tk`.`RWTYP` = 'TKU') and (convert(`tk`.`RWNAME` using utf8) = concat(`cu`.`USKURZZ`,convert(substr(concat('0000',`cal`.`JAHR`),-(4),4) using utf8)))))) */;

--
-- Final view structure for view `CCVTKRM`
--

/*!50001 DROP VIEW IF EXISTS `CCVTKRM`*/;
/*!50001 CREATE ALGORITHM=UNDEFINED */
/*!50013 DEFINER=`root`@`10.0.2.2` SQL SECURITY DEFINER */
/*!50001 VIEW `CCVTKRM` AS select `cal`.`JAHR` AS `JAHR`,`cal`.`MONAT` AS `MONAT`,`cu`.`USKURZZ` AS `USKURZZ`,`tk`.`RWVALUE` AS `TKRM` from ((`CCCAL` `cal` left join `CCUS` `cu` on((1 = 1))) left join `CCRW` `tk` on(((`tk`.`RWTYP` = 'TKU') and (convert(`tk`.`RWNAME` using utf8) = concat(`cu`.`USKURZZ`,convert(substr(concat('0000',`cal`.`JAHR`),-(4),4) using utf8),convert(substr(concat('00',`cal`.`MONAT`),-(2),2) using utf8)))))) */;

--
-- Final view structure for view `CCVTKUG`
--

/*!50001 DROP VIEW IF EXISTS `CCVTKUG`*/;
/*!50001 CREATE ALGORITHM=UNDEFINED */
/*!50013 DEFINER=`root`@`10.0.2.2` SQL SECURITY DEFINER */
/*!50001 VIEW `CCVTKUG` AS select `cal`.`JAHR` AS `JAHR`,`cal`.`MONAT` AS `MONAT`,`cu`.`USKURZZ` AS `USKURZZ`,`tk`.`ATTVALUE` AS `TKUG` from ((`CCCAL` `cal` left join `CCUS` `cu` on((1 = 1))) left join `CCVUILRATE` `tk` on(((`tk`.`USKURZZ` = `cu`.`USKURZZ`) and (`tk`.`ATTNAME` = 'TARKLASS')))) */;

--
-- Final view structure for view `CCVTKUJ`
--

/*!50001 DROP VIEW IF EXISTS `CCVTKUJ`*/;
/*!50001 CREATE ALGORITHM=UNDEFINED */
/*!50013 DEFINER=`root`@`10.0.2.2` SQL SECURITY DEFINER */
/*!50001 VIEW `CCVTKUJ` AS select `cal`.`JAHR` AS `JAHR`,`cal`.`MONAT` AS `MONAT`,`cu`.`USKURZZ` AS `USKURZZ`,`tk`.`ATTVALUE` AS `TKUJ` from ((`CCCAL` `cal` left join `CCUS` `cu` on((1 = 1))) left join `CCVUILRATE` `tk` on(((`tk`.`USKURZZ` = `cu`.`USKURZZ`) and (`tk`.`ATTNAME` = convert(concat('TARKLASS',substr(concat('0000',`cal`.`JAHR`),-(4),4)) using utf8))))) */;

--
-- Final view structure for view `CCVTKUM`
--

/*!50001 DROP VIEW IF EXISTS `CCVTKUM`*/;
/*!50001 CREATE ALGORITHM=UNDEFINED */
/*!50013 DEFINER=`root`@`10.0.2.2` SQL SECURITY DEFINER */
/*!50001 VIEW `CCVTKUM` AS select `cal`.`JAHR` AS `JAHR`,`cal`.`MONAT` AS `MONAT`,`cu`.`USKURZZ` AS `USKURZZ`,`tk`.`ATTVALUE` AS `TKUM` from ((`CCCAL` `cal` left join `CCUS` `cu` on((1 = 1))) left join `CCVUILRATE` `tk` on(((`tk`.`USKURZZ` = `cu`.`USKURZZ`) and (`tk`.`ATTNAME` = convert(concat('TARKLASS',substr(concat('0000',`cal`.`JAHR`),-(4),4),substr(concat('00',`cal`.`MONAT`),-(2),2)) using utf8))))) */;

--
-- Final view structure for view `CCVUILRATE`
--

/*!50001 DROP VIEW IF EXISTS `CCVUILRATE`*/;
/*!50001 CREATE ALGORITHM=UNDEFINED */
/*!50013 DEFINER=`root`@`10.0.2.2` SQL SECURITY DEFINER */
/*!50001 VIEW `CCVUILRATE` AS select `cal`.`JAHR` AS `JAHR`,`cal`.`MONAT` AS `MONAT`,`us`.`USKURZZ` AS `USKURZZ`,`ua`.`ATTNAME` AS `ATTNAME`,`ua`.`ATTVALUE` AS `ATTVALUE` from ((`CCCAL` `cal` left join `CCVUS` `us` on((1 = 1))) left join `CCATT` `ua` on(((`ua`.`ATTARCHTYP` = 'RATE') and (`ua`.`ATTPARTYPE` = 'CCUS') and (`ua`.`ATTPARKURZ` = `us`.`USKURZZ`)))) */;

--
-- Final view structure for view `CCVUS`
--

/*!50001 DROP VIEW IF EXISTS `CCVUS`*/;
/*!50001 CREATE ALGORITHM=UNDEFINED */
/*!50013 DEFINER=`root`@`10.0.2.2` SQL SECURITY DEFINER */
/*!50001 VIEW `CCVUS` AS select `us`.`USKURZZ` AS `USKURZZ`,`us`.`USVORNAME` AS `USVORNAME`,`us`.`USFAMILIENNAME` AS `USFAMILIENNAME`,`us`.`USZPVFSART_CCFS` AS `USZPVFSART_CCFS`,`us`.`USZPVFS` AS `USZPVFS`,`us`.`USWIKIPAGENAME` AS `USWIKIPAGENAME`,`us`.`USWIKIPAGEURL` AS `USWIKIPAGEURL`,`us`.`USSTATUSCCUSTAT` AS `USSTATUSCCUSTAT`,substr((select `mk`.`MAXKST` from `CCVUSMAXKST` `mk` where (`mk`.`USKURZZ` = `us`.`USKURZZ`)),7,6) AS `KST`,(case when (substr(substr((select `mk`.`MAXKST` from `CCVUSMAXKST` `mk` where (`mk`.`USKURZZ` = `us`.`USKURZZ`)),7,6),1,1) between '0' and '9') then 'INT' else 'EXT' end) AS `INTEXT`,(select `eml`.`ATTVALUE` from `CCATT` `eml` where ((`eml`.`ATTARCHTYP` = 'USEMAIL') and (`eml`.`ATTPARTYPE` = 'CCUS') and (`eml`.`ATTNAME` = 'EMAIL') and (`eml`.`ATTPARKURZ` = `us`.`USKURZZ`))) AS `EMAIL` from `CCUS` `us` */;

--
-- Final view structure for view `CCVUSALLKST`
--

/*!50001 DROP VIEW IF EXISTS `CCVUSALLKST`*/;
/*!50001 CREATE ALGORITHM=UNDEFINED */
/*!50013 DEFINER=`root`@`10.0.2.2` SQL SECURITY DEFINER */
/*!50001 VIEW `CCVUSALLKST` AS select distinct `CCVILV`.`USKURZZ` AS `USKURZZ`,concat(`CCVILV`.`jahr`,substr(concat('00',`CCVILV`.`monat`),-(2),2),`CCVILV`.`kst`) AS `JMK`,`CCVILV`.`kst` AS `KST` from `CCVILV` */;

--
-- Final view structure for view `CCVUSMAXKST`
--

/*!50001 DROP VIEW IF EXISTS `CCVUSMAXKST`*/;
/*!50001 CREATE ALGORITHM=UNDEFINED */
/*!50013 DEFINER=`root`@`10.0.2.2` SQL SECURITY DEFINER */
/*!50001 VIEW `CCVUSMAXKST` AS select `CCVUSALLKST`.`USKURZZ` AS `USKURZZ`,max(`CCVUSALLKST`.`JMK`) AS `MAXKST` from `CCVUSALLKST` group by `CCVUSALLKST`.`USKURZZ` order by `CCVUSALLKST`.`USKURZZ` */;

--
-- Final view structure for view `CCVWFPENDINST`
--

/*!50001 DROP VIEW IF EXISTS `CCVWFPENDINST`*/;
/*!50001 CREATE ALGORITHM=UNDEFINED */
/*!50013 DEFINER=`root`@`10.0.2.2` SQL SECURITY DEFINER */
/*!50001 VIEW `CCVWFPENDINST` AS select `us`.`USKURZZ` AS `USKURZZ`,`gp`.`GRPID` AS `GRPID`,`qa`.`QUEID` AS `QUEID`,`wfi`.`WFID` AS `WFID`,`wfi`.`WFINSTID` AS `WFINSTID`,`wfi`.`WFITITLE` AS `WFITITLE`,`wfi`.`WFSTATE` AS `WFSTATE` from (((((`CCUS` `us` left join `CCUSAS` `ua` on((`ua`.`USKURZZ` = `us`.`USKURZZ`))) left join `CCGRP` `gp` on((`gp`.`GRPID` = `ua`.`GRP`))) left join `CCWFQGA` `ga` on((`ga`.`GRPID` = `gp`.`GRPID`))) left join `CCWFSTAQUE` `qa` on((`qa`.`QUEID` = `ga`.`QUEID`))) left join `CCWFINST` `wfi` on(((`wfi`.`WFID` = `qa`.`WFID`) and (`wfi`.`WFSTATE` = `qa`.`WFSTA`)))) */;

--
-- Final view structure for view `CCVZPI2017TASKS`
--

/*!50001 DROP VIEW IF EXISTS `CCVZPI2017TASKS`*/;
/*!50001 CREATE ALGORITHM=UNDEFINED */
/*!50013 DEFINER=`root`@`10.0.2.2` SQL SECURITY DEFINER */
/*!50001 VIEW `CCVZPI2017TASKS` AS select (select concat(`us`.`USVORNAME`,' ',`us`.`USFAMILIENNAME`) from `CCUS` `us` where (`us`.`USKURZZ` = convert(`t`.`TASKRESP` using utf8))) AS `Name`,(select `vor`.`TASKNAME` from `CCTASK` `vor` where (`vor`.`TASKID` = (select `par`.`PARENTID` from `CCTASK` `par` where (`par`.`TASKID` = `t`.`PARENTID`) limit 1)) limit 1) AS `Vorhaben`,(select `par`.`TASKNAME` from `CCTASK` `par` where (`par`.`TASKID` = `t`.`PARENTID`) limit 1) AS `Arbeitspaket`,concat(`t`.`TASKNAME`) AS `Aufgabe`,ceiling(`t`.`ESTEFFPH`) AS `Planstunden`,concat(`t`.`PSPCODE`) AS `PSP_ELEMENT` from `CCTASK` `t` where ((`t`.`PROJECT` = 'ZPI2017') and (`t`.`TASKTYPE` = 'TASK') and (`t`.`TASKRESP` is not null)) order by `t`.`TASKRESP`,`t`.`PSPCODE` */;

--
-- Current Database: `mysql`
--

USE `mysql`;


